-- Table structure for table `jb_jobs_categories`
--

CREATE TABLE `jb_jobs_categories` (
  `job_id` int unsigned NOT NULL,
  `category_id` int unsigned NOT NULL
) ENGINE=InnoDB DEFAULT CHARSET=utf8mb4 COLLATE=utf8mb4_unicode_ci;

--
-- Dumping data for table `jb_jobs_categories`
--

INSERT INTO `jb_jobs_categories` VALUES (1,1),(1,2),(1,9),(2,1),(2,1),(2,9),(3,1),(3,2),(3,10),(4,1),(4,5),(4,10),(5,1),(5,1),(5,7),(6,1),(6,2),(6,7),(7,1),(7,2),(7,6),(8,1),(8,3),(8,6),(9,1),(9,1),(9,7),(10,1),(10,3),(10,10),(11,1),(11,1),(11,8),(12,1),(12,5),(12,6),(13,1),(13,4),(13,6),(14,1),(14,3),(14,7),(15,1),(15,4),(15,9),(16,1),(16,5),(16,9),(17,1),(17,1),(17,7),(18,1),(18,1),(18,8),(19,1),(19,2),(19,6),(20,1),(20,1),(20,9),(21,1),(21,4),(21,7),(22,1),(22,3),(22,6),(23,1),(23,2),(23,7),(24,1),(24,1),(24,10),(25,1),(25,2),(25,9),(26,1),(26,1),(26,9),(27,1),(27,2),(27,6),(28,1),(28,3),(28,9),(29,1),(29,1),(29,10),(30,1),(30,4),(30,7),(31,1),(31,4),(31,10),(32,1),(32,3),(32,6),(33,1),(33,1),(33,9),(34,1),(34,2),(34,8),(35,1),(35,3),(35,8),(36,1),(36,3),(36,7),(37,1),(37,4),(37,9),(38,1),(38,5),(38,7),(39,1),(39,5),(39,8),(40,1),(40,5),(40,8),(41,1),(41,3),(41,6),(42,1),(42,5),(42,9),(43,1),(43,4),(43,9),(44,1),(44,3),(44,7),(45,1),(45,1),(45,7),(46,1),(46,3),(46,7),(47,1),(47,4),(47,7),(48,1),(48,2),(48,9),(49,1),(49,2),(49,7),(50,1),(50,1),(50,9),(51,1),(51,3),(51,7);

--
-- Table structure for table `jb_jobs_skills`
--

CREATE TABLE `jb_jobs_skills` (
  `job_id` int unsigned NOT NULL,
  `job_skill_id` int unsigned NOT NULL
) ENGINE=InnoDB DEFAULT CHARSET=utf8mb4 COLLATE=utf8mb4_unicode_ci;

--
-- Dumping data for table `jb_jobs_skills`
--

INSERT INTO `jb_jobs_skills` VALUES (1,4),(2,6),(3,1),(4,1),(5,1),(6,6),(7,4),(8,3),(9,1),(10,1),(11,5),(12,3),(13,2),(14,1),(15,3),(16,5),(17,1),(18,3),(19,6),(20,2),(21,6),(22,6),(23,1),(24,6),(25,2),(26,3),(27,3),(28,4),(29,4),(30,3),(31,5),(32,5),(33,6),(34,4),(35,3),(36,2),(37,3),(38,5),(39,4),(40,2),(41,6),(42,4),(43,5),(44,5),(45,1),(46,5),(47,4),(48,6),(49,5),(50,2),(51,1);

--
-- Table structure for table `jb_jobs_tags`
--

CREATE TABLE `jb_jobs_tags` (
  `job_id` int unsigned NOT NULL,
  `tag_id` int unsigned NOT NULL,
  PRIMARY KEY (`job_id`,`tag_id`),
  KEY `jb_jobs_tags_job_id_index` (`job_id`),
  KEY `jb_jobs_tags_tag_id_index` (`tag_id`)
) ENGINE=InnoDB DEFAULT CHARSET=utf8mb4 COLLATE=utf8mb4_unicode_ci;

--
-- Dumping data for table `jb_jobs_tags`
--

INSERT INTO `jb_jobs_tags` VALUES (1,4),(1,6),(2,4),(2,6),(3,3),(3,5),(4,3),(4,5),(5,2),(5,8),(6,4),(6,5),(7,2),(7,5),(8,1),(8,8),(9,1),(9,7),(10,4),(10,5),(11,1),(11,8),(12,1),(12,5),(13,4),(13,6),(14,4),(14,7),(15,4),(15,7),(16,2),(16,8),(17,4),(17,5),(18,3),(18,6),(19,3),(19,6),(20,3),(20,8),(21,4),(21,6),(22,4),(22,8),(23,4),(23,5),(24,2),(24,6),(25,4),(25,5),(26,1),(26,6),(27,2),(27,5),(28,3),(28,8),(29,1),(29,7),(30,1),(30,7),(31,2),(31,5),(32,2),(32,5),(33,4),(33,8),(34,2),(34,8),(35,3),(35,8),(36,2),(36,8),(37,2),(37,8),(38,3),(38,5),(39,4),(39,5),(40,1),(40,6),(41,4),(41,8),(42,2),(42,6),(43,4),(43,8),(44,1),(44,5),(45,1),(45,5),(46,2),(46,8),(47,4),(47,6),(48,2),(48,7),(49,4),(49,6),(50,1),(50,5),(51,1),(51,7);

--
-- Table structure for table `jb_jobs_translations`
--

CREATE TABLE `jb_jobs_translations` (
  `lang_code` varchar(191) COLLATE utf8mb4_unicode_ci NOT NULL,
  `jb_jobs_id` int NOT NULL,
  `name` varchar(255) COLLATE utf8mb4_unicode_ci DEFAULT NULL,
  `description` varchar(400) COLLATE utf8mb4_unicode_ci DEFAULT NULL,
  `content` longtext COLLATE utf8mb4_unicode_ci,
  PRIMARY KEY (`lang_code`,`jb_jobs_id`)
) ENGINE=InnoDB DEFAULT CHARSET=utf8mb4 COLLATE=utf8mb4_unicode_ci;

--
-- Dumping data for table `jb_jobs_translations`
--

INSERT INTO `jb_jobs_translations` VALUES ('vi',1,'Thiết kế UI / UX','Neque possimus excepturi nobis enim sint. Animi rerum molestiae sint rerum commodi dignissimos. Voluptatem nemo soluta doloribus molestiae ad. Aut aut amet totam incidunt quos architecto.','<h5> Trách nhiệm </h5>\n            <div>\n                <p>Với tư cách là Nhà thiết kế sản phẩm, bạn sẽ làm việc trong Nhóm phân phối sản phẩm kết hợp với UX, kỹ thuật, sản phẩm và tài năng dữ liệu. </p>\n                <ul>\n                    <li>Có kiến thức vững chắc về các hoạt động thương mại. </li>\n                    <li>Xây dựng các ứng dụng web thế hệ tiếp theo tập trung vào phía khách hàng </li>\n                    <li>Làm việc trên nhiều dự án cùng một lúc và luôn đáp ứng các thời hạn dự thảo </li>\n                    <li>Đã tốt nghiệp hoặc đang trong bất kỳ năm học nào </li>\n                    <li>Chỉnh sửa công việc của các nhà thiết kế trước để tạo ra một thẩm mỹ thống nhất cho các vật liệu thương hiệu của chúng tôi </li>\n                </ul>\n            </div>\n            <h5> Chứng chỉ </h5>\n            <div>\n                <ul>\n                    <li>B.C.A / M.C.A trong khoá học của Đại học Quốc gia đã hoàn thành. </li>\n                    <li>3 năm kinh nghiệm thiết kế chuyên nghiệp trở lên </li>\n                    <li>Đã tốt nghiệp hoặc đang trong bất kỳ năm học nào </li>\n                    <li>Bằng cấp cao hoặc kinh nghiệm tương đương trong thiết kế đồ họa và web </li>\n                </ul>\n            </div>'),('vi',2,'Lập trình viên full stack','Sit et voluptatem non tempore. Fuga eum quisquam deserunt ipsam. Pariatur cumque illum aliquid sint iusto ut ab.','<h5> Trách nhiệm </h5>\n            <div>\n                <p>Với tư cách là Nhà thiết kế sản phẩm, bạn sẽ làm việc trong Nhóm phân phối sản phẩm kết hợp với UX, kỹ thuật, sản phẩm và tài năng dữ liệu. </p>\n                <ul>\n                    <li>Có kiến thức vững chắc về các hoạt động thương mại. </li>\n                    <li>Xây dựng các ứng dụng web thế hệ tiếp theo tập trung vào phía khách hàng </li>\n                    <li>Làm việc trên nhiều dự án cùng một lúc và luôn đáp ứng các thời hạn dự thảo </li>\n                    <li>Đã tốt nghiệp hoặc đang trong bất kỳ năm học nào </li>\n                    <li>Chỉnh sửa công việc của các nhà thiết kế trước để tạo ra một thẩm mỹ thống nhất cho các vật liệu thương hiệu của chúng tôi </li>\n                </ul>\n            </div>\n            <h5> Chứng chỉ </h5>\n            <div>\n                <ul>\n                    <li>B.C.A / M.C.A trong khoá học của Đại học Quốc gia đã hoàn thành. </li>\n                    <li>3 năm kinh nghiệm thiết kế chuyên nghiệp trở lên </li>\n                    <li>Đã tốt nghiệp hoặc đang trong bất kỳ năm học nào </li>\n                    <li>Bằng cấp cao hoặc kinh nghiệm tương đương trong thiết kế đồ họa và web </li>\n                </ul>\n            </div>'),('vi',3,'Lập trình viên Java','Rerum atque numquam iusto error repellendus necessitatibus quos. Provident sint aut soluta. Tempore ea voluptatem ea.','<h5> Trách nhiệm </h5>\n            <div>\n                <p>Với tư cách là Nhà thiết kế sản phẩm, bạn sẽ làm việc trong Nhóm phân phối sản phẩm kết hợp với UX, kỹ thuật, sản phẩm và tài năng dữ liệu. </p>\n                <ul>\n                    <li>Có kiến thức vững chắc về các hoạt động thương mại. </li>\n                    <li>Xây dựng các ứng dụng web thế hệ tiếp theo tập trung vào phía khách hàng </li>\n                    <li>Làm việc trên nhiều dự án cùng một lúc và luôn đáp ứng các thời hạn dự thảo </li>\n                    <li>Đã tốt nghiệp hoặc đang trong bất kỳ năm học nào </li>\n                    <li>Chỉnh sửa công việc của các nhà thiết kế trước để tạo ra một thẩm mỹ thống nhất cho các vật liệu thương hiệu của chúng tôi </li>\n                </ul>\n            </div>\n            <h5> Chứng chỉ </h5>\n            <div>\n                <ul>\n                    <li>B.C.A / M.C.A trong khoá học của Đại học Quốc gia đã hoàn thành. </li>\n                    <li>3 năm kinh nghiệm thiết kế chuyên nghiệp trở lên </li>\n                    <li>Đã tốt nghiệp hoặc đang trong bất kỳ năm học nào </li>\n                    <li>Bằng cấp cao hoặc kinh nghiệm tương đương trong thiết kế đồ họa và web </li>\n                </ul>\n            </div>'),('vi',4,'Quản lý tiếp thị online','Autem necessitatibus qui qui. Debitis suscipit enim vero dignissimos ut est sapiente corporis.','<h5> Trách nhiệm </h5>\n            <div>\n                <p>Với tư cách là Nhà thiết kế sản phẩm, bạn sẽ làm việc trong Nhóm phân phối sản phẩm kết hợp với UX, kỹ thuật, sản phẩm và tài năng dữ liệu. </p>\n                <ul>\n                    <li>Có kiến thức vững chắc về các hoạt động thương mại. </li>\n                    <li>Xây dựng các ứng dụng web thế hệ tiếp theo tập trung vào phía khách hàng </li>\n                    <li>Làm việc trên nhiều dự án cùng một lúc và luôn đáp ứng các thời hạn dự thảo </li>\n                    <li>Đã tốt nghiệp hoặc đang trong bất kỳ năm học nào </li>\n                    <li>Chỉnh sửa công việc của các nhà thiết kế trước để tạo ra một thẩm mỹ thống nhất cho các vật liệu thương hiệu của chúng tôi </li>\n                </ul>\n            </div>\n            <h5> Chứng chỉ </h5>\n            <div>\n                <ul>\n                    <li>B.C.A / M.C.A trong khoá học của Đại học Quốc gia đã hoàn thành. </li>\n                    <li>3 năm kinh nghiệm thiết kế chuyên nghiệp trở lên </li>\n                    <li>Đã tốt nghiệp hoặc đang trong bất kỳ năm học nào </li>\n                    <li>Bằng cấp cao hoặc kinh nghiệm tương đương trong thiết kế đồ họa và web </li>\n                </ul>\n            </div>'),('vi',5,'Lập trình viên frontend','Et est consequatur vel et temporibus. Fuga sit maxime quisquam blanditiis consequatur et vel. Voluptatum incidunt qui placeat velit quae. Earum non sint ab et magnam.','<h5> Trách nhiệm </h5>\n            <div>\n                <p>Với tư cách là Nhà thiết kế sản phẩm, bạn sẽ làm việc trong Nhóm phân phối sản phẩm kết hợp với UX, kỹ thuật, sản phẩm và tài năng dữ liệu. </p>\n                <ul>\n                    <li>Có kiến thức vững chắc về các hoạt động thương mại. </li>\n                    <li>Xây dựng các ứng dụng web thế hệ tiếp theo tập trung vào phía khách hàng </li>\n                    <li>Làm việc trên nhiều dự án cùng một lúc và luôn đáp ứng các thời hạn dự thảo </li>\n                    <li>Đã tốt nghiệp hoặc đang trong bất kỳ năm học nào </li>\n                    <li>Chỉnh sửa công việc của các nhà thiết kế trước để tạo ra một thẩm mỹ thống nhất cho các vật liệu thương hiệu của chúng tôi </li>\n                </ul>\n            </div>\n            <h5> Chứng chỉ </h5>\n            <div>\n                <ul>\n                    <li>B.C.A / M.C.A trong khoá học của Đại học Quốc gia đã hoàn thành. </li>\n                    <li>3 năm kinh nghiệm thiết kế chuyên nghiệp trở lên </li>\n                    <li>Đã tốt nghiệp hoặc đang trong bất kỳ năm học nào </li>\n                    <li>Bằng cấp cao hoặc kinh nghiệm tương đương trong thiết kế đồ họa và web </li>\n                </ul>\n            </div>'),('vi',6,'Lập trình viên React Native','Velit aut reiciendis quibusdam totam. Labore autem ut maiores quo. Ut aut et laudantium numquam.','<h5> Trách nhiệm </h5>\n            <div>\n                <p>Với tư cách là Nhà thiết kế sản phẩm, bạn sẽ làm việc trong Nhóm phân phối sản phẩm kết hợp với UX, kỹ thuật, sản phẩm và tài năng dữ liệu. </p>\n                <ul>\n                    <li>Có kiến thức vững chắc về các hoạt động thương mại. </li>\n                    <li>Xây dựng các ứng dụng web thế hệ tiếp theo tập trung vào phía khách hàng </li>\n                    <li>Làm việc trên nhiều dự án cùng một lúc và luôn đáp ứng các thời hạn dự thảo </li>\n                    <li>Đã tốt nghiệp hoặc đang trong bất kỳ năm học nào </li>\n                    <li>Chỉnh sửa công việc của các nhà thiết kế trước để tạo ra một thẩm mỹ thống nhất cho các vật liệu thương hiệu của chúng tôi </li>\n                </ul>\n            </div>\n            <h5> Chứng chỉ </h5>\n            <div>\n                <ul>\n                    <li>B.C.A / M.C.A trong khoá học của Đại học Quốc gia đã hoàn thành. </li>\n                    <li>3 năm kinh nghiệm thiết kế chuyên nghiệp trở lên </li>\n                    <li>Đã tốt nghiệp hoặc đang trong bất kỳ năm học nào </li>\n                    <li>Bằng cấp cao hoặc kinh nghiệm tương đương trong thiết kế đồ họa và web </li>\n                </ul>\n            </div>'),('vi',7,'Senior kỹ sư hệ thống','Minima fugit ad cum. Omnis voluptate eum accusantium qui ut assumenda. Labore temporibus veniam voluptatem consequatur. Ut eos dolor harum reiciendis.','<h5> Trách nhiệm </h5>\n            <div>\n                <p>Với tư cách là Nhà thiết kế sản phẩm, bạn sẽ làm việc trong Nhóm phân phối sản phẩm kết hợp với UX, kỹ thuật, sản phẩm và tài năng dữ liệu. </p>\n                <ul>\n                    <li>Có kiến thức vững chắc về các hoạt động thương mại. </li>\n                    <li>Xây dựng các ứng dụng web thế hệ tiếp theo tập trung vào phía khách hàng </li>\n                    <li>Làm việc trên nhiều dự án cùng một lúc và luôn đáp ứng các thời hạn dự thảo </li>\n                    <li>Đã tốt nghiệp hoặc đang trong bất kỳ năm học nào </li>\n                    <li>Chỉnh sửa công việc của các nhà thiết kế trước để tạo ra một thẩm mỹ thống nhất cho các vật liệu thương hiệu của chúng tôi </li>\n                </ul>\n            </div>\n            <h5> Chứng chỉ </h5>\n            <div>\n                <ul>\n                    <li>B.C.A / M.C.A trong khoá học của Đại học Quốc gia đã hoàn thành. </li>\n                    <li>3 năm kinh nghiệm thiết kế chuyên nghiệp trở lên </li>\n                    <li>Đã tốt nghiệp hoặc đang trong bất kỳ năm học nào </li>\n                    <li>Bằng cấp cao hoặc kinh nghiệm tương đương trong thiết kế đồ họa và web </li>\n                </ul>\n            </div>'),('vi',8,'Quản lý sản phẩm','Et possimus sunt nemo alias. Qui repellat illo maiores vitae aliquid aspernatur rerum. Quaerat deserunt dolores assumenda ut.','<h5> Trách nhiệm </h5>\n            <div>\n                <p>Với tư cách là Nhà thiết kế sản phẩm, bạn sẽ làm việc trong Nhóm phân phối sản phẩm kết hợp với UX, kỹ thuật, sản phẩm và tài năng dữ liệu. </p>\n                <ul>\n                    <li>Có kiến thức vững chắc về các hoạt động thương mại. </li>\n                    <li>Xây dựng các ứng dụng web thế hệ tiếp theo tập trung vào phía khách hàng </li>\n                    <li>Làm việc trên nhiều dự án cùng một lúc và luôn đáp ứng các thời hạn dự thảo </li>\n                    <li>Đã tốt nghiệp hoặc đang trong bất kỳ năm học nào </li>\n                    <li>Chỉnh sửa công việc của các nhà thiết kế trước để tạo ra một thẩm mỹ thống nhất cho các vật liệu thương hiệu của chúng tôi </li>\n                </ul>\n            </div>\n            <h5> Chứng chỉ </h5>\n            <div>\n                <ul>\n                    <li>B.C.A / M.C.A trong khoá học của Đại học Quốc gia đã hoàn thành. </li>\n                    <li>3 năm kinh nghiệm thiết kế chuyên nghiệp trở lên </li>\n                    <li>Đã tốt nghiệp hoặc đang trong bất kỳ năm học nào </li>\n                    <li>Bằng cấp cao hoặc kinh nghiệm tương đương trong thiết kế đồ họa và web </li>\n                </ul>\n            </div>'),('vi',9,'Nhà thiết kế hệ thống','Sed voluptatem dolorem impedit est. Eligendi aut voluptate cum perspiciatis et voluptates qui sint. Vel quod ea amet delectus.','<h5> Trách nhiệm </h5>\n            <div>\n                <p>Với tư cách là Nhà thiết kế sản phẩm, bạn sẽ làm việc trong Nhóm phân phối sản phẩm kết hợp với UX, kỹ thuật, sản phẩm và tài năng dữ liệu. </p>\n                <ul>\n                    <li>Có kiến thức vững chắc về các hoạt động thương mại. </li>\n                    <li>Xây dựng các ứng dụng web thế hệ tiếp theo tập trung vào phía khách hàng </li>\n                    <li>Làm việc trên nhiều dự án cùng một lúc và luôn đáp ứng các thời hạn dự thảo </li>\n                    <li>Đã tốt nghiệp hoặc đang trong bất kỳ năm học nào </li>\n                    <li>Chỉnh sửa công việc của các nhà thiết kế trước để tạo ra một thẩm mỹ thống nhất cho các vật liệu thương hiệu của chúng tôi </li>\n                </ul>\n            </div>\n            <h5> Chứng chỉ </h5>\n            <div>\n                <ul>\n                    <li>B.C.A / M.C.A trong khoá học của Đại học Quốc gia đã hoàn thành. </li>\n                    <li>3 năm kinh nghiệm thiết kế chuyên nghiệp trở lên </li>\n                    <li>Đã tốt nghiệp hoặc đang trong bất kỳ năm học nào </li>\n                    <li>Bằng cấp cao hoặc kinh nghiệm tương đương trong thiết kế đồ họa và web </li>\n                </ul>\n            </div>'),('vi',10,'Kiến trúc sư DevOps','Suscipit excepturi est quo. Dolore qui et occaecati ut. Molestiae tenetur culpa expedita excepturi et. Quasi voluptatibus repudiandae perspiciatis doloremque officiis temporibus.','<h5> Trách nhiệm </h5>\n            <div>\n                <p>Với tư cách là Nhà thiết kế sản phẩm, bạn sẽ làm việc trong Nhóm phân phối sản phẩm kết hợp với UX, kỹ thuật, sản phẩm và tài năng dữ liệu. </p>\n                <ul>\n                    <li>Có kiến thức vững chắc về các hoạt động thương mại. </li>\n                    <li>Xây dựng các ứng dụng web thế hệ tiếp theo tập trung vào phía khách hàng </li>\n                    <li>Làm việc trên nhiều dự án cùng một lúc và luôn đáp ứng các thời hạn dự thảo </li>\n                    <li>Đã tốt nghiệp hoặc đang trong bất kỳ năm học nào </li>\n                    <li>Chỉnh sửa công việc của các nhà thiết kế trước để tạo ra một thẩm mỹ thống nhất cho các vật liệu thương hiệu của chúng tôi </li>\n                </ul>\n            </div>\n            <h5> Chứng chỉ </h5>\n            <div>\n                <ul>\n                    <li>B.C.A / M.C.A trong khoá học của Đại học Quốc gia đã hoàn thành. </li>\n                    <li>3 năm kinh nghiệm thiết kế chuyên nghiệp trở lên </li>\n                    <li>Đã tốt nghiệp hoặc đang trong bất kỳ năm học nào </li>\n                    <li>Bằng cấp cao hoặc kinh nghiệm tương đương trong thiết kế đồ họa và web </li>\n                </ul>\n            </div>'),('vi',11,'Kỹ sư phần mềm cao cấp, npm CLI','Tempora enim ab et sunt quia vel. Enim autem minus et est.','<h5> Trách nhiệm </h5>\n            <div>\n                <p>Với tư cách là Nhà thiết kế sản phẩm, bạn sẽ làm việc trong Nhóm phân phối sản phẩm kết hợp với UX, kỹ thuật, sản phẩm và tài năng dữ liệu. </p>\n                <ul>\n                    <li>Có kiến thức vững chắc về các hoạt động thương mại. </li>\n                    <li>Xây dựng các ứng dụng web thế hệ tiếp theo tập trung vào phía khách hàng </li>\n                    <li>Làm việc trên nhiều dự án cùng một lúc và luôn đáp ứng các thời hạn dự thảo </li>\n                    <li>Đã tốt nghiệp hoặc đang trong bất kỳ năm học nào </li>\n                    <li>Chỉnh sửa công việc của các nhà thiết kế trước để tạo ra một thẩm mỹ thống nhất cho các vật liệu thương hiệu của chúng tôi </li>\n                </ul>\n            </div>\n            <h5> Chứng chỉ </h5>\n            <div>\n                <ul>\n                    <li>B.C.A / M.C.A trong khoá học của Đại học Quốc gia đã hoàn thành. </li>\n                    <li>3 năm kinh nghiệm thiết kế chuyên nghiệp trở lên </li>\n                    <li>Đã tốt nghiệp hoặc đang trong bất kỳ năm học nào </li>\n                    <li>Bằng cấp cao hoặc kinh nghiệm tương đương trong thiết kế đồ họa và web </li>\n                </ul>\n            </div>'),('vi',12,'Kỹ sư hệ thống cao cấp','Non exercitationem doloremque eos non sed maxime voluptatem ea. Sunt molestias voluptas error a quia veritatis itaque similique. Incidunt quasi qui quas vitae enim tempore.','<h5> Trách nhiệm </h5>\n            <div>\n                <p>Với tư cách là Nhà thiết kế sản phẩm, bạn sẽ làm việc trong Nhóm phân phối sản phẩm kết hợp với UX, kỹ thuật, sản phẩm và tài năng dữ liệu. </p>\n                <ul>\n                    <li>Có kiến thức vững chắc về các hoạt động thương mại. </li>\n                    <li>Xây dựng các ứng dụng web thế hệ tiếp theo tập trung vào phía khách hàng </li>\n                    <li>Làm việc trên nhiều dự án cùng một lúc và luôn đáp ứng các thời hạn dự thảo </li>\n                    <li>Đã tốt nghiệp hoặc đang trong bất kỳ năm học nào </li>\n                    <li>Chỉnh sửa công việc của các nhà thiết kế trước để tạo ra một thẩm mỹ thống nhất cho các vật liệu thương hiệu của chúng tôi </li>\n                </ul>\n            </div>\n            <h5> Chứng chỉ </h5>\n            <div>\n                <ul>\n                    <li>B.C.A / M.C.A trong khoá học của Đại học Quốc gia đã hoàn thành. </li>\n                    <li>3 năm kinh nghiệm thiết kế chuyên nghiệp trở lên </li>\n                    <li>Đã tốt nghiệp hoặc đang trong bất kỳ năm học nào </li>\n                    <li>Bằng cấp cao hoặc kinh nghiệm tương đương trong thiết kế đồ họa và web </li>\n                </ul>\n            </div>'),('vi',13,'Kỹ sư phần mềm nền tảng hành động','Ab et quas tenetur officia minima. Rerum qui unde libero eos pariatur deleniti excepturi. Modi deserunt eligendi velit veritatis.','<h5> Trách nhiệm </h5>\n            <div>\n                <p>Với tư cách là Nhà thiết kế sản phẩm, bạn sẽ làm việc trong Nhóm phân phối sản phẩm kết hợp với UX, kỹ thuật, sản phẩm và tài năng dữ liệu. </p>\n                <ul>\n                    <li>Có kiến thức vững chắc về các hoạt động thương mại. </li>\n                    <li>Xây dựng các ứng dụng web thế hệ tiếp theo tập trung vào phía khách hàng </li>\n                    <li>Làm việc trên nhiều dự án cùng một lúc và luôn đáp ứng các thời hạn dự thảo </li>\n                    <li>Đã tốt nghiệp hoặc đang trong bất kỳ năm học nào </li>\n                    <li>Chỉnh sửa công việc của các nhà thiết kế trước để tạo ra một thẩm mỹ thống nhất cho các vật liệu thương hiệu của chúng tôi </li>\n                </ul>\n            </div>\n            <h5> Chứng chỉ </h5>\n            <div>\n                <ul>\n                    <li>B.C.A / M.C.A trong khoá học của Đại học Quốc gia đã hoàn thành. </li>\n                    <li>3 năm kinh nghiệm thiết kế chuyên nghiệp trở lên </li>\n                    <li>Đã tốt nghiệp hoặc đang trong bất kỳ năm học nào </li>\n                    <li>Bằng cấp cao hoặc kinh nghiệm tương đương trong thiết kế đồ họa và web </li>\n                </ul>\n            </div>'),('vi',14,'Nhân viên Quản lý Kỹ thuật, Actions','Quasi quia adipisci et non voluptas sed iste. Qui id quae accusantium sunt consequatur neque. Provident officiis ullam quod.','<h5> Trách nhiệm </h5>\n            <div>\n                <p>Với tư cách là Nhà thiết kế sản phẩm, bạn sẽ làm việc trong Nhóm phân phối sản phẩm kết hợp với UX, kỹ thuật, sản phẩm và tài năng dữ liệu. </p>\n                <ul>\n                    <li>Có kiến thức vững chắc về các hoạt động thương mại. </li>\n                    <li>Xây dựng các ứng dụng web thế hệ tiếp theo tập trung vào phía khách hàng </li>\n                    <li>Làm việc trên nhiều dự án cùng một lúc và luôn đáp ứng các thời hạn dự thảo </li>\n                    <li>Đã tốt nghiệp hoặc đang trong bất kỳ năm học nào </li>\n                    <li>Chỉnh sửa công việc của các nhà thiết kế trước để tạo ra một thẩm mỹ thống nhất cho các vật liệu thương hiệu của chúng tôi </li>\n                </ul>\n            </div>\n            <h5> Chứng chỉ </h5>\n            <div>\n                <ul>\n                    <li>B.C.A / M.C.A trong khoá học của Đại học Quốc gia đã hoàn thành. </li>\n                    <li>3 năm kinh nghiệm thiết kế chuyên nghiệp trở lên </li>\n                    <li>Đã tốt nghiệp hoặc đang trong bất kỳ năm học nào </li>\n                    <li>Bằng cấp cao hoặc kinh nghiệm tương đương trong thiết kế đồ họa và web </li>\n                </ul>\n            </div>'),('vi',15,'Nhân viên Quản lý Kỹ thuật: Actions Runtime','Velit voluptates illum qui doloribus magnam. Molestias qui sit reprehenderit consequuntur.','<h5> Trách nhiệm </h5>\n            <div>\n                <p>Với tư cách là Nhà thiết kế sản phẩm, bạn sẽ làm việc trong Nhóm phân phối sản phẩm kết hợp với UX, kỹ thuật, sản phẩm và tài năng dữ liệu. </p>\n                <ul>\n                    <li>Có kiến thức vững chắc về các hoạt động thương mại. </li>\n                    <li>Xây dựng các ứng dụng web thế hệ tiếp theo tập trung vào phía khách hàng </li>\n                    <li>Làm việc trên nhiều dự án cùng một lúc và luôn đáp ứng các thời hạn dự thảo </li>\n                    <li>Đã tốt nghiệp hoặc đang trong bất kỳ năm học nào </li>\n                    <li>Chỉnh sửa công việc của các nhà thiết kế trước để tạo ra một thẩm mỹ thống nhất cho các vật liệu thương hiệu của chúng tôi </li>\n                </ul>\n            </div>\n            <h5> Chứng chỉ </h5>\n            <div>\n                <ul>\n                    <li>B.C.A / M.C.A trong khoá học của Đại học Quốc gia đã hoàn thành. </li>\n                    <li>3 năm kinh nghiệm thiết kế chuyên nghiệp trở lên </li>\n                    <li>Đã tốt nghiệp hoặc đang trong bất kỳ năm học nào </li>\n                    <li>Bằng cấp cao hoặc kinh nghiệm tương đương trong thiết kế đồ họa và web </li>\n                </ul>\n            </div>'),('vi',16,'Nhân viên Trưởng phòng Kỹ thuật, Packages','Illo ut accusantium aspernatur. Vel facere et unde incidunt expedita. Omnis deserunt alias fuga voluptate.','<h5> Trách nhiệm </h5>\n            <div>\n                <p>Với tư cách là Nhà thiết kế sản phẩm, bạn sẽ làm việc trong Nhóm phân phối sản phẩm kết hợp với UX, kỹ thuật, sản phẩm và tài năng dữ liệu. </p>\n                <ul>\n                    <li>Có kiến thức vững chắc về các hoạt động thương mại. </li>\n                    <li>Xây dựng các ứng dụng web thế hệ tiếp theo tập trung vào phía khách hàng </li>\n                    <li>Làm việc trên nhiều dự án cùng một lúc và luôn đáp ứng các thời hạn dự thảo </li>\n                    <li>Đã tốt nghiệp hoặc đang trong bất kỳ năm học nào </li>\n                    <li>Chỉnh sửa công việc của các nhà thiết kế trước để tạo ra một thẩm mỹ thống nhất cho các vật liệu thương hiệu của chúng tôi </li>\n                </ul>\n            </div>\n            <h5> Chứng chỉ </h5>\n            <div>\n                <ul>\n                    <li>B.C.A / M.C.A trong khoá học của Đại học Quốc gia đã hoàn thành. </li>\n                    <li>3 năm kinh nghiệm thiết kế chuyên nghiệp trở lên </li>\n                    <li>Đã tốt nghiệp hoặc đang trong bất kỳ năm học nào </li>\n                    <li>Bằng cấp cao hoặc kinh nghiệm tương đương trong thiết kế đồ họa và web </li>\n                </ul>\n            </div>'),('vi',17,'Nhân viên Kỹ sư phần mềm','Quae unde provident at vitae ut. Impedit alias ut itaque distinctio cupiditate neque rerum magni. Fugiat deleniti similique nulla corporis qui.','<h5> Trách nhiệm </h5>\n            <div>\n                <p>Với tư cách là Nhà thiết kế sản phẩm, bạn sẽ làm việc trong Nhóm phân phối sản phẩm kết hợp với UX, kỹ thuật, sản phẩm và tài năng dữ liệu. </p>\n                <ul>\n                    <li>Có kiến thức vững chắc về các hoạt động thương mại. </li>\n                    <li>Xây dựng các ứng dụng web thế hệ tiếp theo tập trung vào phía khách hàng </li>\n                    <li>Làm việc trên nhiều dự án cùng một lúc và luôn đáp ứng các thời hạn dự thảo </li>\n                    <li>Đã tốt nghiệp hoặc đang trong bất kỳ năm học nào </li>\n                    <li>Chỉnh sửa công việc của các nhà thiết kế trước để tạo ra một thẩm mỹ thống nhất cho các vật liệu thương hiệu của chúng tôi </li>\n                </ul>\n            </div>\n            <h5> Chứng chỉ </h5>\n            <div>\n                <ul>\n                    <li>B.C.A / M.C.A trong khoá học của Đại học Quốc gia đã hoàn thành. </li>\n                    <li>3 năm kinh nghiệm thiết kế chuyên nghiệp trở lên </li>\n                    <li>Đã tốt nghiệp hoặc đang trong bất kỳ năm học nào </li>\n                    <li>Bằng cấp cao hoặc kinh nghiệm tương đương trong thiết kế đồ họa và web </li>\n                </ul>\n            </div>'),('vi',18,'Kỹ sư phần mềm hệ thống','Harum unde voluptate vero sint. At sed ullam a dignissimos suscipit. Enim suscipit aut sequi optio quam deleniti.','<h5> Trách nhiệm </h5>\n            <div>\n                <p>Với tư cách là Nhà thiết kế sản phẩm, bạn sẽ làm việc trong Nhóm phân phối sản phẩm kết hợp với UX, kỹ thuật, sản phẩm và tài năng dữ liệu. </p>\n                <ul>\n                    <li>Có kiến thức vững chắc về các hoạt động thương mại. </li>\n                    <li>Xây dựng các ứng dụng web thế hệ tiếp theo tập trung vào phía khách hàng </li>\n                    <li>Làm việc trên nhiều dự án cùng một lúc và luôn đáp ứng các thời hạn dự thảo </li>\n                    <li>Đã tốt nghiệp hoặc đang trong bất kỳ năm học nào </li>\n                    <li>Chỉnh sửa công việc của các nhà thiết kế trước để tạo ra một thẩm mỹ thống nhất cho các vật liệu thương hiệu của chúng tôi </li>\n                </ul>\n            </div>\n            <h5> Chứng chỉ </h5>\n            <div>\n                <ul>\n                    <li>B.C.A / M.C.A trong khoá học của Đại học Quốc gia đã hoàn thành. </li>\n                    <li>3 năm kinh nghiệm thiết kế chuyên nghiệp trở lên </li>\n                    <li>Đã tốt nghiệp hoặc đang trong bất kỳ năm học nào </li>\n                    <li>Bằng cấp cao hoặc kinh nghiệm tương đương trong thiết kế đồ họa và web </li>\n                </ul>\n            </div>'),('vi',19,'Chuyên viên phân tích bồi thường cao cấp','Placeat et rem rerum veritatis sunt. Et explicabo eum itaque est. Delectus molestiae eius quis ratione. Ad atque dolores dolorum error totam et. Consequuntur architecto et quis modi.','<h5> Trách nhiệm </h5>\n            <div>\n                <p>Với tư cách là Nhà thiết kế sản phẩm, bạn sẽ làm việc trong Nhóm phân phối sản phẩm kết hợp với UX, kỹ thuật, sản phẩm và tài năng dữ liệu. </p>\n                <ul>\n                    <li>Có kiến thức vững chắc về các hoạt động thương mại. </li>\n                    <li>Xây dựng các ứng dụng web thế hệ tiếp theo tập trung vào phía khách hàng </li>\n                    <li>Làm việc trên nhiều dự án cùng một lúc và luôn đáp ứng các thời hạn dự thảo </li>\n                    <li>Đã tốt nghiệp hoặc đang trong bất kỳ năm học nào </li>\n                    <li>Chỉnh sửa công việc của các nhà thiết kế trước để tạo ra một thẩm mỹ thống nhất cho các vật liệu thương hiệu của chúng tôi </li>\n                </ul>\n            </div>\n            <h5> Chứng chỉ </h5>\n            <div>\n                <ul>\n                    <li>B.C.A / M.C.A trong khoá học của Đại học Quốc gia đã hoàn thành. </li>\n                    <li>3 năm kinh nghiệm thiết kế chuyên nghiệp trở lên </li>\n                    <li>Đã tốt nghiệp hoặc đang trong bất kỳ năm học nào </li>\n                    <li>Bằng cấp cao hoặc kinh nghiệm tương đương trong thiết kế đồ họa và web </li>\n                </ul>\n            </div>'),('vi',20,'Người quản lý chương trình Accessibility cấp cao','Quia ut provident corporis. Delectus est reprehenderit quidem temporibus itaque. Dolorum deserunt a soluta totam. Repudiandae est quasi maxime et quis.','<h5> Trách nhiệm </h5>\n            <div>\n                <p>Với tư cách là Nhà thiết kế sản phẩm, bạn sẽ làm việc trong Nhóm phân phối sản phẩm kết hợp với UX, kỹ thuật, sản phẩm và tài năng dữ liệu. </p>\n                <ul>\n                    <li>Có kiến thức vững chắc về các hoạt động thương mại. </li>\n                    <li>Xây dựng các ứng dụng web thế hệ tiếp theo tập trung vào phía khách hàng </li>\n                    <li>Làm việc trên nhiều dự án cùng một lúc và luôn đáp ứng các thời hạn dự thảo </li>\n                    <li>Đã tốt nghiệp hoặc đang trong bất kỳ năm học nào </li>\n                    <li>Chỉnh sửa công việc của các nhà thiết kế trước để tạo ra một thẩm mỹ thống nhất cho các vật liệu thương hiệu của chúng tôi </li>\n                </ul>\n            </div>\n            <h5> Chứng chỉ </h5>\n            <div>\n                <ul>\n                    <li>B.C.A / M.C.A trong khoá học của Đại học Quốc gia đã hoàn thành. </li>\n                    <li>3 năm kinh nghiệm thiết kế chuyên nghiệp trở lên </li>\n                    <li>Đã tốt nghiệp hoặc đang trong bất kỳ năm học nào </li>\n                    <li>Bằng cấp cao hoặc kinh nghiệm tương đương trong thiết kế đồ họa và web </li>\n                </ul>\n            </div>'),('vi',21,'Giám đốc quan hệ phân tích, Bảo mật ứng dụng','Debitis et commodi aut saepe alias enim repellat provident. Et id velit voluptatem nemo. Quas dolor repudiandae aut. Aut nihil inventore dignissimos non voluptate.','<h5> Trách nhiệm </h5>\n            <div>\n                <p>Với tư cách là Nhà thiết kế sản phẩm, bạn sẽ làm việc trong Nhóm phân phối sản phẩm kết hợp với UX, kỹ thuật, sản phẩm và tài năng dữ liệu. </p>\n                <ul>\n                    <li>Có kiến thức vững chắc về các hoạt động thương mại. </li>\n                    <li>Xây dựng các ứng dụng web thế hệ tiếp theo tập trung vào phía khách hàng </li>\n                    <li>Làm việc trên nhiều dự án cùng một lúc và luôn đáp ứng các thời hạn dự thảo </li>\n                    <li>Đã tốt nghiệp hoặc đang trong bất kỳ năm học nào </li>\n                    <li>Chỉnh sửa công việc của các nhà thiết kế trước để tạo ra một thẩm mỹ thống nhất cho các vật liệu thương hiệu của chúng tôi </li>\n                </ul>\n            </div>\n            <h5> Chứng chỉ </h5>\n            <div>\n                <ul>\n                    <li>B.C.A / M.C.A trong khoá học của Đại học Quốc gia đã hoàn thành. </li>\n                    <li>3 năm kinh nghiệm thiết kế chuyên nghiệp trở lên </li>\n                    <li>Đã tốt nghiệp hoặc đang trong bất kỳ năm học nào </li>\n                    <li>Bằng cấp cao hoặc kinh nghiệm tương đương trong thiết kế đồ họa và web </li>\n                </ul>\n            </div>'),('vi',22,'Advocate doanh nghiệp cấp cao, EMEA','Assumenda inventore odio nostrum voluptatem voluptatem in doloribus. Nostrum autem suscipit ducimus facilis rerum quas. Eveniet quae id asperiores nam.','<h5> Trách nhiệm </h5>\n            <div>\n                <p>Với tư cách là Nhà thiết kế sản phẩm, bạn sẽ làm việc trong Nhóm phân phối sản phẩm kết hợp với UX, kỹ thuật, sản phẩm và tài năng dữ liệu. </p>\n                <ul>\n                    <li>Có kiến thức vững chắc về các hoạt động thương mại. </li>\n                    <li>Xây dựng các ứng dụng web thế hệ tiếp theo tập trung vào phía khách hàng </li>\n                    <li>Làm việc trên nhiều dự án cùng một lúc và luôn đáp ứng các thời hạn dự thảo </li>\n                    <li>Đã tốt nghiệp hoặc đang trong bất kỳ năm học nào </li>\n                    <li>Chỉnh sửa công việc của các nhà thiết kế trước để tạo ra một thẩm mỹ thống nhất cho các vật liệu thương hiệu của chúng tôi </li>\n                </ul>\n            </div>\n            <h5> Chứng chỉ </h5>\n            <div>\n                <ul>\n                    <li>B.C.A / M.C.A trong khoá học của Đại học Quốc gia đã hoàn thành. </li>\n                    <li>3 năm kinh nghiệm thiết kế chuyên nghiệp trở lên </li>\n                    <li>Đã tốt nghiệp hoặc đang trong bất kỳ năm học nào </li>\n                    <li>Bằng cấp cao hoặc kinh nghiệm tương đương trong thiết kế đồ họa và web </li>\n                </ul>\n            </div>'),('vi',23,'Quản lý bàn giao dịch','Doloremque sint vel laborum culpa sit sapiente recusandae doloremque. Et deserunt quis aliquid odio et. Rerum odio quam inventore adipisci.','<h5> Trách nhiệm </h5>\n            <div>\n                <p>Với tư cách là Nhà thiết kế sản phẩm, bạn sẽ làm việc trong Nhóm phân phối sản phẩm kết hợp với UX, kỹ thuật, sản phẩm và tài năng dữ liệu. </p>\n                <ul>\n                    <li>Có kiến thức vững chắc về các hoạt động thương mại. </li>\n                    <li>Xây dựng các ứng dụng web thế hệ tiếp theo tập trung vào phía khách hàng </li>\n                    <li>Làm việc trên nhiều dự án cùng một lúc và luôn đáp ứng các thời hạn dự thảo </li>\n                    <li>Đã tốt nghiệp hoặc đang trong bất kỳ năm học nào </li>\n                    <li>Chỉnh sửa công việc của các nhà thiết kế trước để tạo ra một thẩm mỹ thống nhất cho các vật liệu thương hiệu của chúng tôi </li>\n                </ul>\n            </div>\n            <h5> Chứng chỉ </h5>\n            <div>\n                <ul>\n                    <li>B.C.A / M.C.A trong khoá học của Đại học Quốc gia đã hoàn thành. </li>\n                    <li>3 năm kinh nghiệm thiết kế chuyên nghiệp trở lên </li>\n                    <li>Đã tốt nghiệp hoặc đang trong bất kỳ năm học nào </li>\n                    <li>Bằng cấp cao hoặc kinh nghiệm tương đương trong thiết kế đồ họa và web </li>\n                </ul>\n            </div>'),('vi',24,'Giám đốc, Bồi thường doanh thu','Animi et iusto doloribus ea dolore deserunt quod. Dicta molestias incidunt et omnis ex. Velit eum qui et commodi.','<h5> Trách nhiệm </h5>\n            <div>\n                <p>Với tư cách là Nhà thiết kế sản phẩm, bạn sẽ làm việc trong Nhóm phân phối sản phẩm kết hợp với UX, kỹ thuật, sản phẩm và tài năng dữ liệu. </p>\n                <ul>\n                    <li>Có kiến thức vững chắc về các hoạt động thương mại. </li>\n                    <li>Xây dựng các ứng dụng web thế hệ tiếp theo tập trung vào phía khách hàng </li>\n                    <li>Làm việc trên nhiều dự án cùng một lúc và luôn đáp ứng các thời hạn dự thảo </li>\n                    <li>Đã tốt nghiệp hoặc đang trong bất kỳ năm học nào </li>\n                    <li>Chỉnh sửa công việc của các nhà thiết kế trước để tạo ra một thẩm mỹ thống nhất cho các vật liệu thương hiệu của chúng tôi </li>\n                </ul>\n            </div>\n            <h5> Chứng chỉ </h5>\n            <div>\n                <ul>\n                    <li>B.C.A / M.C.A trong khoá học của Đại học Quốc gia đã hoàn thành. </li>\n                    <li>3 năm kinh nghiệm thiết kế chuyên nghiệp trở lên </li>\n                    <li>Đã tốt nghiệp hoặc đang trong bất kỳ năm học nào </li>\n                    <li>Bằng cấp cao hoặc kinh nghiệm tương đương trong thiết kế đồ họa và web </li>\n                </ul>\n            </div>'),('vi',25,'Quản lý chương trình','Dolorem accusamus tempora nam qui rerum. Quia facilis in necessitatibus ut. Sunt ut doloremque harum aut.','<h5> Trách nhiệm </h5>\n            <div>\n                <p>Với tư cách là Nhà thiết kế sản phẩm, bạn sẽ làm việc trong Nhóm phân phối sản phẩm kết hợp với UX, kỹ thuật, sản phẩm và tài năng dữ liệu. </p>\n                <ul>\n                    <li>Có kiến thức vững chắc về các hoạt động thương mại. </li>\n                    <li>Xây dựng các ứng dụng web thế hệ tiếp theo tập trung vào phía khách hàng </li>\n                    <li>Làm việc trên nhiều dự án cùng một lúc và luôn đáp ứng các thời hạn dự thảo </li>\n                    <li>Đã tốt nghiệp hoặc đang trong bất kỳ năm học nào </li>\n                    <li>Chỉnh sửa công việc của các nhà thiết kế trước để tạo ra một thẩm mỹ thống nhất cho các vật liệu thương hiệu của chúng tôi </li>\n                </ul>\n            </div>\n            <h5> Chứng chỉ </h5>\n            <div>\n                <ul>\n                    <li>B.C.A / M.C.A trong khoá học của Đại học Quốc gia đã hoàn thành. </li>\n                    <li>3 năm kinh nghiệm thiết kế chuyên nghiệp trở lên </li>\n                    <li>Đã tốt nghiệp hoặc đang trong bất kỳ năm học nào </li>\n                    <li>Bằng cấp cao hoặc kinh nghiệm tương đương trong thiết kế đồ họa và web </li>\n                </ul>\n            </div>'),('vi',26,'Sr. Manager, Deal Desk - INTL','Dolorem nemo quia rerum quibusdam molestias. Ut repellendus itaque laborum fuga. Autem molestiae ut esse velit tenetur nisi facilis. Autem in voluptatibus dolore voluptates.','<h5> Trách nhiệm </h5>\n            <div>\n                <p>Với tư cách là Nhà thiết kế sản phẩm, bạn sẽ làm việc trong Nhóm phân phối sản phẩm kết hợp với UX, kỹ thuật, sản phẩm và tài năng dữ liệu. </p>\n                <ul>\n                    <li>Có kiến thức vững chắc về các hoạt động thương mại. </li>\n                    <li>Xây dựng các ứng dụng web thế hệ tiếp theo tập trung vào phía khách hàng </li>\n                    <li>Làm việc trên nhiều dự án cùng một lúc và luôn đáp ứng các thời hạn dự thảo </li>\n                    <li>Đã tốt nghiệp hoặc đang trong bất kỳ năm học nào </li>\n                    <li>Chỉnh sửa công việc của các nhà thiết kế trước để tạo ra một thẩm mỹ thống nhất cho các vật liệu thương hiệu của chúng tôi </li>\n                </ul>\n            </div>\n            <h5> Chứng chỉ </h5>\n            <div>\n                <ul>\n                    <li>B.C.A / M.C.A trong khoá học của Đại học Quốc gia đã hoàn thành. </li>\n                    <li>3 năm kinh nghiệm thiết kế chuyên nghiệp trở lên </li>\n                    <li>Đã tốt nghiệp hoặc đang trong bất kỳ năm học nào </li>\n                    <li>Bằng cấp cao hoặc kinh nghiệm tương đương trong thiết kế đồ họa và web </li>\n                </ul>\n            </div>'),('vi',27,'Giám đốc cấp cao, Quản lý sản phẩm và Dịch vụ điện toán','Velit laudantium dolorem perspiciatis fugiat iure exercitationem. Inventore sed aut molestias ex adipisci enim. Ut atque nulla laboriosam et autem.','<h5> Trách nhiệm </h5>\n            <div>\n                <p>Với tư cách là Nhà thiết kế sản phẩm, bạn sẽ làm việc trong Nhóm phân phối sản phẩm kết hợp với UX, kỹ thuật, sản phẩm và tài năng dữ liệu. </p>\n                <ul>\n                    <li>Có kiến thức vững chắc về các hoạt động thương mại. </li>\n                    <li>Xây dựng các ứng dụng web thế hệ tiếp theo tập trung vào phía khách hàng </li>\n                    <li>Làm việc trên nhiều dự án cùng một lúc và luôn đáp ứng các thời hạn dự thảo </li>\n                    <li>Đã tốt nghiệp hoặc đang trong bất kỳ năm học nào </li>\n                    <li>Chỉnh sửa công việc của các nhà thiết kế trước để tạo ra một thẩm mỹ thống nhất cho các vật liệu thương hiệu của chúng tôi </li>\n                </ul>\n            </div>\n            <h5> Chứng chỉ </h5>\n            <div>\n                <ul>\n                    <li>B.C.A / M.C.A trong khoá học của Đại học Quốc gia đã hoàn thành. </li>\n                    <li>3 năm kinh nghiệm thiết kế chuyên nghiệp trở lên </li>\n                    <li>Đã tốt nghiệp hoặc đang trong bất kỳ năm học nào </li>\n                    <li>Bằng cấp cao hoặc kinh nghiệm tương đương trong thiết kế đồ họa và web </li>\n                </ul>\n            </div>'),('vi',28,'Giám đốc Alliances','Aut non beatae a perspiciatis qui fugit. Illum omnis vitae non delectus possimus adipisci fuga. Blanditiis id quis ullam deleniti. Error voluptatem quia earum corporis.','<h5> Trách nhiệm </h5>\n            <div>\n                <p>Với tư cách là Nhà thiết kế sản phẩm, bạn sẽ làm việc trong Nhóm phân phối sản phẩm kết hợp với UX, kỹ thuật, sản phẩm và tài năng dữ liệu. </p>\n                <ul>\n                    <li>Có kiến thức vững chắc về các hoạt động thương mại. </li>\n                    <li>Xây dựng các ứng dụng web thế hệ tiếp theo tập trung vào phía khách hàng </li>\n                    <li>Làm việc trên nhiều dự án cùng một lúc và luôn đáp ứng các thời hạn dự thảo </li>\n                    <li>Đã tốt nghiệp hoặc đang trong bất kỳ năm học nào </li>\n                    <li>Chỉnh sửa công việc của các nhà thiết kế trước để tạo ra một thẩm mỹ thống nhất cho các vật liệu thương hiệu của chúng tôi </li>\n                </ul>\n            </div>\n            <h5> Chứng chỉ </h5>\n            <div>\n                <ul>\n                    <li>B.C.A / M.C.A trong khoá học của Đại học Quốc gia đã hoàn thành. </li>\n                    <li>3 năm kinh nghiệm thiết kế chuyên nghiệp trở lên </li>\n                    <li>Đã tốt nghiệp hoặc đang trong bất kỳ năm học nào </li>\n                    <li>Bằng cấp cao hoặc kinh nghiệm tương đương trong thiết kế đồ họa và web </li>\n                </ul>\n            </div>'),('vi',29,'Đại diện bán hàng của công ty','Et laborum alias consequatur magni commodi. Corporis dolor excepturi porro delectus est aliquid. Aut deserunt in enim ab distinctio dolore est. Eius optio consequatur est et perspiciatis non alias.','<h5> Trách nhiệm </h5>\n            <div>\n                <p>Với tư cách là Nhà thiết kế sản phẩm, bạn sẽ làm việc trong Nhóm phân phối sản phẩm kết hợp với UX, kỹ thuật, sản phẩm và tài năng dữ liệu. </p>\n                <ul>\n                    <li>Có kiến thức vững chắc về các hoạt động thương mại. </li>\n                    <li>Xây dựng các ứng dụng web thế hệ tiếp theo tập trung vào phía khách hàng </li>\n                    <li>Làm việc trên nhiều dự án cùng một lúc và luôn đáp ứng các thời hạn dự thảo </li>\n                    <li>Đã tốt nghiệp hoặc đang trong bất kỳ năm học nào </li>\n                    <li>Chỉnh sửa công việc của các nhà thiết kế trước để tạo ra một thẩm mỹ thống nhất cho các vật liệu thương hiệu của chúng tôi </li>\n                </ul>\n            </div>\n            <h5> Chứng chỉ </h5>\n            <div>\n                <ul>\n                    <li>B.C.A / M.C.A trong khoá học của Đại học Quốc gia đã hoàn thành. </li>\n                    <li>3 năm kinh nghiệm thiết kế chuyên nghiệp trở lên </li>\n                    <li>Đã tốt nghiệp hoặc đang trong bất kỳ năm học nào </li>\n                    <li>Bằng cấp cao hoặc kinh nghiệm tương đương trong thiết kế đồ họa và web </li>\n                </ul>\n            </div>'),('vi',30,'Lãnh đạo đất nước','Sed natus eum esse voluptatem est praesentium sapiente. Consectetur nihil odio ea quidem. Sequi aut deleniti quis rerum sunt.','<h5> Trách nhiệm </h5>\n            <div>\n                <p>Với tư cách là Nhà thiết kế sản phẩm, bạn sẽ làm việc trong Nhóm phân phối sản phẩm kết hợp với UX, kỹ thuật, sản phẩm và tài năng dữ liệu. </p>\n                <ul>\n                    <li>Có kiến thức vững chắc về các hoạt động thương mại. </li>\n                    <li>Xây dựng các ứng dụng web thế hệ tiếp theo tập trung vào phía khách hàng </li>\n                    <li>Làm việc trên nhiều dự án cùng một lúc và luôn đáp ứng các thời hạn dự thảo </li>\n                    <li>Đã tốt nghiệp hoặc đang trong bất kỳ năm học nào </li>\n                    <li>Chỉnh sửa công việc của các nhà thiết kế trước để tạo ra một thẩm mỹ thống nhất cho các vật liệu thương hiệu của chúng tôi </li>\n                </ul>\n            </div>\n            <h5> Chứng chỉ </h5>\n            <div>\n                <ul>\n                    <li>B.C.A / M.C.A trong khoá học của Đại học Quốc gia đã hoàn thành. </li>\n                    <li>3 năm kinh nghiệm thiết kế chuyên nghiệp trở lên </li>\n                    <li>Đã tốt nghiệp hoặc đang trong bất kỳ năm học nào </li>\n                    <li>Bằng cấp cao hoặc kinh nghiệm tương đương trong thiết kế đồ họa và web </li>\n                </ul>\n            </div>'),('vi',31,'Kiến trúc sư khách hàng','Animi corrupti quia enim dolorem ipsa eos ut vitae. Rem amet voluptatem animi iste. Et aliquam qui aut officiis sed saepe. Dolor iste adipisci distinctio incidunt pariatur. Dolorum aut ab voluptatum.','<h5> Trách nhiệm </h5>\n            <div>\n                <p>Với tư cách là Nhà thiết kế sản phẩm, bạn sẽ làm việc trong Nhóm phân phối sản phẩm kết hợp với UX, kỹ thuật, sản phẩm và tài năng dữ liệu. </p>\n                <ul>\n                    <li>Có kiến thức vững chắc về các hoạt động thương mại. </li>\n                    <li>Xây dựng các ứng dụng web thế hệ tiếp theo tập trung vào phía khách hàng </li>\n                    <li>Làm việc trên nhiều dự án cùng một lúc và luôn đáp ứng các thời hạn dự thảo </li>\n                    <li>Đã tốt nghiệp hoặc đang trong bất kỳ năm học nào </li>\n                    <li>Chỉnh sửa công việc của các nhà thiết kế trước để tạo ra một thẩm mỹ thống nhất cho các vật liệu thương hiệu của chúng tôi </li>\n                </ul>\n            </div>\n            <h5> Chứng chỉ </h5>\n            <div>\n                <ul>\n                    <li>B.C.A / M.C.A trong khoá học của Đại học Quốc gia đã hoàn thành. </li>\n                    <li>3 năm kinh nghiệm thiết kế chuyên nghiệp trở lên </li>\n                    <li>Đã tốt nghiệp hoặc đang trong bất kỳ năm học nào </li>\n                    <li>Bằng cấp cao hoặc kinh nghiệm tương đương trong thiết kế đồ họa và web </li>\n                </ul>\n            </div>'),('vi',32,'Nhân viên điều hành tài khoản DevOps','Magni repudiandae molestiae fuga non assumenda eos qui. Mollitia voluptas quam architecto culpa. Quia est molestiae ratione qui consequatur. Et aut eum laborum rerum aspernatur numquam.','<h5> Trách nhiệm </h5>\n            <div>\n                <p>Với tư cách là Nhà thiết kế sản phẩm, bạn sẽ làm việc trong Nhóm phân phối sản phẩm kết hợp với UX, kỹ thuật, sản phẩm và tài năng dữ liệu. </p>\n                <ul>\n                    <li>Có kiến thức vững chắc về các hoạt động thương mại. </li>\n                    <li>Xây dựng các ứng dụng web thế hệ tiếp theo tập trung vào phía khách hàng </li>\n                    <li>Làm việc trên nhiều dự án cùng một lúc và luôn đáp ứng các thời hạn dự thảo </li>\n                    <li>Đã tốt nghiệp hoặc đang trong bất kỳ năm học nào </li>\n                    <li>Chỉnh sửa công việc của các nhà thiết kế trước để tạo ra một thẩm mỹ thống nhất cho các vật liệu thương hiệu của chúng tôi </li>\n                </ul>\n            </div>\n            <h5> Chứng chỉ </h5>\n            <div>\n                <ul>\n                    <li>B.C.A / M.C.A trong khoá học của Đại học Quốc gia đã hoàn thành. </li>\n                    <li>3 năm kinh nghiệm thiết kế chuyên nghiệp trở lên </li>\n                    <li>Đã tốt nghiệp hoặc đang trong bất kỳ năm học nào </li>\n                    <li>Bằng cấp cao hoặc kinh nghiệm tương đương trong thiết kế đồ họa và web </li>\n                </ul>\n            </div>'),('vi',33,'Kế toán doanh nghiệp','Molestiae harum voluptas sunt. Sit voluptates modi unde est nemo est illum autem. Blanditiis perferendis est quod. In ut voluptatem et dolore.','<h5> Trách nhiệm </h5>\n            <div>\n                <p>Với tư cách là Nhà thiết kế sản phẩm, bạn sẽ làm việc trong Nhóm phân phối sản phẩm kết hợp với UX, kỹ thuật, sản phẩm và tài năng dữ liệu. </p>\n                <ul>\n                    <li>Có kiến thức vững chắc về các hoạt động thương mại. </li>\n                    <li>Xây dựng các ứng dụng web thế hệ tiếp theo tập trung vào phía khách hàng </li>\n                    <li>Làm việc trên nhiều dự án cùng một lúc và luôn đáp ứng các thời hạn dự thảo </li>\n                    <li>Đã tốt nghiệp hoặc đang trong bất kỳ năm học nào </li>\n                    <li>Chỉnh sửa công việc của các nhà thiết kế trước để tạo ra một thẩm mỹ thống nhất cho các vật liệu thương hiệu của chúng tôi </li>\n                </ul>\n            </div>\n            <h5> Chứng chỉ </h5>\n            <div>\n                <ul>\n                    <li>B.C.A / M.C.A trong khoá học của Đại học Quốc gia đã hoàn thành. </li>\n                    <li>3 năm kinh nghiệm thiết kế chuyên nghiệp trở lên </li>\n                    <li>Đã tốt nghiệp hoặc đang trong bất kỳ năm học nào </li>\n                    <li>Bằng cấp cao hoặc kinh nghiệm tương đương trong thiết kế đồ họa và web </li>\n                </ul>\n            </div>'),('vi',34,'Giám đốc kỹ thuật cấp cao, Kỹ thuật bảo mật sản phẩm','Accusamus sequi possimus et. Tempore voluptatem possimus eos omnis autem libero facere. Neque quae fugit et quo cumque iure assumenda maxime. Magni aut porro velit fugit cupiditate autem.','<h5> Trách nhiệm </h5>\n            <div>\n                <p>Với tư cách là Nhà thiết kế sản phẩm, bạn sẽ làm việc trong Nhóm phân phối sản phẩm kết hợp với UX, kỹ thuật, sản phẩm và tài năng dữ liệu. </p>\n                <ul>\n                    <li>Có kiến thức vững chắc về các hoạt động thương mại. </li>\n                    <li>Xây dựng các ứng dụng web thế hệ tiếp theo tập trung vào phía khách hàng </li>\n                    <li>Làm việc trên nhiều dự án cùng một lúc và luôn đáp ứng các thời hạn dự thảo </li>\n                    <li>Đã tốt nghiệp hoặc đang trong bất kỳ năm học nào </li>\n                    <li>Chỉnh sửa công việc của các nhà thiết kế trước để tạo ra một thẩm mỹ thống nhất cho các vật liệu thương hiệu của chúng tôi </li>\n                </ul>\n            </div>\n            <h5> Chứng chỉ </h5>\n            <div>\n                <ul>\n                    <li>B.C.A / M.C.A trong khoá học của Đại học Quốc gia đã hoàn thành. </li>\n                    <li>3 năm kinh nghiệm thiết kế chuyên nghiệp trở lên </li>\n                    <li>Đã tốt nghiệp hoặc đang trong bất kỳ năm học nào </li>\n                    <li>Bằng cấp cao hoặc kinh nghiệm tương đương trong thiết kế đồ họa và web </li>\n                </ul>\n            </div>'),('vi',35,'Kỹ sư độ tin cậy của khách hàng III','Dolore voluptas mollitia velit eos aliquid consequatur itaque labore. Quo tenetur quae sunt aut deleniti et. Omnis voluptatem quibusdam aperiam nemo maxime quia.','<h5> Trách nhiệm </h5>\n            <div>\n                <p>Với tư cách là Nhà thiết kế sản phẩm, bạn sẽ làm việc trong Nhóm phân phối sản phẩm kết hợp với UX, kỹ thuật, sản phẩm và tài năng dữ liệu. </p>\n                <ul>\n                    <li>Có kiến thức vững chắc về các hoạt động thương mại. </li>\n                    <li>Xây dựng các ứng dụng web thế hệ tiếp theo tập trung vào phía khách hàng </li>\n                    <li>Làm việc trên nhiều dự án cùng một lúc và luôn đáp ứng các thời hạn dự thảo </li>\n                    <li>Đã tốt nghiệp hoặc đang trong bất kỳ năm học nào </li>\n                    <li>Chỉnh sửa công việc của các nhà thiết kế trước để tạo ra một thẩm mỹ thống nhất cho các vật liệu thương hiệu của chúng tôi </li>\n                </ul>\n            </div>\n            <h5> Chứng chỉ </h5>\n            <div>\n                <ul>\n                    <li>B.C.A / M.C.A trong khoá học của Đại học Quốc gia đã hoàn thành. </li>\n                    <li>3 năm kinh nghiệm thiết kế chuyên nghiệp trở lên </li>\n                    <li>Đã tốt nghiệp hoặc đang trong bất kỳ năm học nào </li>\n                    <li>Bằng cấp cao hoặc kinh nghiệm tương đương trong thiết kế đồ họa và web </li>\n                </ul>\n            </div>'),('vi',36,'Kỹ sư hỗ trợ (Tiếng Nhật hỗ trợ doanh nghiệp)','Maxime sint maxime eum maiores accusantium deserunt. Voluptas blanditiis non cum qui omnis aut. Omnis dignissimos dolores est.','<h5> Trách nhiệm </h5>\n            <div>\n                <p>Với tư cách là Nhà thiết kế sản phẩm, bạn sẽ làm việc trong Nhóm phân phối sản phẩm kết hợp với UX, kỹ thuật, sản phẩm và tài năng dữ liệu. </p>\n                <ul>\n                    <li>Có kiến thức vững chắc về các hoạt động thương mại. </li>\n                    <li>Xây dựng các ứng dụng web thế hệ tiếp theo tập trung vào phía khách hàng </li>\n                    <li>Làm việc trên nhiều dự án cùng một lúc và luôn đáp ứng các thời hạn dự thảo </li>\n                    <li>Đã tốt nghiệp hoặc đang trong bất kỳ năm học nào </li>\n                    <li>Chỉnh sửa công việc của các nhà thiết kế trước để tạo ra một thẩm mỹ thống nhất cho các vật liệu thương hiệu của chúng tôi </li>\n                </ul>\n            </div>\n            <h5> Chứng chỉ </h5>\n            <div>\n                <ul>\n                    <li>B.C.A / M.C.A trong khoá học của Đại học Quốc gia đã hoàn thành. </li>\n                    <li>3 năm kinh nghiệm thiết kế chuyên nghiệp trở lên </li>\n                    <li>Đã tốt nghiệp hoặc đang trong bất kỳ năm học nào </li>\n                    <li>Bằng cấp cao hoặc kinh nghiệm tương đương trong thiết kế đồ họa và web </li>\n                </ul>\n            </div>'),('vi',37,'Giám đốc đối tác kỹ thuật','Tempora tempore explicabo cumque vero maxime explicabo accusamus. Tenetur optio praesentium sequi enim. Iusto sint quis dolor voluptatem eum.','<h5> Trách nhiệm </h5>\n            <div>\n                <p>Với tư cách là Nhà thiết kế sản phẩm, bạn sẽ làm việc trong Nhóm phân phối sản phẩm kết hợp với UX, kỹ thuật, sản phẩm và tài năng dữ liệu. </p>\n                <ul>\n                    <li>Có kiến thức vững chắc về các hoạt động thương mại. </li>\n                    <li>Xây dựng các ứng dụng web thế hệ tiếp theo tập trung vào phía khách hàng </li>\n                    <li>Làm việc trên nhiều dự án cùng một lúc và luôn đáp ứng các thời hạn dự thảo </li>\n                    <li>Đã tốt nghiệp hoặc đang trong bất kỳ năm học nào </li>\n                    <li>Chỉnh sửa công việc của các nhà thiết kế trước để tạo ra một thẩm mỹ thống nhất cho các vật liệu thương hiệu của chúng tôi </li>\n                </ul>\n            </div>\n            <h5> Chứng chỉ </h5>\n            <div>\n                <ul>\n                    <li>B.C.A / M.C.A trong khoá học của Đại học Quốc gia đã hoàn thành. </li>\n                    <li>3 năm kinh nghiệm thiết kế chuyên nghiệp trở lên </li>\n                    <li>Đã tốt nghiệp hoặc đang trong bất kỳ năm học nào </li>\n                    <li>Bằng cấp cao hoặc kinh nghiệm tương đương trong thiết kế đồ họa và web </li>\n                </ul>\n            </div>'),('vi',38,'Quản lý tài khoản nội bộ','Est qui vel quo nostrum quasi. Quaerat et repellendus alias dolorem voluptas. Qui sint et dolores voluptatem accusamus accusantium.','<h5> Trách nhiệm </h5>\n            <div>\n                <p>Với tư cách là Nhà thiết kế sản phẩm, bạn sẽ làm việc trong Nhóm phân phối sản phẩm kết hợp với UX, kỹ thuật, sản phẩm và tài năng dữ liệu. </p>\n                <ul>\n                    <li>Có kiến thức vững chắc về các hoạt động thương mại. </li>\n                    <li>Xây dựng các ứng dụng web thế hệ tiếp theo tập trung vào phía khách hàng </li>\n                    <li>Làm việc trên nhiều dự án cùng một lúc và luôn đáp ứng các thời hạn dự thảo </li>\n                    <li>Đã tốt nghiệp hoặc đang trong bất kỳ năm học nào </li>\n                    <li>Chỉnh sửa công việc của các nhà thiết kế trước để tạo ra một thẩm mỹ thống nhất cho các vật liệu thương hiệu của chúng tôi </li>\n                </ul>\n            </div>\n            <h5> Chứng chỉ </h5>\n            <div>\n                <ul>\n                    <li>B.C.A / M.C.A trong khoá học của Đại học Quốc gia đã hoàn thành. </li>\n                    <li>3 năm kinh nghiệm thiết kế chuyên nghiệp trở lên </li>\n                    <li>Đã tốt nghiệp hoặc đang trong bất kỳ năm học nào </li>\n                    <li>Bằng cấp cao hoặc kinh nghiệm tương đương trong thiết kế đồ họa và web </li>\n                </ul>\n            </div>'),('vi',39,'Đại diện kinh doanh dịch vụ','Voluptatibus odit distinctio excepturi tempora rerum voluptatem sunt. Fuga voluptate dignissimos qui autem non. Quibusdam ea in deleniti ea repellat. Enim voluptatem in et dolorum itaque.','<h5> Trách nhiệm </h5>\n            <div>\n                <p>Với tư cách là Nhà thiết kế sản phẩm, bạn sẽ làm việc trong Nhóm phân phối sản phẩm kết hợp với UX, kỹ thuật, sản phẩm và tài năng dữ liệu. </p>\n                <ul>\n                    <li>Có kiến thức vững chắc về các hoạt động thương mại. </li>\n                    <li>Xây dựng các ứng dụng web thế hệ tiếp theo tập trung vào phía khách hàng </li>\n                    <li>Làm việc trên nhiều dự án cùng một lúc và luôn đáp ứng các thời hạn dự thảo </li>\n                    <li>Đã tốt nghiệp hoặc đang trong bất kỳ năm học nào </li>\n                    <li>Chỉnh sửa công việc của các nhà thiết kế trước để tạo ra một thẩm mỹ thống nhất cho các vật liệu thương hiệu của chúng tôi </li>\n                </ul>\n            </div>\n            <h5> Chứng chỉ </h5>\n            <div>\n                <ul>\n                    <li>B.C.A / M.C.A trong khoá học của Đại học Quốc gia đã hoàn thành. </li>\n                    <li>3 năm kinh nghiệm thiết kế chuyên nghiệp trở lên </li>\n                    <li>Đã tốt nghiệp hoặc đang trong bất kỳ năm học nào </li>\n                    <li>Bằng cấp cao hoặc kinh nghiệm tương đương trong thiết kế đồ họa và web </li>\n                </ul>\n            </div>'),('vi',40,'Giám đốc cung cấp dịch vụ','Sit voluptatem velit dolorem explicabo accusantium esse. Libero aut tempora ut aut voluptates ex. Pariatur culpa odio dolores aut mollitia. Enim dolor est laboriosam voluptatem.','<h5> Trách nhiệm </h5>\n            <div>\n                <p>Với tư cách là Nhà thiết kế sản phẩm, bạn sẽ làm việc trong Nhóm phân phối sản phẩm kết hợp với UX, kỹ thuật, sản phẩm và tài năng dữ liệu. </p>\n                <ul>\n                    <li>Có kiến thức vững chắc về các hoạt động thương mại. </li>\n                    <li>Xây dựng các ứng dụng web thế hệ tiếp theo tập trung vào phía khách hàng </li>\n                    <li>Làm việc trên nhiều dự án cùng một lúc và luôn đáp ứng các thời hạn dự thảo </li>\n                    <li>Đã tốt nghiệp hoặc đang trong bất kỳ năm học nào </li>\n                    <li>Chỉnh sửa công việc của các nhà thiết kế trước để tạo ra một thẩm mỹ thống nhất cho các vật liệu thương hiệu của chúng tôi </li>\n                </ul>\n            </div>\n            <h5> Chứng chỉ </h5>\n            <div>\n                <ul>\n                    <li>B.C.A / M.C.A trong khoá học của Đại học Quốc gia đã hoàn thành. </li>\n                    <li>3 năm kinh nghiệm thiết kế chuyên nghiệp trở lên </li>\n                    <li>Đã tốt nghiệp hoặc đang trong bất kỳ năm học nào </li>\n                    <li>Bằng cấp cao hoặc kinh nghiệm tương đương trong thiết kế đồ họa và web </li>\n                </ul>\n            </div>'),('vi',41,'Kỹ sư giải pháp cao cấp','Ipsam animi vel deleniti nisi dignissimos quos ut. Perspiciatis et est ea totam quia vitae. Placeat expedita molestias repellat unde porro et autem. Quo distinctio inventore sed.','<h5> Trách nhiệm </h5>\n            <div>\n                <p>Với tư cách là Nhà thiết kế sản phẩm, bạn sẽ làm việc trong Nhóm phân phối sản phẩm kết hợp với UX, kỹ thuật, sản phẩm và tài năng dữ liệu. </p>\n                <ul>\n                    <li>Có kiến thức vững chắc về các hoạt động thương mại. </li>\n                    <li>Xây dựng các ứng dụng web thế hệ tiếp theo tập trung vào phía khách hàng </li>\n                    <li>Làm việc trên nhiều dự án cùng một lúc và luôn đáp ứng các thời hạn dự thảo </li>\n                    <li>Đã tốt nghiệp hoặc đang trong bất kỳ năm học nào </li>\n                    <li>Chỉnh sửa công việc của các nhà thiết kế trước để tạo ra một thẩm mỹ thống nhất cho các vật liệu thương hiệu của chúng tôi </li>\n                </ul>\n            </div>\n            <h5> Chứng chỉ </h5>\n            <div>\n                <ul>\n                    <li>B.C.A / M.C.A trong khoá học của Đại học Quốc gia đã hoàn thành. </li>\n                    <li>3 năm kinh nghiệm thiết kế chuyên nghiệp trở lên </li>\n                    <li>Đã tốt nghiệp hoặc đang trong bất kỳ năm học nào </li>\n                    <li>Bằng cấp cao hoặc kinh nghiệm tương đương trong thiết kế đồ họa và web </li>\n                </ul>\n            </div>'),('vi',42,'Kỹ sư cung cấp dịch vụ cao cấp','Quia quia qui aut quo aut assumenda repellat. Sit nostrum placeat illo. Veniam quis voluptas ad eius vero voluptatum. Vel provident fuga officia non voluptas earum.','<h5> Trách nhiệm </h5>\n            <div>\n                <p>Với tư cách là Nhà thiết kế sản phẩm, bạn sẽ làm việc trong Nhóm phân phối sản phẩm kết hợp với UX, kỹ thuật, sản phẩm và tài năng dữ liệu. </p>\n                <ul>\n                    <li>Có kiến thức vững chắc về các hoạt động thương mại. </li>\n                    <li>Xây dựng các ứng dụng web thế hệ tiếp theo tập trung vào phía khách hàng </li>\n                    <li>Làm việc trên nhiều dự án cùng một lúc và luôn đáp ứng các thời hạn dự thảo </li>\n                    <li>Đã tốt nghiệp hoặc đang trong bất kỳ năm học nào </li>\n                    <li>Chỉnh sửa công việc của các nhà thiết kế trước để tạo ra một thẩm mỹ thống nhất cho các vật liệu thương hiệu của chúng tôi </li>\n                </ul>\n            </div>\n            <h5> Chứng chỉ </h5>\n            <div>\n                <ul>\n                    <li>B.C.A / M.C.A trong khoá học của Đại học Quốc gia đã hoàn thành. </li>\n                    <li>3 năm kinh nghiệm thiết kế chuyên nghiệp trở lên </li>\n                    <li>Đã tốt nghiệp hoặc đang trong bất kỳ năm học nào </li>\n                    <li>Bằng cấp cao hoặc kinh nghiệm tương đương trong thiết kế đồ họa và web </li>\n                </ul>\n            </div>'),('vi',43,'Giám đốc cấp cao, Phát triển kinh doanh toàn cầu','Est et quibusdam veritatis blanditiis quae ad optio corrupti. Minus optio qui aperiam quos qui libero delectus. Modi amet molestiae libero laboriosam doloribus mollitia.','<h5> Trách nhiệm </h5>\n            <div>\n                <p>Với tư cách là Nhà thiết kế sản phẩm, bạn sẽ làm việc trong Nhóm phân phối sản phẩm kết hợp với UX, kỹ thuật, sản phẩm và tài năng dữ liệu. </p>\n                <ul>\n                    <li>Có kiến thức vững chắc về các hoạt động thương mại. </li>\n                    <li>Xây dựng các ứng dụng web thế hệ tiếp theo tập trung vào phía khách hàng </li>\n                    <li>Làm việc trên nhiều dự án cùng một lúc và luôn đáp ứng các thời hạn dự thảo </li>\n                    <li>Đã tốt nghiệp hoặc đang trong bất kỳ năm học nào </li>\n                    <li>Chỉnh sửa công việc của các nhà thiết kế trước để tạo ra một thẩm mỹ thống nhất cho các vật liệu thương hiệu của chúng tôi </li>\n                </ul>\n            </div>\n            <h5> Chứng chỉ </h5>\n            <div>\n                <ul>\n                    <li>B.C.A / M.C.A trong khoá học của Đại học Quốc gia đã hoàn thành. </li>\n                    <li>3 năm kinh nghiệm thiết kế chuyên nghiệp trở lên </li>\n                    <li>Đã tốt nghiệp hoặc đang trong bất kỳ năm học nào </li>\n                    <li>Bằng cấp cao hoặc kinh nghiệm tương đương trong thiết kế đồ họa và web </li>\n                </ul>\n            </div>'),('vi',44,'Giám đốc chương trình đối tác','Sunt occaecati delectus explicabo cumque. Laboriosam explicabo doloribus autem nostrum. Cumque atque sunt rem officiis error vel provident.','<h5> Trách nhiệm </h5>\n            <div>\n                <p>Với tư cách là Nhà thiết kế sản phẩm, bạn sẽ làm việc trong Nhóm phân phối sản phẩm kết hợp với UX, kỹ thuật, sản phẩm và tài năng dữ liệu. </p>\n                <ul>\n                    <li>Có kiến thức vững chắc về các hoạt động thương mại. </li>\n                    <li>Xây dựng các ứng dụng web thế hệ tiếp theo tập trung vào phía khách hàng </li>\n                    <li>Làm việc trên nhiều dự án cùng một lúc và luôn đáp ứng các thời hạn dự thảo </li>\n                    <li>Đã tốt nghiệp hoặc đang trong bất kỳ năm học nào </li>\n                    <li>Chỉnh sửa công việc của các nhà thiết kế trước để tạo ra một thẩm mỹ thống nhất cho các vật liệu thương hiệu của chúng tôi </li>\n                </ul>\n            </div>\n            <h5> Chứng chỉ </h5>\n            <div>\n                <ul>\n                    <li>B.C.A / M.C.A trong khoá học của Đại học Quốc gia đã hoàn thành. </li>\n                    <li>3 năm kinh nghiệm thiết kế chuyên nghiệp trở lên </li>\n                    <li>Đã tốt nghiệp hoặc đang trong bất kỳ năm học nào </li>\n                    <li>Bằng cấp cao hoặc kinh nghiệm tương đương trong thiết kế đồ họa và web </li>\n                </ul>\n            </div>'),('vi',45,'Kỹ sư giải pháp đám mây chính','Voluptas esse sit inventore autem recusandae voluptas et. Vel debitis voluptas libero sapiente pariatur quia. Voluptatem rerum amet sed aperiam ut ea.','<h5> Trách nhiệm </h5>\n            <div>\n                <p>Với tư cách là Nhà thiết kế sản phẩm, bạn sẽ làm việc trong Nhóm phân phối sản phẩm kết hợp với UX, kỹ thuật, sản phẩm và tài năng dữ liệu. </p>\n                <ul>\n                    <li>Có kiến thức vững chắc về các hoạt động thương mại. </li>\n                    <li>Xây dựng các ứng dụng web thế hệ tiếp theo tập trung vào phía khách hàng </li>\n                    <li>Làm việc trên nhiều dự án cùng một lúc và luôn đáp ứng các thời hạn dự thảo </li>\n                    <li>Đã tốt nghiệp hoặc đang trong bất kỳ năm học nào </li>\n                    <li>Chỉnh sửa công việc của các nhà thiết kế trước để tạo ra một thẩm mỹ thống nhất cho các vật liệu thương hiệu của chúng tôi </li>\n                </ul>\n            </div>\n            <h5> Chứng chỉ </h5>\n            <div>\n                <ul>\n                    <li>B.C.A / M.C.A trong khoá học của Đại học Quốc gia đã hoàn thành. </li>\n                    <li>3 năm kinh nghiệm thiết kế chuyên nghiệp trở lên </li>\n                    <li>Đã tốt nghiệp hoặc đang trong bất kỳ năm học nào </li>\n                    <li>Bằng cấp cao hoặc kinh nghiệm tương đương trong thiết kế đồ họa và web </li>\n                </ul>\n            </div>'),('vi',46,'Kỹ sư giải pháp đám mây cao cấp','Illo aut qui ab qui asperiores reiciendis. Distinctio corrupti et quis sed aut minus. Eum totam numquam odio et ut. Repellendus aliquam nisi officia rerum.','<h5> Trách nhiệm </h5>\n            <div>\n                <p>Với tư cách là Nhà thiết kế sản phẩm, bạn sẽ làm việc trong Nhóm phân phối sản phẩm kết hợp với UX, kỹ thuật, sản phẩm và tài năng dữ liệu. </p>\n                <ul>\n                    <li>Có kiến thức vững chắc về các hoạt động thương mại. </li>\n                    <li>Xây dựng các ứng dụng web thế hệ tiếp theo tập trung vào phía khách hàng </li>\n                    <li>Làm việc trên nhiều dự án cùng một lúc và luôn đáp ứng các thời hạn dự thảo </li>\n                    <li>Đã tốt nghiệp hoặc đang trong bất kỳ năm học nào </li>\n                    <li>Chỉnh sửa công việc của các nhà thiết kế trước để tạo ra một thẩm mỹ thống nhất cho các vật liệu thương hiệu của chúng tôi </li>\n                </ul>\n            </div>\n            <h5> Chứng chỉ </h5>\n            <div>\n                <ul>\n                    <li>B.C.A / M.C.A trong khoá học của Đại học Quốc gia đã hoàn thành. </li>\n                    <li>3 năm kinh nghiệm thiết kế chuyên nghiệp trở lên </li>\n                    <li>Đã tốt nghiệp hoặc đang trong bất kỳ năm học nào </li>\n                    <li>Bằng cấp cao hoặc kinh nghiệm tương đương trong thiết kế đồ họa và web </li>\n                </ul>\n            </div>'),('vi',47,'Giám đốc khách hàng cao cấp','Porro quibusdam sit aut et voluptate sunt. Ea minima unde qui velit omnis enim. Occaecati et commodi officiis illum possimus sed.','<h5> Trách nhiệm </h5>\n            <div>\n                <p>Với tư cách là Nhà thiết kế sản phẩm, bạn sẽ làm việc trong Nhóm phân phối sản phẩm kết hợp với UX, kỹ thuật, sản phẩm và tài năng dữ liệu. </p>\n                <ul>\n                    <li>Có kiến thức vững chắc về các hoạt động thương mại. </li>\n                    <li>Xây dựng các ứng dụng web thế hệ tiếp theo tập trung vào phía khách hàng </li>\n                    <li>Làm việc trên nhiều dự án cùng một lúc và luôn đáp ứng các thời hạn dự thảo </li>\n                    <li>Đã tốt nghiệp hoặc đang trong bất kỳ năm học nào </li>\n                    <li>Chỉnh sửa công việc của các nhà thiết kế trước để tạo ra một thẩm mỹ thống nhất cho các vật liệu thương hiệu của chúng tôi </li>\n                </ul>\n            </div>\n            <h5> Chứng chỉ </h5>\n            <div>\n                <ul>\n                    <li>B.C.A / M.C.A trong khoá học của Đại học Quốc gia đã hoàn thành. </li>\n                    <li>3 năm kinh nghiệm thiết kế chuyên nghiệp trở lên </li>\n                    <li>Đã tốt nghiệp hoặc đang trong bất kỳ năm học nào </li>\n                    <li>Bằng cấp cao hoặc kinh nghiệm tương đương trong thiết kế đồ họa và web </li>\n                </ul>\n            </div>'),('vi',48,'Quản lý tài khoản insider','Aspernatur rerum sit minima omnis. Nobis ratione officia ut rem qui animi officiis. Aut rerum et minima sed assumenda. Molestias veniam quidem dicta consectetur officiis deserunt a.','<h5> Trách nhiệm </h5>\n            <div>\n                <p>Với tư cách là Nhà thiết kế sản phẩm, bạn sẽ làm việc trong Nhóm phân phối sản phẩm kết hợp với UX, kỹ thuật, sản phẩm và tài năng dữ liệu. </p>\n                <ul>\n                    <li>Có kiến thức vững chắc về các hoạt động thương mại. </li>\n                    <li>Xây dựng các ứng dụng web thế hệ tiếp theo tập trung vào phía khách hàng </li>\n                    <li>Làm việc trên nhiều dự án cùng một lúc và luôn đáp ứng các thời hạn dự thảo </li>\n                    <li>Đã tốt nghiệp hoặc đang trong bất kỳ năm học nào </li>\n                    <li>Chỉnh sửa công việc của các nhà thiết kế trước để tạo ra một thẩm mỹ thống nhất cho các vật liệu thương hiệu của chúng tôi </li>\n                </ul>\n            </div>\n            <h5> Chứng chỉ </h5>\n            <div>\n                <ul>\n                    <li>B.C.A / M.C.A trong khoá học của Đại học Quốc gia đã hoàn thành. </li>\n                    <li>3 năm kinh nghiệm thiết kế chuyên nghiệp trở lên </li>\n                    <li>Đã tốt nghiệp hoặc đang trong bất kỳ năm học nào </li>\n                    <li>Bằng cấp cao hoặc kinh nghiệm tương đương trong thiết kế đồ họa và web </li>\n                </ul>\n            </div>'),('vi',49,'UX Jobs Board','Impedit fuga harum eveniet pariatur consequatur provident. Optio consequatur dolores minus ut quidem amet.','<h5> Trách nhiệm </h5>\n            <div>\n                <p>Với tư cách là Nhà thiết kế sản phẩm, bạn sẽ làm việc trong Nhóm phân phối sản phẩm kết hợp với UX, kỹ thuật, sản phẩm và tài năng dữ liệu. </p>\n                <ul>\n                    <li>Có kiến thức vững chắc về các hoạt động thương mại. </li>\n                    <li>Xây dựng các ứng dụng web thế hệ tiếp theo tập trung vào phía khách hàng </li>\n                    <li>Làm việc trên nhiều dự án cùng một lúc và luôn đáp ứng các thời hạn dự thảo </li>\n                    <li>Đã tốt nghiệp hoặc đang trong bất kỳ năm học nào </li>\n                    <li>Chỉnh sửa công việc của các nhà thiết kế trước để tạo ra một thẩm mỹ thống nhất cho các vật liệu thương hiệu của chúng tôi </li>\n                </ul>\n            </div>\n            <h5> Chứng chỉ </h5>\n            <div>\n                <ul>\n                    <li>B.C.A / M.C.A trong khoá học của Đại học Quốc gia đã hoàn thành. </li>\n                    <li>3 năm kinh nghiệm thiết kế chuyên nghiệp trở lên </li>\n                    <li>Đã tốt nghiệp hoặc đang trong bất kỳ năm học nào </li>\n                    <li>Bằng cấp cao hoặc kinh nghiệm tương đương trong thiết kế đồ họa và web </li>\n                </ul>\n            </div>'),('vi',50,'Lập trình viên Laravel Senior (TALL Stack)','Id corporis odit illo inventore impedit. Qui incidunt qui sed alias eos esse qui. Quod nobis labore quia qui aut vel.','<h5> Trách nhiệm </h5>\n            <div>\n                <p>Với tư cách là Nhà thiết kế sản phẩm, bạn sẽ làm việc trong Nhóm phân phối sản phẩm kết hợp với UX, kỹ thuật, sản phẩm và tài năng dữ liệu. </p>\n                <ul>\n                    <li>Có kiến thức vững chắc về các hoạt động thương mại. </li>\n                    <li>Xây dựng các ứng dụng web thế hệ tiếp theo tập trung vào phía khách hàng </li>\n                    <li>Làm việc trên nhiều dự án cùng một lúc và luôn đáp ứng các thời hạn dự thảo </li>\n                    <li>Đã tốt nghiệp hoặc đang trong bất kỳ năm học nào </li>\n                    <li>Chỉnh sửa công việc của các nhà thiết kế trước để tạo ra một thẩm mỹ thống nhất cho các vật liệu thương hiệu của chúng tôi </li>\n                </ul>\n            </div>\n            <h5> Chứng chỉ </h5>\n            <div>\n                <ul>\n                    <li>B.C.A / M.C.A trong khoá học của Đại học Quốc gia đã hoàn thành. </li>\n                    <li>3 năm kinh nghiệm thiết kế chuyên nghiệp trở lên </li>\n                    <li>Đã tốt nghiệp hoặc đang trong bất kỳ năm học nào </li>\n                    <li>Bằng cấp cao hoặc kinh nghiệm tương đương trong thiết kế đồ họa và web </li>\n                </ul>\n            </div>');

--
-- Table structure for table `jb_jobs_types`
--

CREATE TABLE `jb_jobs_types` (
  `job_id` int unsigned NOT NULL,
  `job_type_id` int unsigned NOT NULL
) ENGINE=InnoDB DEFAULT CHARSET=utf8mb4 COLLATE=utf8mb4_unicode_ci;

--
-- Dumping data for table `jb_jobs_types`
--

INSERT INTO `jb_jobs_types` VALUES (1,3),(2,2),(3,5),(4,3),(5,4),(6,5),(7,2),(8,1),(9,5),(10,2),(11,5),(12,5),(13,4),(14,3),(15,3),(16,4),(17,2),(18,5),(19,4),(20,3),(21,2),(22,3),(23,2),(24,3),(25,4),(26,3),(27,2),(28,1),(29,1),(30,2),(31,5),(32,3),(33,5),(34,2),(35,5),(36,4),(37,3),(38,4),(39,5),(40,2),(41,1),(42,3),(43,1),(44,4),(45,1),(46,3),(47,2),(48,1),(49,5),(50,3),(51,5);

--
-- Table structure for table `jb_language_levels`
--

CREATE TABLE `jb_language_levels` (
  `id` bigint unsigned NOT NULL AUTO_INCREMENT,
  `name` varchar(120) COLLATE utf8mb4_unicode_ci NOT NULL,
  `order` tinyint NOT NULL DEFAULT '0',
  `is_default` tinyint unsigned NOT NULL DEFAULT '0',
  `status` varchar(60) COLLATE utf8mb4_unicode_ci NOT NULL DEFAULT 'published',
  `created_at` timestamp NULL DEFAULT NULL,
  `updated_at` timestamp NULL DEFAULT NULL,
  PRIMARY KEY (`id`)
) ENGINE=InnoDB AUTO_INCREMENT=4 DEFAULT CHARSET=utf8mb4 COLLATE=utf8mb4_unicode_ci;

--
-- Dumping data for table `jb_language_levels`
--

INSERT INTO `jb_language_levels` VALUES (1,'Expert',0,0,'published','2023-02-20 00:01:49','2023-02-20 00:01:49'),(2,'Intermediate',0,0,'published','2023-02-20 00:01:49','2023-02-20 00:01:49'),(3,'Beginner',0,0,'published','2023-02-20 00:01:49','2023-02-20 00:01:49');

--
-- Table structure for table `jb_language_levels_translations`
--

CREATE TABLE `jb_language_levels_translations` (
  `lang_code` varchar(191) COLLATE utf8mb4_unicode_ci NOT NULL,
  `jb_language_levels_id` int NOT NULL,
  `name` varchar(255) COLLATE utf8mb4_unicode_ci DEFAULT NULL,
  PRIMARY KEY (`lang_code`,`jb_language_levels_id`)
) ENGINE=InnoDB DEFAULT CHARSET=utf8mb4 COLLATE=utf8mb4_unicode_ci;

--
-- Dumping data for table `jb_language_levels_translations`
--


--
-- Table structure for table `jb_major_subjects`
--

CREATE TABLE `jb_major_subjects` (
  `id` bigint unsigned NOT NULL AUTO_INCREMENT,
  `name` varchar(120) COLLATE utf8mb4_unicode_ci NOT NULL,
  `order` tinyint NOT NULL DEFAULT '0',
  `is_default` tinyint unsigned NOT NULL DEFAULT '0',
  `status` varchar(60) COLLATE utf8mb4_unicode_ci NOT NULL DEFAULT 'published',
  `created_at` timestamp NULL DEFAULT NULL,
  `updated_at` timestamp NULL DEFAULT NULL,
  PRIMARY KEY (`id`)
) ENGINE=InnoDB DEFAULT CHARSET=utf8mb4 COLLATE=utf8mb4_unicode_ci;

--
-- Dumping data for table `jb_major_subjects`
--


--
-- Table structure for table `jb_packages`
--

CREATE TABLE `jb_packages` (
  `id` int unsigned NOT NULL AUTO_INCREMENT,
  `name` varchar(120) COLLATE utf8mb4_unicode_ci NOT NULL,
  `price` double(15,2) unsigned NOT NULL,
  `currency_id` int unsigned NOT NULL,
  `percent_save` int unsigned DEFAULT '0',
  `number_of_listings` int unsigned NOT NULL,
  `order` tinyint NOT NULL DEFAULT '0',
  `account_limit` int unsigned DEFAULT NULL,
  `is_default` tinyint unsigned NOT NULL DEFAULT '0',
  `status` varchar(60) COLLATE utf8mb4_unicode_ci NOT NULL DEFAULT 'published',
  `created_at` timestamp NULL DEFAULT NULL,
  `updated_at` timestamp NULL DEFAULT NULL,
  PRIMARY KEY (`id`)
) ENGINE=InnoDB AUTO_INCREMENT=4 DEFAULT CHARSET=utf8mb4 COLLATE=utf8mb4_unicode_ci;

--
-- Dumping data for table `jb_packages`
--

INSERT INTO `jb_packages` VALUES (1,'Free First Post',0.00,1,0,1,0,1,0,'published','2023-02-20 00:01:56','2023-02-20 00:01:56'),(2,'Single Post',250.00,1,0,1,0,NULL,1,'published','2023-02-20 00:01:56','2023-02-20 00:01:56'),(3,'5 Posts',1000.00,1,20,5,0,NULL,0,'published','2023-02-20 00:01:56','2023-02-20 00:01:56');

--
-- Table structure for table `jb_packages_translations`
--

CREATE TABLE `jb_packages_translations` (
  `lang_code` varchar(191) COLLATE utf8mb4_unicode_ci NOT NULL,
  `jb_packages_id` int NOT NULL,
  `name` varchar(255) COLLATE utf8mb4_unicode_ci DEFAULT NULL,
  PRIMARY KEY (`lang_code`,`jb_packages_id`)
) ENGINE=InnoDB DEFAULT CHARSET=utf8mb4 COLLATE=utf8mb4_unicode_ci;

--
-- Dumping data for table `jb_packages_translations`
--

INSERT INTO `jb_packages_translations` VALUES ('vi',1,'Miễn phí đăng bài đầu tiên'),('vi',2,'Bài đăng đơn'),('vi',3,'5 bài đăng');

--
-- Table structure for table `jb_reviews`
--

CREATE TABLE `jb_reviews` (
  `id` bigint unsigned NOT NULL AUTO_INCREMENT,
  `account_id` int unsigned NOT NULL,
  `company_id` int unsigned NOT NULL,
  `star` double(8,2) NOT NULL,
  `review` text COLLATE utf8mb4_unicode_ci NOT NULL,
  `status` varchar(60) COLLATE utf8mb4_unicode_ci NOT NULL DEFAULT 'published',
  `created_at` timestamp NULL DEFAULT NULL,
  `updated_at` timestamp NULL DEFAULT NULL,
  PRIMARY KEY (`id`),
  KEY `jb_reviews_account_id_company_id_status_created_at_index` (`account_id`,`company_id`,`status`,`created_at`)
) ENGINE=InnoDB AUTO_INCREMENT=101 DEFAULT CHARSET=utf8mb4 COLLATE=utf8mb4_unicode_ci;

--
-- Dumping data for table `jb_reviews`
--

INSERT INTO `jb_reviews` VALUES (1,59,10,5.00,'Ok good product. I have some issues in customizations. But its not correct to blame the developer. The product is good. Good luck for your business.','published','2023-02-20 00:01:56','2023-02-20 00:01:56'),(2,26,5,2.00,'Those guys now what they are doing, the release such a good product that it\'s a pleasure to work with ! Even when I was stuck on the project, I created a ticket and the next day it was replied by the team. GOOD JOB guys. I love working with them :)','published','2023-02-20 00:01:56','2023-02-20 00:01:56'),(3,15,20,2.00,'Ok good product. I have some issues in customizations. But its not correct to blame the developer. The product is good. Good luck for your business.','published','2023-02-20 00:01:56','2023-02-20 00:01:56'),(4,72,13,4.00,'Very enthusiastic support! Excellent code is written. It\'s a true pleasure working with.','published','2023-02-20 00:01:56','2023-02-20 00:01:56'),(5,94,15,2.00,'It\'s not my first experience here on Codecanyon and I can honestly tell you all that Botble puts a LOT of effort into the support. They answer so fast, they helped me tons of times. REALLY by far THE BEST EXPERIENCE on Codecanyon. Those guys at Botble are so good that they deserve 5 stars. I recommend them, I trust them and I can\'t wait to see what they will sell in a near future. Thank you Botble :)','published','2023-02-20 00:01:56','2023-02-20 00:01:56'),(6,74,11,3.00,'Best ecommerce CMS online store!','published','2023-02-20 00:01:56','2023-02-20 00:01:56'),(7,11,3,5.00,'These guys are amazing! Responses immediately, amazing support and help... I immediately feel at ease after Purchasing..','published','2023-02-20 00:01:56','2023-02-20 00:01:56'),(8,48,3,1.00,'Cool template. Excellent code quality. The support responds very quickly, which is very rare on themeforest and codecanyon.net, I buy a lot of templates, and everyone will have a response from technical support for two or three days. Thanks to tech support. I recommend to buy.','published','2023-02-20 00:01:56','2023-02-20 00:01:56'),(9,68,2,4.00,'Customer Support are grade (A*), however the code is a way too over engineered for it\'s purpose.','published','2023-02-20 00:01:56','2023-02-20 00:01:56'),(10,3,15,5.00,'Very enthusiastic support! Excellent code is written. It\'s a true pleasure working with.','published','2023-02-20 00:01:56','2023-02-20 00:01:56'),(11,20,10,4.00,'Best ecommerce CMS online store!','published','2023-02-20 00:01:56','2023-02-20 00:01:56'),(12,57,10,2.00,'The code is good, in general, if you like it, can you give it 5 stars?','published','2023-02-20 00:01:56','2023-02-20 00:01:56'),(13,46,7,1.00,'I Love this Script. I also found how to add other fees. Now I just wait the BIG update for the Marketplace with the Bulk Import. Just do not forget to make it to be Multi-language for us the Botble Fans.','published','2023-02-20 00:01:56','2023-02-20 00:01:56'),(14,29,11,5.00,'The best ecommerce CMS! Excellent coding! best support service! Thank you so much..... I really like your hard work.','published','2023-02-20 00:01:56','2023-02-20 00:01:56'),(15,42,5,4.00,'As a developer I reviewed this script. This is really awesome ecommerce script. I have convinced when I noticed that it\'s built on fully WordPress concept.','published','2023-02-20 00:01:56','2023-02-20 00:01:56'),(16,21,3,3.00,'Clean & perfect source code','published','2023-02-20 00:01:56','2023-02-20 00:01:56'),(17,26,12,5.00,'The script is the best of its class, fast, easy to implement and work with , and the most important thing is the great support team , Recommend with no doubt.','published','2023-02-20 00:01:56','2023-02-20 00:01:56'),(18,29,20,1.00,'These guys are amazing! Responses immediately, amazing support and help... I immediately feel at ease after Purchasing..','published','2023-02-20 00:01:56','2023-02-20 00:01:56'),(19,52,18,4.00,'It\'s not my first experience here on Codecanyon and I can honestly tell you all that Botble puts a LOT of effort into the support. They answer so fast, they helped me tons of times. REALLY by far THE BEST EXPERIENCE on Codecanyon. Those guys at Botble are so good that they deserve 5 stars. I recommend them, I trust them and I can\'t wait to see what they will sell in a near future. Thank you Botble :)','published','2023-02-20 00:01:56','2023-02-20 00:01:56'),(20,97,15,3.00,'Best ecommerce CMS online store!','published','2023-02-20 00:01:56','2023-02-20 00:01:56'),(21,56,16,2.00,'The best ecommerce CMS! Excellent coding! best support service! Thank you so much..... I really like your hard work.','published','2023-02-20 00:01:56','2023-02-20 00:01:56'),(22,92,12,3.00,'I Love this Script. I also found how to add other fees. Now I just wait the BIG update for the Marketplace with the Bulk Import. Just do not forget to make it to be Multi-language for us the Botble Fans.','published','2023-02-20 00:01:56','2023-02-20 00:01:56'),(23,99,14,2.00,'For me the best eCommerce script on Envato at this moment: modern, clean code, a lot of great features. The customer support is great too: I always get an answer within hours!','published','2023-02-20 00:01:56','2023-02-20 00:01:56'),(24,24,17,1.00,'Clean & perfect source code','published','2023-02-20 00:01:56','2023-02-20 00:01:56'),(25,32,2,3.00,'Clean & perfect source code','published','2023-02-20 00:01:56','2023-02-20 00:01:56'),(26,17,12,4.00,'Best ecommerce CMS online store!','published','2023-02-20 00:01:56','2023-02-20 00:01:56'),(27,79,14,4.00,'The best store template! Excellent coding! Very good support! Thank you so much for all the help, I really appreciated.','published','2023-02-20 00:01:56','2023-02-20 00:01:56'),(28,40,14,3.00,'For me the best eCommerce script on Envato at this moment: modern, clean code, a lot of great features. The customer support is great too: I always get an answer within hours!','published','2023-02-20 00:01:56','2023-02-20 00:01:56'),(29,16,2,1.00,'We have received brilliant service support and will be expanding the features with the developer. Nice product!','published','2023-02-20 00:01:56','2023-02-20 00:01:56'),(30,29,5,3.00,'Clean & perfect source code','published','2023-02-20 00:01:56','2023-02-20 00:01:56'),(31,50,4,4.00,'The script is the best of its class, fast, easy to implement and work with , and the most important thing is the great support team , Recommend with no doubt.','published','2023-02-20 00:01:56','2023-02-20 00:01:56'),(32,24,16,3.00,'Best ecommerce CMS online store!','published','2023-02-20 00:01:56','2023-02-20 00:01:56'),(33,45,20,3.00,'Second or third time that I buy a Botble product, happy with the products and support. You guys do a good job :)','published','2023-02-20 00:01:56','2023-02-20 00:01:56'),(34,2,6,4.00,'These guys are amazing! Responses immediately, amazing support and help... I immediately feel at ease after Purchasing..','published','2023-02-20 00:01:56','2023-02-20 00:01:56'),(35,57,1,3.00,'This script is well coded and is super fast. The support is pretty quick. Very patient and helpful team. I strongly recommend it and they deserve more than 5 stars.','published','2023-02-20 00:01:56','2023-02-20 00:01:56'),(36,20,16,4.00,'Cool template. Excellent code quality. The support responds very quickly, which is very rare on themeforest and codecanyon.net, I buy a lot of templates, and everyone will have a response from technical support for two or three days. Thanks to tech support. I recommend to buy.','published','2023-02-20 00:01:56','2023-02-20 00:01:56'),(37,7,10,2.00,'Very enthusiastic support! Excellent code is written. It\'s a true pleasure working with.','published','2023-02-20 00:01:56','2023-02-20 00:01:56'),(38,12,13,4.00,'This script is well coded and is super fast. The support is pretty quick. Very patient and helpful team. I strongly recommend it and they deserve more than 5 stars.','published','2023-02-20 00:01:56','2023-02-20 00:01:56'),(39,81,20,2.00,'These guys are amazing! Responses immediately, amazing support and help... I immediately feel at ease after Purchasing..','published','2023-02-20 00:01:56','2023-02-20 00:01:56'),(40,91,14,4.00,'Those guys now what they are doing, the release such a good product that it\'s a pleasure to work with ! Even when I was stuck on the project, I created a ticket and the next day it was replied by the team. GOOD JOB guys. I love working with them :)','published','2023-02-20 00:01:56','2023-02-20 00:01:56'),(41,98,15,3.00,'Amazing code, amazing support. Overall, im really confident in Botble and im happy I made the right choice! Thank you so much guys for coding this masterpiece','published','2023-02-20 00:01:56','2023-02-20 00:01:56'),(42,76,17,4.00,'We have received brilliant service support and will be expanding the features with the developer. Nice product!','published','2023-02-20 00:01:56','2023-02-20 00:01:56'),(43,21,12,2.00,'Good app, good backup service and support. Good documentation.','published','2023-02-20 00:01:56','2023-02-20 00:01:56'),(44,81,7,1.00,'Very enthusiastic support! Excellent code is written. It\'s a true pleasure working with.','published','2023-02-20 00:01:56','2023-02-20 00:01:56'),(45,51,3,1.00,'Clean & perfect source code','published','2023-02-20 00:01:56','2023-02-20 00:01:56'),(46,8,13,2.00,'Great E-commerce system. And much more : Wonderful Customer Support.','published','2023-02-20 00:01:56','2023-02-20 00:01:56'),(47,8,17,4.00,'This script is well coded and is super fast. The support is pretty quick. Very patient and helpful team. I strongly recommend it and they deserve more than 5 stars.','published','2023-02-20 00:01:56','2023-02-20 00:01:56'),(48,48,11,3.00,'Best ecommerce CMS online store!','published','2023-02-20 00:01:56','2023-02-20 00:01:56'),(49,26,6,4.00,'Customer Support are grade (A*), however the code is a way too over engineered for it\'s purpose.','published','2023-02-20 00:01:56','2023-02-20 00:01:56'),(50,34,4,5.00,'Second or third time that I buy a Botble product, happy with the products and support. You guys do a good job :)','published','2023-02-20 00:01:56','2023-02-20 00:01:56'),(51,33,19,3.00,'The best store template! Excellent coding! Very good support! Thank you so much for all the help, I really appreciated.','published','2023-02-20 00:01:56','2023-02-20 00:01:56'),(52,28,11,4.00,'Cool template. Excellent code quality. The support responds very quickly, which is very rare on themeforest and codecanyon.net, I buy a lot of templates, and everyone will have a response from technical support for two or three days. Thanks to tech support. I recommend to buy.','published','2023-02-20 00:01:56','2023-02-20 00:01:56'),(53,73,2,3.00,'This script is well coded and is super fast. The support is pretty quick. Very patient and helpful team. I strongly recommend it and they deserve more than 5 stars.','published','2023-02-20 00:01:56','2023-02-20 00:01:56'),(54,49,12,5.00,'Best ecommerce CMS online store!','published','2023-02-20 00:01:56','2023-02-20 00:01:56'),(55,64,20,2.00,'Second or third time that I buy a Botble product, happy with the products and support. You guys do a good job :)','published','2023-02-20 00:01:56','2023-02-20 00:01:56'),(56,66,2,2.00,'Those guys now what they are doing, the release such a good product that it\'s a pleasure to work with ! Even when I was stuck on the project, I created a ticket and the next day it was replied by the team. GOOD JOB guys. I love working with them :)','published','2023-02-20 00:01:56','2023-02-20 00:01:56'),(57,2,15,1.00,'It\'s not my first experience here on Codecanyon and I can honestly tell you all that Botble puts a LOT of effort into the support. They answer so fast, they helped me tons of times. REALLY by far THE BEST EXPERIENCE on Codecanyon. Those guys at Botble are so good that they deserve 5 stars. I recommend them, I trust them and I can\'t wait to see what they will sell in a near future. Thank you Botble :)','published','2023-02-20 00:01:56','2023-02-20 00:01:56'),(58,12,8,2.00,'The script is the best of its class, fast, easy to implement and work with , and the most important thing is the great support team , Recommend with no doubt.','published','2023-02-20 00:01:56','2023-02-20 00:01:56'),(59,20,17,1.00,'The code is good, in general, if you like it, can you give it 5 stars?','published','2023-02-20 00:01:56','2023-02-20 00:01:56'),(60,86,1,1.00,'Amazing code, amazing support. Overall, im really confident in Botble and im happy I made the right choice! Thank you so much guys for coding this masterpiece','published','2023-02-20 00:01:56','2023-02-20 00:01:56'),(61,55,6,4.00,'Ok good product. I have some issues in customizations. But its not correct to blame the developer. The product is good. Good luck for your business.','published','2023-02-20 00:01:56','2023-02-20 00:01:56'),(62,53,13,2.00,'Ok good product. I have some issues in customizations. But its not correct to blame the developer. The product is good. Good luck for your business.','published','2023-02-20 00:01:56','2023-02-20 00:01:56'),(63,11,2,3.00,'Clean & perfect source code','published','2023-02-20 00:01:56','2023-02-20 00:01:56'),(64,56,6,2.00,'Those guys now what they are doing, the release such a good product that it\'s a pleasure to work with ! Even when I was stuck on the project, I created a ticket and the next day it was replied by the team. GOOD JOB guys. I love working with them :)','published','2023-02-20 00:01:56','2023-02-20 00:01:56'),(65,62,8,5.00,'I Love this Script. I also found how to add other fees. Now I just wait the BIG update for the Marketplace with the Bulk Import. Just do not forget to make it to be Multi-language for us the Botble Fans.','published','2023-02-20 00:01:56','2023-02-20 00:01:56'),(66,81,3,1.00,'Best ecommerce CMS online store!','published','2023-02-20 00:01:56','2023-02-20 00:01:56'),(67,98,3,3.00,'This script is well coded and is super fast. The support is pretty quick. Very patient and helpful team. I strongly recommend it and they deserve more than 5 stars.','published','2023-02-20 00:01:56','2023-02-20 00:01:56'),(68,83,15,5.00,'Solution is too robust for our purpose so we didn\'t use it at the end. But I appreciate customer support during initial configuration.','published','2023-02-20 00:01:56','2023-02-20 00:01:56'),(69,58,19,2.00,'The code is good, in general, if you like it, can you give it 5 stars?','published','2023-02-20 00:01:56','2023-02-20 00:01:56'),(70,33,17,1.00,'Great system, great support, good job Botble. I\'m looking forward to more great functional plugins.','published','2023-02-20 00:01:56','2023-02-20 00:01:56'),(71,52,9,1.00,'Solution is too robust for our purpose so we didn\'t use it at the end. But I appreciate customer support during initial configuration.','published','2023-02-20 00:01:56','2023-02-20 00:01:56'),(72,44,17,3.00,'Clean & perfect source code','published','2023-02-20 00:01:56','2023-02-20 00:01:56'),(73,67,12,1.00,'Best ecommerce CMS online store!','published','2023-02-20 00:01:56','2023-02-20 00:01:56'),(74,28,19,4.00,'The best ecommerce CMS! Excellent coding! best support service! Thank you so much..... I really like your hard work.','published','2023-02-20 00:01:56','2023-02-20 00:01:56'),(75,52,13,1.00,'The script is the best of its class, fast, easy to implement and work with , and the most important thing is the great support team , Recommend with no doubt.','published','2023-02-20 00:01:56','2023-02-20 00:01:56'),(76,37,5,3.00,'I Love this Script. I also found how to add other fees. Now I just wait the BIG update for the Marketplace with the Bulk Import. Just do not forget to make it to be Multi-language for us the Botble Fans.','published','2023-02-20 00:01:56','2023-02-20 00:01:56'),(77,27,18,3.00,'We have received brilliant service support and will be expanding the features with the developer. Nice product!','published','2023-02-20 00:01:56','2023-02-20 00:01:56'),(78,65,2,2.00,'The code is good, in general, if you like it, can you give it 5 stars?','published','2023-02-20 00:01:56','2023-02-20 00:01:56'),(79,64,1,4.00,'Those guys now what they are doing, the release such a good product that it\'s a pleasure to work with ! Even when I was stuck on the project, I created a ticket and the next day it was replied by the team. GOOD JOB guys. I love working with them :)','published','2023-02-20 00:01:56','2023-02-20 00:01:56'),(80,72,18,1.00,'The best ecommerce CMS! Excellent coding! best support service! Thank you so much..... I really like your hard work.','published','2023-02-20 00:01:56','2023-02-20 00:01:56'),(81,44,5,3.00,'Good app, good backup service and support. Good documentation.','published','2023-02-20 00:01:56','2023-02-20 00:01:56'),(82,24,5,4.00,'Great system, great support, good job Botble. I\'m looking forward to more great functional plugins.','published','2023-02-20 00:01:56','2023-02-20 00:01:56'),(83,97,6,4.00,'We have received brilliant service support and will be expanding the features with the developer. Nice product!','published','2023-02-20 00:01:56','2023-02-20 00:01:56'),(84,13,19,4.00,'The script is the best of its class, fast, easy to implement and work with , and the most important thing is the great support team , Recommend with no doubt.','published','2023-02-20 00:01:56','2023-02-20 00:01:56'),(85,100,20,3.00,'Great E-commerce system. And much more : Wonderful Customer Support.','published','2023-02-20 00:01:56','2023-02-20 00:01:56'),(86,21,7,3.00,'This script is well coded and is super fast. The support is pretty quick. Very patient and helpful team. I strongly recommend it and they deserve more than 5 stars.','published','2023-02-20 00:01:56','2023-02-20 00:01:56'),(87,56,6,5.00,'Amazing code, amazing support. Overall, im really confident in Botble and im happy I made the right choice! Thank you so much guys for coding this masterpiece','published','2023-02-20 00:01:56','2023-02-20 00:01:56'),(88,28,3,3.00,'It\'s not my first experience here on Codecanyon and I can honestly tell you all that Botble puts a LOT of effort into the support. They answer so fast, they helped me tons of times. REALLY by far THE BEST EXPERIENCE on Codecanyon. Those guys at Botble are so good that they deserve 5 stars. I recommend them, I trust them and I can\'t wait to see what they will sell in a near future. Thank you Botble :)','published','2023-02-20 00:01:56','2023-02-20 00:01:56'),(89,89,7,5.00,'Amazing code, amazing support. Overall, im really confident in Botble and im happy I made the right choice! Thank you so much guys for coding this masterpiece','published','2023-02-20 00:01:56','2023-02-20 00:01:56'),(90,69,13,4.00,'Amazing code, amazing support. Overall, im really confident in Botble and im happy I made the right choice! Thank you so much guys for coding this masterpiece','published','2023-02-20 00:01:56','2023-02-20 00:01:56'),(91,52,13,1.00,'We have received brilliant service support and will be expanding the features with the developer. Nice product!','published','2023-02-20 00:01:56','2023-02-20 00:01:56'),(92,55,19,5.00,'Customer Support are grade (A*), however the code is a way too over engineered for it\'s purpose.','published','2023-02-20 00:01:56','2023-02-20 00:01:56'),(93,90,5,5.00,'The code is good, in general, if you like it, can you give it 5 stars?','published','2023-02-20 00:01:56','2023-02-20 00:01:56'),(94,37,14,3.00,'We have received brilliant service support and will be expanding the features with the developer. Nice product!','published','2023-02-20 00:01:56','2023-02-20 00:01:56'),(95,56,5,3.00,'The best ecommerce CMS! Excellent coding! best support service! Thank you so much..... I really like your hard work.','published','2023-02-20 00:01:56','2023-02-20 00:01:56'),(96,77,2,3.00,'Cool template. Excellent code quality. The support responds very quickly, which is very rare on themeforest and codecanyon.net, I buy a lot of templates, and everyone will have a response from technical support for two or three days. Thanks to tech support. I recommend to buy.','published','2023-02-20 00:01:56','2023-02-20 00:01:56'),(97,3,5,5.00,'As a developer I reviewed this script. This is really awesome ecommerce script. I have convinced when I noticed that it\'s built on fully WordPress concept.','published','2023-02-20 00:01:56','2023-02-20 00:01:56'),(98,18,14,3.00,'This script is well coded and is super fast. The support is pretty quick. Very patient and helpful team. I strongly recommend it and they deserve more than 5 stars.','published','2023-02-20 00:01:56','2023-02-20 00:01:56'),(99,7,16,2.00,'Perfect +++++++++ i love it really also i get to fast ticket answers... Thanks Lot BOTBLE Teams','published','2023-02-20 00:01:56','2023-02-20 00:01:56'),(100,7,1,5.00,'The best store template! Excellent coding! Very good support! Thank you so much for all the help, I really appreciated.','published','2023-02-20 00:01:56','2023-02-20 00:01:56');

--
-- Table structure for table `jb_saved_jobs`
--

CREATE TABLE `jb_saved_jobs` (
  `account_id` int unsigned NOT NULL,
  `job_id` int unsigned NOT NULL,
  PRIMARY KEY (`account_id`,`job_id`)
) ENGINE=InnoDB DEFAULT CHARSET=utf8mb4 COLLATE=utf8mb4_unicode_ci;

--
-- Dumping data for table `jb_saved_jobs`
--


--
-- Table structure for table `jb_tags`
--

CREATE TABLE `jb_tags` (
  `id` bigint unsigned NOT NULL AUTO_INCREMENT,
  `name` varchar(120) COLLATE utf8mb4_unicode_ci NOT NULL,
  `description` varchar(400) COLLATE utf8mb4_unicode_ci DEFAULT NULL,
  `status` varchar(60) COLLATE utf8mb4_unicode_ci NOT NULL DEFAULT 'published',
  `created_at` timestamp NULL DEFAULT NULL,
  `updated_at` timestamp NULL DEFAULT NULL,
  PRIMARY KEY (`id`)
) ENGINE=InnoDB AUTO_INCREMENT=9 DEFAULT CHARSET=utf8mb4 COLLATE=utf8mb4_unicode_ci;

--
-- Dumping data for table `jb_tags`
--

INSERT INTO `jb_tags` VALUES (1,'Illustrator','','published','2023-02-20 00:01:49','2023-02-20 00:01:49'),(2,'Adobe XD','','published','2023-02-20 00:01:49','2023-02-20 00:01:49'),(3,'Figma','','published','2023-02-20 00:01:49','2023-02-20 00:01:49'),(4,'Sketch','','published','2023-02-20 00:01:49','2023-02-20 00:01:49'),(5,'Lunacy','','published','2023-02-20 00:01:49','2023-02-20 00:01:49'),(6,'PHP','','published','2023-02-20 00:01:49','2023-02-20 00:01:49'),(7,'Python','','published','2023-02-20 00:01:49','2023-02-20 00:01:49'),(8,'JavaScript','','published','2023-02-20 00:01:49','2023-02-20 00:01:49');

--
-- Table structure for table `jb_tags_translations`
--

CREATE TABLE `jb_tags_translations` (
  `lang_code` varchar(191) COLLATE utf8mb4_unicode_ci NOT NULL,
  `jb_tags_id` int NOT NULL,
  `name` varchar(191) COLLATE utf8mb4_unicode_ci DEFAULT NULL,
  PRIMARY KEY (`lang_code`,`jb_tags_id`)
) ENGINE=InnoDB DEFAULT CHARSET=utf8mb4 COLLATE=utf8mb4_unicode_ci;

--
-- Dumping data for table `jb_tags_translations`
--


--
-- Table structure for table `jb_transactions`
--

CREATE TABLE `jb_transactions` (
  `id` int unsigned NOT NULL AUTO_INCREMENT,
  `credits` int unsigned NOT NULL,
  `description` varchar(255) COLLATE utf8mb4_unicode_ci DEFAULT NULL,
  `user_id` bigint unsigned DEFAULT NULL,
  `account_id` bigint unsigned DEFAULT NULL,
  `type` varchar(191) COLLATE utf8mb4_unicode_ci NOT NULL DEFAULT 'add',
  `payment_id` int unsigned DEFAULT NULL,
  `created_at` timestamp NULL DEFAULT NULL,
  `updated_at` timestamp NULL DEFAULT NULL,
  PRIMARY KEY (`id`)
) ENGINE=InnoDB DEFAULT CHARSET=utf8mb4 COLLATE=utf8mb4_unicode_ci;

--
-- Dumping data for table `jb_transactions`
--


--
-- Table structure for table `jobs`
--

CREATE TABLE `jobs` (
  `id` bigint unsigned NOT NULL AUTO_INCREMENT,
  `queue` varchar(191) COLLATE utf8mb4_unicode_ci NOT NULL,
  `payload` longtext COLLATE utf8mb4_unicode_ci NOT NULL,
  `attempts` tinyint unsigned NOT NULL,
  `reserved_at` int unsigned DEFAULT NULL,
  `available_at` int unsigned NOT NULL,
  `created_at` int unsigned NOT NULL,
  PRIMARY KEY (`id`),
  KEY `jobs_queue_index` (`queue`)
) ENGINE=InnoDB DEFAULT CHARSET=utf8mb4 COLLATE=utf8mb4_unicode_ci;

--
-- Dumping data for table `jobs`
--


--
-- Table structure for table `language_meta`
--

CREATE TABLE `language_meta` (
  `lang_meta_id` int unsigned NOT NULL AUTO_INCREMENT,
  `lang_meta_code` text COLLATE utf8mb4_unicode_ci,
  `lang_meta_origin` varchar(255) COLLATE utf8mb4_unicode_ci NOT NULL,
  `reference_id` int unsigned NOT NULL,
  `reference_type` varchar(120) COLLATE utf8mb4_unicode_ci NOT NULL,
  PRIMARY KEY (`lang_meta_id`),
  KEY `language_meta_reference_id_index` (`reference_id`)
) ENGINE=InnoDB AUTO_INCREMENT=13 DEFAULT CHARSET=utf8mb4 COLLATE=utf8mb4_unicode_ci;

--
-- Dumping data for table `language_meta`
--

INSERT INTO `language_meta` VALUES (1,'en_US','673038c952b5bdcd9f4df32c0bb8ebda',1,'Botble\\Menu\\Models\\MenuLocation'),(2,'en_US','02a3d6feaa9aa7f0547a59fa94a70cff',1,'Botble\\Menu\\Models\\Menu'),(3,'en_US','b603ef8d52be14649b817a6220e62932',2,'Botble\\Menu\\Models\\Menu'),(4,'en_US','bf54e97e205ceaa1e2bcecfeb25a1008',3,'Botble\\Menu\\Models\\Menu'),(5,'en_US','f7ba73fa62483a4cad57adc943a2f944',4,'Botble\\Menu\\Models\\Menu'),(6,'en_US','905680ffd04146402cc580030efb7f69',5,'Botble\\Menu\\Models\\Menu'),(7,'vi','61a1191d6a6ecafd9a36a64d788cf607',2,'Botble\\Menu\\Models\\MenuLocation'),(8,'vi','02a3d6feaa9aa7f0547a59fa94a70cff',6,'Botble\\Menu\\Models\\Menu'),(9,'vi','b603ef8d52be14649b817a6220e62932',7,'Botble\\Menu\\Models\\Menu'),(10,'vi','bf54e97e205ceaa1e2bcecfeb25a1008',8,'Botble\\Menu\\Models\\Menu'),(11,'vi','f7ba73fa62483a4cad57adc943a2f944',9,'Botble\\Menu\\Models\\Menu'),(12,'vi','905680ffd04146402cc580030efb7f69',10,'Botble\\Menu\\Models\\Menu');

--
-- Table structure for table `languages`
--

CREATE TABLE `languages` (
  `lang_id` int unsigned NOT NULL AUTO_INCREMENT,
  `lang_name` varchar(120) COLLATE utf8mb4_unicode_ci NOT NULL,
  `lang_locale` varchar(20) COLLATE utf8mb4_unicode_ci NOT NULL,
  `lang_code` varchar(20) COLLATE utf8mb4_unicode_ci NOT NULL,
  `lang_flag` varchar(20) COLLATE utf8mb4_unicode_ci DEFAULT NULL,
  `lang_is_default` tinyint unsigned NOT NULL DEFAULT '0',
  `lang_order` int NOT NULL DEFAULT '0',
  `lang_is_rtl` tinyint unsigned NOT NULL DEFAULT '0',
  PRIMARY KEY (`lang_id`)
) ENGINE=InnoDB AUTO_INCREMENT=3 DEFAULT CHARSET=utf8mb4 COLLATE=utf8mb4_unicode_ci;

--
-- Dumping data for table `languages`
--

INSERT INTO `languages` VALUES (1,'English','en','en_US','us',1,0,0),(2,'Tiếng Việt','vi','vi','vn',0,0,0);

--
-- Table structure for table `media_files`
--

CREATE TABLE `media_files` (
  `id` bigint unsigned NOT NULL AUTO_INCREMENT,
  `user_id` int unsigned NOT NULL,
  `name` varchar(255) COLLATE utf8mb4_unicode_ci NOT NULL,
  `alt` varchar(191) COLLATE utf8mb4_unicode_ci DEFAULT NULL,
  `folder_id` int unsigned NOT NULL DEFAULT '0',
  `mime_type` varchar(120) COLLATE utf8mb4_unicode_ci NOT NULL,
  `size` int NOT NULL,
  `url` varchar(255) COLLATE utf8mb4_unicode_ci NOT NULL,
  `options` text COLLATE utf8mb4_unicode_ci,
  `created_at` timestamp NULL DEFAULT NULL,
  `updated_at` timestamp NULL DEFAULT NULL,
  `deleted_at` timestamp NULL DEFAULT NULL,
  PRIMARY KEY (`id`),
  KEY `media_files_user_id_index` (`user_id`),
  KEY `media_files_index` (`folder_id`,`user_id`,`created_at`)
) ENGINE=InnoDB AUTO_INCREMENT=168 DEFAULT CHARSET=utf8mb4 COLLATE=utf8mb4_unicode_ci;

--
-- Dumping data for table `media_files`
--

INSERT INTO `media_files` VALUES (1,0,'background_breadcrumb','background_breadcrumb',1,'image/png',6090,'pages/background-breadcrumb.png','[]','2023-02-20 00:01:45','2023-02-20 00:01:45',NULL),(2,0,'banner-section-search-box','banner-section-search-box',1,'image/png',20416,'pages/banner-section-search-box.png','[]','2023-02-20 00:01:45','2023-02-20 00:01:45',NULL),(3,0,'banner1','banner1',1,'image/png',7360,'pages/banner1.png','[]','2023-02-20 00:01:45','2023-02-20 00:01:45',NULL),(4,0,'banner2','banner2',1,'image/png',4899,'pages/banner2.png','[]','2023-02-20 00:01:45','2023-02-20 00:01:45',NULL),(5,0,'banner3','banner3',1,'image/png',2451,'pages/banner3.png','[]','2023-02-20 00:01:45','2023-02-20 00:01:45',NULL),(6,0,'banner4','banner4',1,'image/png',1931,'pages/banner4.png','[]','2023-02-20 00:01:45','2023-02-20 00:01:45',NULL),(7,0,'banner5','banner5',1,'image/png',1525,'pages/banner5.png','[]','2023-02-20 00:01:45','2023-02-20 00:01:45',NULL),(8,0,'banner6','banner6',1,'image/png',1588,'pages/banner6.png','[]','2023-02-20 00:01:45','2023-02-20 00:01:45',NULL),(9,0,'bg-breadcrumb','bg-breadcrumb',1,'image/png',5608,'pages/bg-breadcrumb.png','[]','2023-02-20 00:01:45','2023-02-20 00:01:45',NULL),(10,0,'bg-cat','bg-cat',1,'image/png',8150,'pages/bg-cat.png','[]','2023-02-20 00:01:45','2023-02-20 00:01:45',NULL),(11,0,'bg-left-hiring','bg-left-hiring',1,'image/png',1610,'pages/bg-left-hiring.png','[]','2023-02-20 00:01:46','2023-02-20 00:01:46',NULL),(12,0,'bg-newsletter','bg-newsletter',1,'image/png',1626,'pages/bg-newsletter.png','[]','2023-02-20 00:01:46','2023-02-20 00:01:46',NULL),(13,0,'bg-right-hiring','bg-right-hiring',1,'image/png',3053,'pages/bg-right-hiring.png','[]','2023-02-20 00:01:46','2023-02-20 00:01:46',NULL),(14,0,'controlcard','controlcard',1,'image/png',7383,'pages/controlcard.png','[]','2023-02-20 00:01:46','2023-02-20 00:01:46',NULL),(15,0,'home-page-4-banner','home-page-4-banner',1,'image/png',7575,'pages/home-page-4-banner.png','[]','2023-02-20 00:01:46','2023-02-20 00:01:46',NULL),(16,0,'icon-bottom-banner','icon-bottom-banner',1,'image/png',208,'pages/icon-bottom-banner.png','[]','2023-02-20 00:01:46','2023-02-20 00:01:46',NULL),(17,0,'icon-top-banner','icon-top-banner',1,'image/png',219,'pages/icon-top-banner.png','[]','2023-02-20 00:01:46','2023-02-20 00:01:46',NULL),(18,0,'img-banner','img-banner',1,'image/png',10509,'pages/img-banner.png','[]','2023-02-20 00:01:46','2023-02-20 00:01:46',NULL),(19,0,'img-chart','img-chart',1,'image/png',7528,'pages/img-chart.png','[]','2023-02-20 00:01:46','2023-02-20 00:01:46',NULL),(20,0,'img-job-search','img-job-search',1,'image/png',36465,'pages/img-job-search.png','[]','2023-02-20 00:01:46','2023-02-20 00:01:46',NULL),(21,0,'img-profile','img-profile',1,'image/png',9144,'pages/img-profile.png','[]','2023-02-20 00:01:46','2023-02-20 00:01:46',NULL),(22,0,'img-single','img-single',1,'image/png',13091,'pages/img-single.png','[]','2023-02-20 00:01:46','2023-02-20 00:01:46',NULL),(23,0,'img1','img1',1,'image/png',10186,'pages/img1.png','[]','2023-02-20 00:01:46','2023-02-20 00:01:46',NULL),(24,0,'job-tools','job-tools',1,'image/png',2195,'pages/job-tools.png','[]','2023-02-20 00:01:46','2023-02-20 00:01:46',NULL),(25,0,'left-job-head','left-job-head',1,'image/png',14923,'pages/left-job-head.png','[]','2023-02-20 00:01:46','2023-02-20 00:01:46',NULL),(26,0,'newsletter-left','newsletter-left',1,'image/png',4156,'pages/newsletter-left.png','[]','2023-02-20 00:01:46','2023-02-20 00:01:46',NULL),(27,0,'newsletter-right','newsletter-right',1,'image/png',2865,'pages/newsletter-right.png','[]','2023-02-20 00:01:46','2023-02-20 00:01:46',NULL),(28,0,'planning-job','planning-job',1,'image/png',1604,'pages/planning-job.png','[]','2023-02-20 00:01:46','2023-02-20 00:01:46',NULL),(29,0,'right-job-head','right-job-head',1,'image/png',10922,'pages/right-job-head.png','[]','2023-02-20 00:01:46','2023-02-20 00:01:46',NULL),(40,0,'acer','acer',3,'image/png',263,'our-partners/acer.png','[]','2023-02-20 00:01:46','2023-02-20 00:01:46',NULL),(41,0,'asus','asus',3,'image/png',293,'our-partners/asus.png','[]','2023-02-20 00:01:46','2023-02-20 00:01:46',NULL),(42,0,'dell','dell',3,'image/png',275,'our-partners/dell.png','[]','2023-02-20 00:01:46','2023-02-20 00:01:46',NULL),(43,0,'microsoft','microsoft',3,'image/png',266,'our-partners/microsoft.png','[]','2023-02-20 00:01:46','2023-02-20 00:01:46',NULL),(44,0,'nokia','nokia',3,'image/png',287,'our-partners/nokia.png','[]','2023-02-20 00:01:46','2023-02-20 00:01:46',NULL),(45,0,'1','1',4,'image/jpeg',2165,'news/1.jpg','[]','2023-02-20 00:01:46','2023-02-20 00:01:46',NULL),(46,0,'10','10',4,'image/jpeg',2165,'news/10.jpg','[]','2023-02-20 00:01:46','2023-02-20 00:01:46',NULL),(47,0,'11','11',4,'image/jpeg',2165,'news/11.jpg','[]','2023-02-20 00:01:46','2023-02-20 00:01:46',NULL),(48,0,'12','12',4,'image/jpeg',2165,'news/12.jpg','[]','2023-02-20 00:01:46','2023-02-20 00:01:46',NULL),(49,0,'13','13',4,'image/jpeg',2165,'news/13.jpg','[]','2023-02-20 00:01:46','2023-02-20 00:01:46',NULL),(50,0,'14','14',4,'image/jpeg',2165,'news/14.jpg','[]','2023-02-20 00:01:46','2023-02-20 00:01:46',NULL),(51,0,'15','15',4,'image/jpeg',2165,'news/15.jpg','[]','2023-02-20 00:01:46','2023-02-20 00:01:46',NULL),(52,0,'16','16',4,'image/jpeg',2165,'news/16.jpg','[]','2023-02-20 00:01:46','2023-02-20 00:01:46',NULL),(53,0,'2','2',4,'image/jpeg',2165,'news/2.jpg','[]','2023-02-20 00:01:46','2023-02-20 00:01:46',NULL),(54,0,'3','3',4,'image/jpeg',2165,'news/3.jpg','[]','2023-02-20 00:01:46','2023-02-20 00:01:46',NULL),(55,0,'4','4',4,'image/jpeg',2165,'news/4.jpg','[]','2023-02-20 00:01:47','2023-02-20 00:01:47',NULL),(56,0,'5','5',4,'image/jpeg',2165,'news/5.jpg','[]','2023-02-20 00:01:47','2023-02-20 00:01:47',NULL),(57,0,'6','6',4,'image/jpeg',2165,'news/6.jpg','[]','2023-02-20 00:01:47','2023-02-20 00:01:47',NULL),(58,0,'7','7',4,'image/jpeg',2165,'news/7.jpg','[]','2023-02-20 00:01:47','2023-02-20 00:01:47',NULL),(59,0,'8','8',4,'image/jpeg',2165,'news/8.jpg','[]','2023-02-20 00:01:47','2023-02-20 00:01:47',NULL),(60,0,'9','9',4,'image/jpeg',2165,'news/9.jpg','[]','2023-02-20 00:01:47','2023-02-20 00:01:47',NULL),(61,0,'cover-image1','cover-image1',4,'image/png',2165,'news/cover-image1.png','[]','2023-02-20 00:01:47','2023-02-20 00:01:47',NULL),(62,0,'cover-image2','cover-image2',4,'image/png',2165,'news/cover-image2.png','[]','2023-02-20 00:01:47','2023-02-20 00:01:47',NULL),(63,0,'cover-image3','cover-image3',4,'image/png',2165,'news/cover-image3.png','[]','2023-02-20 00:01:47','2023-02-20 00:01:47',NULL),(64,0,'img-news1','img-news1',4,'image/png',2165,'news/img-news1.png','[]','2023-02-20 00:01:47','2023-02-20 00:01:47',NULL),(65,0,'img-news2','img-news2',4,'image/png',2165,'news/img-news2.png','[]','2023-02-20 00:01:47','2023-02-20 00:01:47',NULL),(66,0,'img-news3','img-news3',4,'image/png',2165,'news/img-news3.png','[]','2023-02-20 00:01:47','2023-02-20 00:01:47',NULL),(67,0,'1','1',5,'image/jpeg',6956,'galleries/1.jpg','[]','2023-02-20 00:01:47','2023-02-20 00:01:47',NULL),(68,0,'10','10',5,'image/jpeg',2165,'galleries/10.jpg','[]','2023-02-20 00:01:47','2023-02-20 00:01:47',NULL),(69,0,'2','2',5,'image/jpeg',6956,'galleries/2.jpg','[]','2023-02-20 00:01:47','2023-02-20 00:01:47',NULL),(70,0,'3','3',5,'image/jpeg',6956,'galleries/3.jpg','[]','2023-02-20 00:01:47','2023-02-20 00:01:47',NULL),(71,0,'4','4',5,'image/jpeg',6956,'galleries/4.jpg','[]','2023-02-20 00:01:47','2023-02-20 00:01:47',NULL),(72,0,'5','5',5,'image/jpeg',6956,'galleries/5.jpg','[]','2023-02-20 00:01:47','2023-02-20 00:01:47',NULL),(73,0,'6','6',5,'image/jpeg',6956,'galleries/6.jpg','[]','2023-02-20 00:01:47','2023-02-20 00:01:47',NULL),(74,0,'7','7',5,'image/jpeg',6956,'galleries/7.jpg','[]','2023-02-20 00:01:47','2023-02-20 00:01:47',NULL),(75,0,'8','8',5,'image/jpeg',2165,'galleries/8.jpg','[]','2023-02-20 00:01:47','2023-02-20 00:01:47',NULL),(76,0,'9','9',5,'image/jpeg',2165,'galleries/9.jpg','[]','2023-02-20 00:01:47','2023-02-20 00:01:47',NULL),(77,0,'widget-banner','widget-banner',6,'image/png',11046,'widgets/widget-banner.png','[]','2023-02-20 00:01:47','2023-02-20 00:01:47',NULL),(78,0,'404','404',7,'image/png',2960,'general/404.png','[]','2023-02-20 00:01:47','2023-02-20 00:01:47',NULL),(79,0,'android','android',7,'image/png',455,'general/android.png','[]','2023-02-20 00:01:47','2023-02-20 00:01:47',NULL),(80,0,'app-store','app-store',7,'image/png',455,'general/app-store.png','[]','2023-02-20 00:01:47','2023-02-20 00:01:47',NULL),(81,0,'content','content',7,'image/png',679,'general/content.png','[]','2023-02-20 00:01:47','2023-02-20 00:01:47',NULL),(82,0,'cover-image','cover-image',7,'image/png',8959,'general/cover-image.png','[]','2023-02-20 00:01:47','2023-02-20 00:01:47',NULL),(83,0,'customer','customer',7,'image/png',1104,'general/customer.png','[]','2023-02-20 00:01:47','2023-02-20 00:01:47',NULL),(84,0,'favicon','favicon',7,'image/png',381,'general/favicon.png','[]','2023-02-20 00:01:47','2023-02-20 00:01:47',NULL),(85,0,'finance','finance',7,'image/png',1032,'general/finance.png','[]','2023-02-20 00:01:47','2023-02-20 00:01:47',NULL),(86,0,'human','human',7,'image/png',983,'general/human.png','[]','2023-02-20 00:01:47','2023-02-20 00:01:47',NULL),(87,0,'img-about2','img-about2',7,'image/png',37269,'general/img-about2.png','[]','2023-02-20 00:01:47','2023-02-20 00:01:47',NULL),(88,0,'lightning','lightning',7,'image/png',1108,'general/lightning.png','[]','2023-02-20 00:01:47','2023-02-20 00:01:47',NULL),(89,0,'logo-company','logo-company',7,'image/png',1196,'general/logo-company.png','[]','2023-02-20 00:01:47','2023-02-20 00:01:47',NULL),(90,0,'logo-light','logo-light',7,'image/png',1051,'general/logo-light.png','[]','2023-02-20 00:01:48','2023-02-20 00:01:48',NULL),(91,0,'logo','logo',7,'image/png',931,'general/logo.png','[]','2023-02-20 00:01:48','2023-02-20 00:01:48',NULL),(92,0,'management','management',7,'image/png',789,'general/management.png','[]','2023-02-20 00:01:48','2023-02-20 00:01:48',NULL),(93,0,'marketing','marketing',7,'image/png',822,'general/marketing.png','[]','2023-02-20 00:01:48','2023-02-20 00:01:48',NULL),(94,0,'newsletter-background-image','newsletter-background-image',7,'image/png',9797,'general/newsletter-background-image.png','[]','2023-02-20 00:01:48','2023-02-20 00:01:48',NULL),(95,0,'newsletter-image-left','newsletter-image-left',7,'image/png',4156,'general/newsletter-image-left.png','[]','2023-02-20 00:01:48','2023-02-20 00:01:48',NULL),(96,0,'newsletter-image-right','newsletter-image-right',7,'image/png',2865,'general/newsletter-image-right.png','[]','2023-02-20 00:01:48','2023-02-20 00:01:48',NULL),(97,0,'research','research',7,'image/png',1184,'general/research.png','[]','2023-02-20 00:01:48','2023-02-20 00:01:48',NULL),(98,0,'retail','retail',7,'image/png',2965,'general/retail.png','[]','2023-02-20 00:01:48','2023-02-20 00:01:48',NULL),(99,0,'security','security',7,'image/png',3078,'general/security.png','[]','2023-02-20 00:01:48','2023-02-20 00:01:48',NULL),(100,0,'img-1','img-1',8,'image/png',2356,'authentication/img-1.png','[]','2023-02-20 00:01:48','2023-02-20 00:01:48',NULL),(101,0,'img-2','img-2',8,'image/png',4988,'authentication/img-2.png','[]','2023-02-20 00:01:48','2023-02-20 00:01:48',NULL),(102,0,'location1','location1',9,'image/png',5128,'locations/location1.png','[]','2023-02-20 00:01:48','2023-02-20 00:01:48',NULL),(103,0,'location2','location2',9,'image/png',5900,'locations/location2.png','[]','2023-02-20 00:01:48','2023-02-20 00:01:48',NULL),(104,0,'location3','location3',9,'image/png',5255,'locations/location3.png','[]','2023-02-20 00:01:48','2023-02-20 00:01:48',NULL),(105,0,'location4','location4',9,'image/png',5238,'locations/location4.png','[]','2023-02-20 00:01:48','2023-02-20 00:01:48',NULL),(106,0,'location5','location5',9,'image/png',5119,'locations/location5.png','[]','2023-02-20 00:01:48','2023-02-20 00:01:48',NULL),(107,0,'location6','location6',9,'image/png',4870,'locations/location6.png','[]','2023-02-20 00:01:48','2023-02-20 00:01:48',NULL),(108,0,'1','1',10,'image/png',386,'job-categories/1.png','[]','2023-02-20 00:01:48','2023-02-20 00:01:48',NULL),(109,0,'10','10',10,'image/png',386,'job-categories/10.png','[]','2023-02-20 00:01:48','2023-02-20 00:01:48',NULL),(110,0,'11','11',10,'image/png',386,'job-categories/11.png','[]','2023-02-20 00:01:48','2023-02-20 00:01:48',NULL),(111,0,'12','12',10,'image/png',386,'job-categories/12.png','[]','2023-02-20 00:01:48','2023-02-20 00:01:48',NULL),(112,0,'13','13',10,'image/png',386,'job-categories/13.png','[]','2023-02-20 00:01:48','2023-02-20 00:01:48',NULL),(113,0,'14','14',10,'image/png',386,'job-categories/14.png','[]','2023-02-20 00:01:48','2023-02-20 00:01:48',NULL),(114,0,'15','15',10,'image/png',386,'job-categories/15.png','[]','2023-02-20 00:01:48','2023-02-20 00:01:48',NULL),(115,0,'16','16',10,'image/png',386,'job-categories/16.png','[]','2023-02-20 00:01:48','2023-02-20 00:01:48',NULL),(116,0,'17','17',10,'image/png',386,'job-categories/17.png','[]','2023-02-20 00:01:48','2023-02-20 00:01:48',NULL),(117,0,'18','18',10,'image/png',386,'job-categories/18.png','[]','2023-02-20 00:01:48','2023-02-20 00:01:48',NULL),(118,0,'19','19',10,'image/png',386,'job-categories/19.png','[]','2023-02-20 00:01:48','2023-02-20 00:01:48',NULL),(119,0,'2','2',10,'image/png',386,'job-categories/2.png','[]','2023-02-20 00:01:48','2023-02-20 00:01:48',NULL),(120,0,'3','3',10,'image/png',386,'job-categories/3.png','[]','2023-02-20 00:01:48','2023-02-20 00:01:48',NULL),(121,0,'4','4',10,'image/png',386,'job-categories/4.png','[]','2023-02-20 00:01:48','2023-02-20 00:01:48',NULL),(122,0,'5','5',10,'image/png',386,'job-categories/5.png','[]','2023-02-20 00:01:48','2023-02-20 00:01:48',NULL),(123,0,'6','6',10,'image/png',386,'job-categories/6.png','[]','2023-02-20 00:01:48','2023-02-20 00:01:48',NULL),(124,0,'7','7',10,'image/png',386,'job-categories/7.png','[]','2023-02-20 00:01:48','2023-02-20 00:01:48',NULL),(125,0,'8','8',10,'image/png',386,'job-categories/8.png','[]','2023-02-20 00:01:48','2023-02-20 00:01:48',NULL),(126,0,'9','9',10,'image/png',386,'job-categories/9.png','[]','2023-02-20 00:01:48','2023-02-20 00:01:48',NULL),(127,0,'img-cover-1','img-cover-1',10,'image/png',35104,'job-categories/img-cover-1.png','[]','2023-02-20 00:01:48','2023-02-20 00:01:48',NULL),(128,0,'img-cover-2','img-cover-2',10,'image/png',35104,'job-categories/img-cover-2.png','[]','2023-02-20 00:01:48','2023-02-20 00:01:48',NULL),(129,0,'img-cover-3','img-cover-3',10,'image/png',35104,'job-categories/img-cover-3.png','[]','2023-02-20 00:01:49','2023-02-20 00:01:49',NULL),(130,0,'1','1',11,'image/png',578,'companies/1.png','[]','2023-02-20 00:01:49','2023-02-20 00:01:49',NULL),(131,0,'2','2',11,'image/png',578,'companies/2.png','[]','2023-02-20 00:01:49','2023-02-20 00:01:49',NULL),(132,0,'3','3',11,'image/png',578,'companies/3.png','[]','2023-02-20 00:01:49','2023-02-20 00:01:49',NULL),(133,0,'4','4',11,'image/png',578,'companies/4.png','[]','2023-02-20 00:01:49','2023-02-20 00:01:49',NULL),(134,0,'5','5',11,'image/png',578,'companies/5.png','[]','2023-02-20 00:01:49','2023-02-20 00:01:49',NULL),(135,0,'6','6',11,'image/png',578,'companies/6.png','[]','2023-02-20 00:01:49','2023-02-20 00:01:49',NULL),(136,0,'7','7',11,'image/png',578,'companies/7.png','[]','2023-02-20 00:01:49','2023-02-20 00:01:49',NULL),(137,0,'8','8',11,'image/png',578,'companies/8.png','[]','2023-02-20 00:01:49','2023-02-20 00:01:49',NULL),(138,0,'9','9',11,'image/png',578,'companies/9.png','[]','2023-02-20 00:01:49','2023-02-20 00:01:49',NULL),(139,0,'company-cover-image','company-cover-image',11,'image/png',8959,'companies/company-cover-image.png','[]','2023-02-20 00:01:49','2023-02-20 00:01:49',NULL),(140,0,'img1','img1',12,'image/png',5685,'jobs/img1.png','[]','2023-02-20 00:01:49','2023-02-20 00:01:49',NULL),(141,0,'img2','img2',12,'image/png',5685,'jobs/img2.png','[]','2023-02-20 00:01:49','2023-02-20 00:01:49',NULL),(142,0,'img3','img3',12,'image/png',5685,'jobs/img3.png','[]','2023-02-20 00:01:49','2023-02-20 00:01:49',NULL),(143,0,'img4','img4',12,'image/png',5685,'jobs/img4.png','[]','2023-02-20 00:01:49','2023-02-20 00:01:49',NULL),(144,0,'img5','img5',12,'image/png',5685,'jobs/img5.png','[]','2023-02-20 00:01:49','2023-02-20 00:01:49',NULL),(145,0,'img6','img6',12,'image/png',5685,'jobs/img6.png','[]','2023-02-20 00:01:49','2023-02-20 00:01:49',NULL),(146,0,'img7','img7',12,'image/png',5685,'jobs/img7.png','[]','2023-02-20 00:01:49','2023-02-20 00:01:49',NULL),(147,0,'img8','img8',12,'image/png',5685,'jobs/img8.png','[]','2023-02-20 00:01:49','2023-02-20 00:01:49',NULL),(148,0,'img9','img9',12,'image/png',5685,'jobs/img9.png','[]','2023-02-20 00:01:49','2023-02-20 00:01:49',NULL),(149,0,'01','01',13,'application/pdf',43496,'resume/01.pdf','[]','2023-02-20 00:01:49','2023-02-20 00:01:49',NULL),(150,0,'cover1','cover1',14,'image/png',8982,'accounts/cover1.png','[]','2023-02-20 00:01:49','2023-02-20 00:01:49',NULL),(151,0,'cover2','cover2',14,'image/png',13091,'accounts/cover2.png','[]','2023-02-20 00:01:49','2023-02-20 00:01:49',NULL),(152,0,'cover3','cover3',14,'image/png',6482,'accounts/cover3.png','[]','2023-02-20 00:01:49','2023-02-20 00:01:49',NULL),(153,0,'user1','user1',14,'image/png',317,'accounts/user1.png','[]','2023-02-20 00:01:49','2023-02-20 00:01:49',NULL),(154,0,'user2','user2',14,'image/png',317,'accounts/user2.png','[]','2023-02-20 00:01:49','2023-02-20 00:01:49',NULL),(155,0,'user3','user3',14,'image/png',317,'accounts/user3.png','[]','2023-02-20 00:01:49','2023-02-20 00:01:49',NULL),(156,0,'1','1',15,'image/png',4272,'teams/1.png','[]','2023-02-20 00:01:56','2023-02-20 00:01:56',NULL),(157,0,'2','2',15,'image/png',4272,'teams/2.png','[]','2023-02-20 00:01:56','2023-02-20 00:01:56',NULL),(158,0,'3','3',15,'image/png',4272,'teams/3.png','[]','2023-02-20 00:01:56','2023-02-20 00:01:56',NULL),(159,0,'4','4',15,'image/png',4272,'teams/4.png','[]','2023-02-20 00:01:56','2023-02-20 00:01:56',NULL),(160,0,'5','5',15,'image/png',4272,'teams/5.png','[]','2023-02-20 00:01:56','2023-02-20 00:01:56',NULL),(161,0,'6','6',15,'image/png',4272,'teams/6.png','[]','2023-02-20 00:01:56','2023-02-20 00:01:56',NULL),(162,0,'7','7',15,'image/png',4272,'teams/7.png','[]','2023-02-20 00:01:56','2023-02-20 00:01:56',NULL),(163,0,'8','8',15,'image/png',4272,'teams/8.png','[]','2023-02-20 00:01:56','2023-02-20 00:01:56',NULL),(164,0,'1','1',16,'image/png',3922,'testimonials/1.png','[]','2023-02-20 00:01:56','2023-02-20 00:01:56',NULL),(165,0,'2','2',16,'image/png',3922,'testimonials/2.png','[]','2023-02-20 00:01:56','2023-02-20 00:01:56',NULL),(166,0,'3','3',16,'image/png',3922,'testimonials/3.png','[]','2023-02-20 00:01:56','2023-02-20 00:01:56',NULL),(167,0,'4','4',16,'image/png',3922,'testimonials/4.png','[]','2023-02-20 00:01:56','2023-02-20 00:01:56',NULL);

--
-- Table structure for table `media_folders`
--

CREATE TABLE `media_folders` (
  `id` bigint unsigned NOT NULL AUTO_INCREMENT,
  `user_id` int unsigned NOT NULL,
  `name` varchar(191) COLLATE utf8mb4_unicode_ci DEFAULT NULL,
  `slug` varchar(191) COLLATE utf8mb4_unicode_ci DEFAULT NULL,
  `parent_id` int NOT NULL DEFAULT '0',
  `created_at` timestamp NULL DEFAULT NULL,
  `updated_at` timestamp NULL DEFAULT NULL,
  `deleted_at` timestamp NULL DEFAULT NULL,
  PRIMARY KEY (`id`),
  KEY `media_folders_user_id_index` (`user_id`),
  KEY `media_folders_index` (`parent_id`,`user_id`,`created_at`)
) ENGINE=InnoDB AUTO_INCREMENT=17 DEFAULT CHARSET=utf8mb4 COLLATE=utf8mb4_unicode_ci;

--
-- Dumping data for table `media_folders`
--

INSERT INTO `media_folders` VALUES (1,0,'pages','pages',0,'2023-02-20 00:01:45','2023-02-20 00:01:45',NULL),(3,0,'our-partners','our-partners',0,'2023-02-20 00:01:46','2023-02-20 00:01:46',NULL),(4,0,'news','news',0,'2023-02-20 00:01:46','2023-02-20 00:01:46',NULL),(5,0,'galleries','galleries',0,'2023-02-20 00:01:47','2023-02-20 00:01:47',NULL),(6,0,'widgets','widgets',0,'2023-02-20 00:01:47','2023-02-20 00:01:47',NULL),(7,0,'general','general',0,'2023-02-20 00:01:47','2023-02-20 00:01:47',NULL),(8,0,'authentication','authentication',0,'2023-02-20 00:01:48','2023-02-20 00:01:48',NULL),(9,0,'locations','locations',0,'2023-02-20 00:01:48','2023-02-20 00:01:48',NULL),(10,0,'job-categories','job-categories',0,'2023-02-20 00:01:48','2023-02-20 00:01:48',NULL),(11,0,'companies','companies',0,'2023-02-20 00:01:49','2023-02-20 00:01:49',NULL),(12,0,'jobs','jobs',0,'2023-02-20 00:01:49','2023-02-20 00:01:49',NULL),(13,0,'resume','resume',0,'2023-02-20 00:01:49','2023-02-20 00:01:49',NULL),(14,0,'accounts','accounts',0,'2023-02-20 00:01:49','2023-02-20 00:01:49',NULL),(15,0,'teams','teams',0,'2023-02-20 00:01:56','2023-02-20 00:01:56',NULL),(16,0,'testimonials','testimonials',0,'2023-02-20 00:01:56','2023-02-20 00:01:56',NULL);

--
-- Table structure for table `media_settings`
--

CREATE TABLE `media_settings` (
  `id` bigint unsigned NOT NULL AUTO_INCREMENT,
  `key` varchar(120) COLLATE utf8mb4_unicode_ci NOT NULL,
  `value` text COLLATE utf8mb4_unicode_ci,
  `media_id` int DEFAULT NULL,
  `user_id` int DEFAULT NULL,
  `created_at` timestamp NULL DEFAULT NULL,
  `updated_at` timestamp NULL DEFAULT NULL,
  PRIMARY KEY (`id`)
) ENGINE=InnoDB DEFAULT CHARSET=utf8mb4 COLLATE=utf8mb4_unicode_ci;

--
-- Dumping data for table `media_settings`
--


--
-- Table structure for table `menu_locations`
--

CREATE TABLE `menu_locations` (
  `id` bigint unsigned NOT NULL AUTO_INCREMENT,
  `menu_id` int unsigned NOT NULL,
  `location` varchar(120) COLLATE utf8mb4_unicode_ci NOT NULL,
  `created_at` timestamp NULL DEFAULT NULL,
  `updated_at` timestamp NULL DEFAULT NULL,
  PRIMARY KEY (`id`),
  KEY `menu_locations_menu_id_created_at_index` (`menu_id`,`created_at`)
) ENGINE=InnoDB AUTO_INCREMENT=3 DEFAULT CHARSET=utf8mb4 COLLATE=utf8mb4_unicode_ci;

--
-- Dumping data for table `menu_locations`
--

INSERT INTO `menu_locations` VALUES (1,1,'main-menu','2023-02-20 00:01:57','2023-02-20 00:01:57'),(2,6,'main-menu','2023-02-20 00:01:57','2023-02-20 00:01:57');

--
-- Table structure for table `menu_nodes`
--

CREATE TABLE `menu_nodes` (
  `id` bigint unsigned NOT NULL AUTO_INCREMENT,
  `menu_id` int unsigned NOT NULL,
  `parent_id` int unsigned NOT NULL DEFAULT '0',
  `reference_id` int unsigned DEFAULT NULL,
  `reference_type` varchar(255) COLLATE utf8mb4_unicode_ci DEFAULT NULL,
  `url` varchar(120) COLLATE utf8mb4_unicode_ci DEFAULT NULL,
  `icon_font` varchar(50) COLLATE utf8mb4_unicode_ci DEFAULT NULL,
  `position` tinyint unsigned NOT NULL DEFAULT '0',
  `title` varchar(120) COLLATE utf8mb4_unicode_ci DEFAULT NULL,
  `css_class` varchar(120) COLLATE utf8mb4_unicode_ci DEFAULT NULL,
  `target` varchar(20) COLLATE utf8mb4_unicode_ci NOT NULL DEFAULT '_self',
  `has_child` tinyint unsigned NOT NULL DEFAULT '0',
  `created_at` timestamp NULL DEFAULT NULL,
  `updated_at` timestamp NULL DEFAULT NULL,
  PRIMARY KEY (`id`),
  KEY `menu_nodes_menu_id_index` (`menu_id`),
  KEY `menu_nodes_parent_id_index` (`parent_id`),
  KEY `reference_id` (`reference_id`),
  KEY `reference_type` (`reference_type`)
) ENGINE=InnoDB AUTO_INCREMENT=91 DEFAULT CHARSET=utf8mb4 COLLATE=utf8mb4_unicode_ci;

--
-- Dumping data for table `menu_nodes`
--

INSERT INTO `menu_nodes` VALUES (1,1,0,NULL,NULL,'/',NULL,0,'Home',NULL,'_self',1,'2023-02-20 00:01:57','2023-02-20 00:01:57'),(2,1,1,1,'Botble\\Page\\Models\\Page','/homepage-1',NULL,1,'Home 1',NULL,'_self',0,'2023-02-20 00:01:57','2023-02-20 00:01:57'),(3,1,1,2,'Botble\\Page\\Models\\Page','/homepage-2',NULL,2,'Home 2',NULL,'_self',0,'2023-02-20 00:01:57','2023-02-20 00:01:57'),(4,1,1,3,'Botble\\Page\\Models\\Page','/homepage-3',NULL,3,'Home 3',NULL,'_self',0,'2023-02-20 00:01:57','2023-02-20 00:01:57'),(5,1,1,4,'Botble\\Page\\Models\\Page','/homepage-4',NULL,4,'Home 4',NULL,'_self',0,'2023-02-20 00:01:57','2023-02-20 00:01:57'),(6,1,1,5,'Botble\\Page\\Models\\Page','/homepage-5',NULL,5,'Home 5',NULL,'_self',0,'2023-02-20 00:01:57','2023-02-20 00:01:57'),(7,1,1,6,'Botble\\Page\\Models\\Page','/homepage-6',NULL,6,'Home 6',NULL,'_self',0,'2023-02-20 00:01:57','2023-02-20 00:01:57'),(8,1,0,7,'Botble\\Page\\Models\\Page','/jobs',NULL,0,'Find a Job',NULL,'_self',1,'2023-02-20 00:01:57','2023-02-20 00:01:57'),(9,1,8,NULL,NULL,'/jobs?layout=grid',NULL,0,'Jobs Grid',NULL,'_self',0,'2023-02-20 00:01:57','2023-02-20 00:01:57'),(10,1,8,NULL,NULL,'/jobs',NULL,0,'Jobs List',NULL,'_self',0,'2023-02-20 00:01:57','2023-02-20 00:01:57'),(11,1,8,NULL,NULL,'/jobs/ui-ux-designer-fulltime',NULL,0,'Job Details',NULL,'_self',0,'2023-02-20 00:01:57','2023-02-20 00:01:57'),(12,1,8,NULL,NULL,'/jobs/full-stack-engineer',NULL,0,'Job External',NULL,'_self',0,'2023-02-20 00:01:57','2023-02-20 00:01:57'),(13,1,8,NULL,NULL,'/jobs/java-software-engineer',NULL,0,'Job Hide Company',NULL,'_self',0,'2023-02-20 00:01:57','2023-02-20 00:01:57'),(14,1,0,8,'Botble\\Page\\Models\\Page','/companies',NULL,0,'Companies',NULL,'_self',1,'2023-02-20 00:01:57','2023-02-20 00:01:57'),(15,1,14,8,'Botble\\Page\\Models\\Page','/companies',NULL,0,'Companies',NULL,'_self',0,'2023-02-20 00:01:57','2023-02-20 00:01:57'),(16,1,14,NULL,NULL,'/companies/linkedin',NULL,0,'Company Details',NULL,'_self',0,'2023-02-20 00:01:57','2023-02-20 00:01:57'),(17,1,0,9,'Botble\\Page\\Models\\Page','/candidates',NULL,0,'Candidates',NULL,'_self',1,'2023-02-20 00:01:57','2023-02-20 00:01:57'),(18,1,17,9,'Botble\\Page\\Models\\Page','/candidates',NULL,0,'Candidates Grid',NULL,'_self',0,'2023-02-20 00:01:57','2023-02-20 00:01:57'),(19,1,17,NULL,NULL,'/candidates/riley-durgan',NULL,0,'Candidate Details',NULL,'_self',0,'2023-02-20 00:01:57','2023-02-20 00:01:57'),(20,1,0,NULL,NULL,'#',NULL,0,'Pages',NULL,'_self',1,'2023-02-20 00:01:57','2023-02-20 00:01:57'),(21,1,20,10,'Botble\\Page\\Models\\Page','/about-us',NULL,0,'About Us',NULL,'_self',0,'2023-02-20 00:01:57','2023-02-20 00:01:57'),(22,1,20,11,'Botble\\Page\\Models\\Page','/pricing-plan',NULL,0,'Pricing Plan',NULL,'_self',0,'2023-02-20 00:01:57','2023-02-20 00:01:57'),(23,1,20,12,'Botble\\Page\\Models\\Page','/contact',NULL,0,'Contact Us',NULL,'_self',0,'2023-02-20 00:01:57','2023-02-20 00:01:57'),(24,1,20,NULL,NULL,'/register',NULL,0,'Register',NULL,'_self',0,'2023-02-20 00:01:57','2023-02-20 00:01:57'),(25,1,20,NULL,NULL,'/login',NULL,0,'Sign in',NULL,'_self',0,'2023-02-20 00:01:57','2023-02-20 00:01:57'),(26,1,20,NULL,NULL,'/password/request',NULL,0,'Reset Password',NULL,'_self',0,'2023-02-20 00:01:57','2023-02-20 00:01:57'),(27,1,0,13,'Botble\\Page\\Models\\Page','/blog',NULL,0,'Blog',NULL,'_self',1,'2023-02-20 00:01:57','2023-02-20 00:01:57'),(28,1,27,13,'Botble\\Page\\Models\\Page','/blog',NULL,0,'Blog Grid',NULL,'_self',0,'2023-02-20 00:01:57','2023-02-20 00:01:57'),(29,1,27,NULL,NULL,'/blog/interview-question-why-dont-you-have-a-degree',NULL,0,'Blog Single',NULL,'_self',0,'2023-02-20 00:01:57','2023-02-20 00:01:57'),(30,2,0,10,'Botble\\Page\\Models\\Page','/about-us',NULL,0,'About Us',NULL,'_self',0,'2023-02-20 00:01:57','2023-02-20 00:01:57'),(31,2,0,NULL,NULL,'#',NULL,0,'Our Team',NULL,'_self',0,'2023-02-20 00:01:57','2023-02-20 00:01:57'),(32,2,0,NULL,NULL,'#',NULL,0,'Products',NULL,'_self',0,'2023-02-20 00:01:57','2023-02-20 00:01:57'),(33,2,0,12,'Botble\\Page\\Models\\Page','/contact',NULL,0,'Contact',NULL,'_self',0,'2023-02-20 00:01:57','2023-02-20 00:01:57'),(34,3,0,10,'Botble\\Page\\Models\\Page','/about-us',NULL,0,'Feature',NULL,'_self',0,'2023-02-20 00:01:57','2023-02-20 00:01:57'),(35,3,0,11,'Botble\\Page\\Models\\Page','/pricing-plan',NULL,0,'Pricing',NULL,'_self',0,'2023-02-20 00:01:57','2023-02-20 00:01:57'),(36,3,0,NULL,NULL,'#',NULL,0,'Credit',NULL,'_self',0,'2023-02-20 00:01:57','2023-02-20 00:01:57'),(37,3,0,15,'Botble\\Page\\Models\\Page','/faq',NULL,0,'FAQ',NULL,'_self',0,'2023-02-20 00:01:57','2023-02-20 00:01:57'),(38,4,0,NULL,NULL,'#',NULL,0,'iOS',NULL,'_self',0,'2023-02-20 00:01:57','2023-02-20 00:01:57'),(39,4,0,NULL,NULL,'#',NULL,0,'Android',NULL,'_self',0,'2023-02-20 00:01:57','2023-02-20 00:01:57'),(40,4,0,NULL,NULL,'#',NULL,0,'Microsoft',NULL,'_self',0,'2023-02-20 00:01:57','2023-02-20 00:01:57'),(41,4,0,NULL,NULL,'#',NULL,0,'Desktop',NULL,'_self',0,'2023-02-20 00:01:57','2023-02-20 00:01:57'),(42,5,0,14,'Botble\\Page\\Models\\Page','/cookie-policy',NULL,0,'Cookie Policy',NULL,'_self',0,'2023-02-20 00:01:57','2023-02-20 00:01:57'),(43,5,0,18,'Botble\\Page\\Models\\Page','/coming-soon',NULL,0,'Terms',NULL,'_self',0,'2023-02-20 00:01:57','2023-02-20 00:01:57'),(44,5,0,5,'Botble\\Page\\Models\\Page','/homepage-5',NULL,0,'FAQ',NULL,'_self',0,'2023-02-20 00:01:57','2023-02-20 00:01:57'),(45,5,0,19,'Botble\\Page\\Models\\Page','/job-categories',NULL,0,'Coming Soon',NULL,'_self',0,'2023-02-20 00:01:57','2023-02-20 00:01:57'),(46,6,0,NULL,NULL,'/',NULL,0,'Trang chủ',NULL,'_self',1,'2023-02-20 00:01:57','2023-02-20 00:01:57'),(47,6,46,1,'Botble\\Page\\Models\\Page','/homepage-1',NULL,1,'Trang chủ 1',NULL,'_self',0,'2023-02-20 00:01:57','2023-02-20 00:01:57'),(48,6,46,2,'Botble\\Page\\Models\\Page','/homepage-2',NULL,2,'Trang chủ 2',NULL,'_self',0,'2023-02-20 00:01:57','2023-02-20 00:01:57'),(49,6,46,3,'Botble\\Page\\Models\\Page','/homepage-3',NULL,3,'Trang chủ 3',NULL,'_self',0,'2023-02-20 00:01:57','2023-02-20 00:01:57'),(50,6,46,4,'Botble\\Page\\Models\\Page','/homepage-4',NULL,4,'Trang chủ 4',NULL,'_self',0,'2023-02-20 00:01:57','2023-02-20 00:01:57'),(51,6,46,5,'Botble\\Page\\Models\\Page','/homepage-5',NULL,5,'Trang chủ 5',NULL,'_self',0,'2023-02-20 00:01:57','2023-02-20 00:01:57'),(52,6,46,6,'Botble\\Page\\Models\\Page','/homepage-6',NULL,6,'Trang chủ 6',NULL,'_self',0,'2023-02-20 00:01:57','2023-02-20 00:01:57'),(53,6,0,7,'Botble\\Page\\Models\\Page','/jobs',NULL,0,'Tìm kiếm việc làm',NULL,'_self',1,'2023-02-20 00:01:57','2023-02-20 00:01:57'),(54,6,53,NULL,NULL,'/jobs?layout=grid',NULL,0,'Danh sách việc làm lưới',NULL,'_self',0,'2023-02-20 00:01:57','2023-02-20 00:01:57'),(55,6,53,NULL,NULL,'/jobs',NULL,0,'Danh sách việc làm',NULL,'_self',0,'2023-02-20 00:01:57','2023-02-20 00:01:57'),(56,6,53,NULL,NULL,'/jobs/ui-ux-designer-fulltime',NULL,0,'Chi tiết công việc',NULL,'_self',0,'2023-02-20 00:01:57','2023-02-20 00:01:57'),(57,6,53,NULL,NULL,'/jobs/full-stack-engineer',NULL,0,'Công việc bên ngoài',NULL,'_self',0,'2023-02-20 00:01:57','2023-02-20 00:01:57'),(58,6,53,NULL,NULL,'/jobs/java-software-engineer',NULL,0,'Công việc công ty ẩn',NULL,'_self',0,'2023-02-20 00:01:57','2023-02-20 00:01:57'),(59,6,0,8,'Botble\\Page\\Models\\Page','/companies',NULL,0,'Công ty',NULL,'_self',1,'2023-02-20 00:01:57','2023-02-20 00:01:57'),(60,6,59,8,'Botble\\Page\\Models\\Page','/companies',NULL,0,'Công ty',NULL,'_self',0,'2023-02-20 00:01:57','2023-02-20 00:01:57'),(61,6,59,NULL,NULL,'/companies/linkedin',NULL,0,'Chi tiết Công ty',NULL,'_self',0,'2023-02-20 00:01:57','2023-02-20 00:01:57'),(62,6,0,9,'Botble\\Page\\Models\\Page','/candidates',NULL,0,'Ứng viên',NULL,'_self',1,'2023-02-20 00:01:57','2023-02-20 00:01:57'),(63,6,62,9,'Botble\\Page\\Models\\Page','/candidates',NULL,0,'Danh sách Ứng viên',NULL,'_self',0,'2023-02-20 00:01:57','2023-02-20 00:01:57'),(64,6,62,NULL,NULL,'/candidates/riley-durgan',NULL,0,'Chi tiết ứng viên',NULL,'_self',0,'2023-02-20 00:01:57','2023-02-20 00:01:57'),(65,6,0,NULL,NULL,'#',NULL,0,'Trang',NULL,'_self',1,'2023-02-20 00:01:57','2023-02-20 00:01:57'),(66,6,65,10,'Botble\\Page\\Models\\Page','/about-us',NULL,0,'Giới thiệu',NULL,'_self',0,'2023-02-20 00:01:57','2023-02-20 00:01:57'),(67,6,65,11,'Botble\\Page\\Models\\Page','/pricing-plan',NULL,0,'Bảng giá',NULL,'_self',0,'2023-02-20 00:01:57','2023-02-20 00:01:57'),(68,6,65,12,'Botble\\Page\\Models\\Page','/contact',NULL,0,'Liên hệ',NULL,'_self',0,'2023-02-20 00:01:57','2023-02-20 00:01:57'),(69,6,65,NULL,NULL,'/register',NULL,0,'Đăng ký',NULL,'_self',0,'2023-02-20 00:01:57','2023-02-20 00:01:57'),(70,6,65,NULL,NULL,'/login',NULL,0,'Đăng nhập',NULL,'_self',0,'2023-02-20 00:01:57','2023-02-20 00:01:57'),(71,6,65,NULL,NULL,'/password/request',NULL,0,'Khôi phục mật khẩu',NULL,'_self',0,'2023-02-20 00:01:57','2023-02-20 00:01:57'),(72,6,0,13,'Botble\\Page\\Models\\Page','/blog',NULL,0,'Blog',NULL,'_self',1,'2023-02-20 00:01:57','2023-02-20 00:01:57'),(73,6,72,13,'Botble\\Page\\Models\\Page','/blog',NULL,0,'Danh sách bài viết',NULL,'_self',0,'2023-02-20 00:01:57','2023-02-20 00:01:57'),(74,6,72,NULL,NULL,'/blog/interview-question-why-dont-you-have-a-degree',NULL,0,'Chi tiết bài viết',NULL,'_self',0,'2023-02-20 00:01:57','2023-02-20 00:01:57'),(75,7,0,10,'Botble\\Page\\Models\\Page','/about-us',NULL,0,'Giới thiệu',NULL,'_self',0,'2023-02-20 00:01:57','2023-02-20 00:01:57'),(76,7,0,NULL,NULL,'#',NULL,0,'Đội ngũ',NULL,'_self',0,'2023-02-20 00:01:57','2023-02-20 00:01:57'),(77,7,0,NULL,NULL,'#',NULL,0,'Sản phẩm',NULL,'_self',0,'2023-02-20 00:01:57','2023-02-20 00:01:57'),(78,7,0,12,'Botble\\Page\\Models\\Page','/contact',NULL,0,'Liên hệ',NULL,'_self',0,'2023-02-20 00:01:57','2023-02-20 00:01:57'),(79,8,0,10,'Botble\\Page\\Models\\Page','/about-us',NULL,0,'Tính năng',NULL,'_self',0,'2023-02-20 00:01:57','2023-02-20 00:01:57'),(80,8,0,11,'Botble\\Page\\Models\\Page','/pricing-plan',NULL,0,'Bảng giá',NULL,'_self',0,'2023-02-20 00:01:57','2023-02-20 00:01:57'),(81,8,0,NULL,NULL,'#',NULL,0,'Credit',NULL,'_self',0,'2023-02-20 00:01:57','2023-02-20 00:01:57'),(82,8,0,15,'Botble\\Page\\Models\\Page','/faq',NULL,0,'FAQ',NULL,'_self',0,'2023-02-20 00:01:57','2023-02-20 00:01:57'),(83,9,0,NULL,NULL,'#',NULL,0,'iOS',NULL,'_self',0,'2023-02-20 00:01:57','2023-02-20 00:01:57'),(84,9,0,NULL,NULL,'#',NULL,0,'Android',NULL,'_self',0,'2023-02-20 00:01:57','2023-02-20 00:01:57'),(85,9,0,NULL,NULL,'#',NULL,0,'Microsoft',NULL,'_self',0,'2023-02-20 00:01:57','2023-02-20 00:01:57'),(86,9,0,NULL,NULL,'#',NULL,0,'Desktop',NULL,'_self',0,'2023-02-20 00:01:57','2023-02-20 00:01:57'),(87,10,0,14,'Botble\\Page\\Models\\Page','/cookie-policy',NULL,0,'Chính sách cookie',NULL,'_self',0,'2023-02-20 00:01:57','2023-02-20 00:01:57'),(88,10,0,18,'Botble\\Page\\Models\\Page','/coming-soon',NULL,0,'Điều khoản',NULL,'_self',0,'2023-02-20 00:01:57','2023-02-20 00:01:57'),(89,10,0,5,'Botble\\Page\\Models\\Page','/homepage-5',NULL,0,'FAQ',NULL,'_self',0,'2023-02-20 00:01:57','2023-02-20 00:01:57'),(90,10,0,19,'Botble\\Page\\Models\\Page','/job-categories',NULL,0,'Sắp có',NULL,'_self',0,'2023-02-20 00:01:57','2023-02-20 00:01:57');

--
-- Table structure for table `menus`
--

CREATE TABLE `menus` (
  `id` bigint unsigned NOT NULL AUTO_INCREMENT,
  `name` varchar(120) COLLATE utf8mb4_unicode_ci NOT NULL,
  `slug` varchar(120) COLLATE utf8mb4_unicode_ci DEFAULT NULL,
  `status` varchar(60) COLLATE utf8mb4_unicode_ci NOT NULL DEFAULT 'published',
  `created_at` timestamp NULL DEFAULT NULL,
  `updated_at` timestamp NULL DEFAULT NULL,
  PRIMARY KEY (`id`),
  UNIQUE KEY `menus_slug_unique` (`slug`)
) ENGINE=InnoDB AUTO_INCREMENT=11 DEFAULT CHARSET=utf8mb4 COLLATE=utf8mb4_unicode_ci;

--
-- Dumping data for table `menus`
--

INSERT INTO `menus` VALUES (1,'Main menu','main-menu','published','2023-02-20 00:01:57','2023-02-20 00:01:57'),(2,'Resources','resources','published','2023-02-20 00:01:57','2023-02-20 00:01:57'),(3,'Community','community','published','2023-02-20 00:01:57','2023-02-20 00:01:57'),(4,'Quick links','quick-links','published','2023-02-20 00:01:57','2023-02-20 00:01:57'),(5,'More','more','published','2023-02-20 00:01:57','2023-02-20 00:01:57'),(6,'Menu chính','menu-chinh','published','2023-02-20 00:01:57','2023-02-20 00:01:57'),(7,'Tài nguyên','tai-nguyen','published','2023-02-20 00:01:57','2023-02-20 00:01:57'),(8,'Cộng đồng','cong-dong','published','2023-02-20 00:01:57','2023-02-20 00:01:57'),(9,'Liên kết nhanh','lien-key-nhanh','published','2023-02-20 00:01:57','2023-02-20 00:01:57'),(10,'Còn thêm','con-them','published','2023-02-20 00:01:57','2023-02-20 00:01:57');

--
-- Table structure for table `meta_boxes`
--

CREATE TABLE `meta_boxes` (
  `id` bigint unsigned NOT NULL AUTO_INCREMENT,
  `meta_key` varchar(255) COLLATE utf8mb4_unicode_ci NOT NULL,
  `meta_value` text COLLATE utf8mb4_unicode_ci,
  `reference_id` int unsigned NOT NULL,
  `reference_type` varchar(120) COLLATE utf8mb4_unicode_ci NOT NULL,
  `created_at` timestamp NULL DEFAULT NULL,
  `updated_at` timestamp NULL DEFAULT NULL,
  PRIMARY KEY (`id`),
  KEY `meta_boxes_reference_id_index` (`reference_id`)
) ENGINE=InnoDB AUTO_INCREMENT=203 DEFAULT CHARSET=utf8mb4 COLLATE=utf8mb4_unicode_ci;

--
-- Dumping data for table `meta_boxes`
--

INSERT INTO `meta_boxes` VALUES (1,'background_breadcrumb','[\"pages\\/background_breadcrumb.png\"]',10,'Botble\\Page\\Models\\Page','2023-02-20 00:01:46','2023-02-20 00:01:46'),(2,'background_breadcrumb','[\"pages\\/background_breadcrumb.png\"]',12,'Botble\\Page\\Models\\Page','2023-02-20 00:01:46','2023-02-20 00:01:46'),(3,'cover_image','[\"news\\/cover-image1.png\"]',1,'Botble\\Blog\\Models\\Post','2023-02-20 00:01:47','2023-02-20 00:01:47'),(4,'cover_image','[\"news\\/cover-image2.png\"]',2,'Botble\\Blog\\Models\\Post','2023-02-20 00:01:47','2023-02-20 00:01:47'),(5,'cover_image','[\"news\\/cover-image3.png\"]',3,'Botble\\Blog\\Models\\Post','2023-02-20 00:01:47','2023-02-20 00:01:47'),(6,'city_image','[\"locations\\/location1.png\"]',1,'Botble\\Location\\Models\\City','2023-02-20 00:01:48','2023-02-20 00:01:48'),(7,'city_image','[\"locations\\/location2.png\"]',2,'Botble\\Location\\Models\\City','2023-02-20 00:01:48','2023-02-20 00:01:48'),(8,'city_image','[\"locations\\/location3.png\"]',3,'Botble\\Location\\Models\\City','2023-02-20 00:01:48','2023-02-20 00:01:48'),(9,'city_image','[\"locations\\/location4.png\"]',4,'Botble\\Location\\Models\\City','2023-02-20 00:01:48','2023-02-20 00:01:48'),(10,'city_image','[\"locations\\/location5.png\"]',5,'Botble\\Location\\Models\\City','2023-02-20 00:01:48','2023-02-20 00:01:48'),(11,'city_image','[\"locations\\/location6.png\"]',6,'Botble\\Location\\Models\\City','2023-02-20 00:01:48','2023-02-20 00:01:48'),(12,'icon_image','[\"general\\/content.png\"]',1,'Botble\\JobBoard\\Models\\Category','2023-02-20 00:01:49','2023-02-20 00:01:49'),(13,'job_category_image','[\"job-categories\\/img-cover-2.png\"]',1,'Botble\\JobBoard\\Models\\Category','2023-02-20 00:01:49','2023-02-20 00:01:49'),(14,'icon_image','[\"general\\/research.png\"]',2,'Botble\\JobBoard\\Models\\Category','2023-02-20 00:01:49','2023-02-20 00:01:49'),(15,'job_category_image','[\"job-categories\\/img-cover-2.png\"]',2,'Botble\\JobBoard\\Models\\Category','2023-02-20 00:01:49','2023-02-20 00:01:49'),(16,'icon_image','[\"general\\/marketing.png\"]',3,'Botble\\JobBoard\\Models\\Category','2023-02-20 00:01:49','2023-02-20 00:01:49'),(17,'job_category_image','[\"job-categories\\/img-cover-3.png\"]',3,'Botble\\JobBoard\\Models\\Category','2023-02-20 00:01:49','2023-02-20 00:01:49'),(18,'icon_image','[\"general\\/customer.png\"]',4,'Botble\\JobBoard\\Models\\Category','2023-02-20 00:01:49','2023-02-20 00:01:49'),(19,'job_category_image','[\"job-categories\\/img-cover-3.png\"]',4,'Botble\\JobBoard\\Models\\Category','2023-02-20 00:01:49','2023-02-20 00:01:49'),(20,'icon_image','[\"general\\/finance.png\"]',5,'Botble\\JobBoard\\Models\\Category','2023-02-20 00:01:49','2023-02-20 00:01:49'),(21,'job_category_image','[\"job-categories\\/img-cover-2.png\"]',5,'Botble\\JobBoard\\Models\\Category','2023-02-20 00:01:49','2023-02-20 00:01:49'),(22,'icon_image','[\"general\\/lightning.png\"]',6,'Botble\\JobBoard\\Models\\Category','2023-02-20 00:01:49','2023-02-20 00:01:49'),(23,'job_category_image','[\"job-categories\\/img-cover-3.png\"]',6,'Botble\\JobBoard\\Models\\Category','2023-02-20 00:01:49','2023-02-20 00:01:49'),(24,'icon_image','[\"general\\/human.png\"]',7,'Botble\\JobBoard\\Models\\Category','2023-02-20 00:01:49','2023-02-20 00:01:49'),(25,'job_category_image','[\"job-categories\\/img-cover-1.png\"]',7,'Botble\\JobBoard\\Models\\Category','2023-02-20 00:01:49','2023-02-20 00:01:49'),(26,'icon_image','[\"general\\/management.png\"]',8,'Botble\\JobBoard\\Models\\Category','2023-02-20 00:01:49','2023-02-20 00:01:49'),(27,'job_category_image','[\"job-categories\\/img-cover-3.png\"]',8,'Botble\\JobBoard\\Models\\Category','2023-02-20 00:01:49','2023-02-20 00:01:49'),(28,'icon_image','[\"general\\/retail.png\"]',9,'Botble\\JobBoard\\Models\\Category','2023-02-20 00:01:49','2023-02-20 00:01:49'),(29,'job_category_image','[\"job-categories\\/img-cover-1.png\"]',9,'Botble\\JobBoard\\Models\\Category','2023-02-20 00:01:49','2023-02-20 00:01:49'),(30,'icon_image','[\"general\\/security.png\"]',10,'Botble\\JobBoard\\Models\\Category','2023-02-20 00:01:49','2023-02-20 00:01:49'),(31,'job_category_image','[\"job-categories\\/img-cover-1.png\"]',10,'Botble\\JobBoard\\Models\\Category','2023-02-20 00:01:49','2023-02-20 00:01:49'),(32,'cover_image','[\"companies\\/company-cover-image.png\"]',1,'Botble\\JobBoard\\Models\\Company','2023-02-20 00:01:49','2023-02-20 00:01:49'),(33,'cover_image','[\"companies\\/company-cover-image.png\"]',2,'Botble\\JobBoard\\Models\\Company','2023-02-20 00:01:49','2023-02-20 00:01:49'),(34,'cover_image','[\"companies\\/company-cover-image.png\"]',3,'Botble\\JobBoard\\Models\\Company','2023-02-20 00:01:49','2023-02-20 00:01:49'),(35,'cover_image','[\"companies\\/company-cover-image.png\"]',4,'Botble\\JobBoard\\Models\\Company','2023-02-20 00:01:49','2023-02-20 00:01:49'),(36,'cover_image','[\"companies\\/company-cover-image.png\"]',5,'Botble\\JobBoard\\Models\\Company','2023-02-20 00:01:49','2023-02-20 00:01:49'),(37,'cover_image','[\"companies\\/company-cover-image.png\"]',6,'Botble\\JobBoard\\Models\\Company','2023-02-20 00:01:49','2023-02-20 00:01:49'),(38,'cover_image','[\"companies\\/company-cover-image.png\"]',7,'Botble\\JobBoard\\Models\\Company','2023-02-20 00:01:49','2023-02-20 00:01:49'),(39,'cover_image','[\"companies\\/company-cover-image.png\"]',8,'Botble\\JobBoard\\Models\\Company','2023-02-20 00:01:49','2023-02-20 00:01:49'),(40,'cover_image','[\"companies\\/company-cover-image.png\"]',9,'Botble\\JobBoard\\Models\\Company','2023-02-20 00:01:49','2023-02-20 00:01:49'),(41,'cover_image','[\"companies\\/company-cover-image.png\"]',10,'Botble\\JobBoard\\Models\\Company','2023-02-20 00:01:49','2023-02-20 00:01:49'),(42,'cover_image','[\"companies\\/company-cover-image.png\"]',11,'Botble\\JobBoard\\Models\\Company','2023-02-20 00:01:49','2023-02-20 00:01:49'),(43,'cover_image','[\"companies\\/company-cover-image.png\"]',12,'Botble\\JobBoard\\Models\\Company','2023-02-20 00:01:49','2023-02-20 00:01:49'),(44,'cover_image','[\"companies\\/company-cover-image.png\"]',13,'Botble\\JobBoard\\Models\\Company','2023-02-20 00:01:49','2023-02-20 00:01:49'),(45,'cover_image','[\"companies\\/company-cover-image.png\"]',14,'Botble\\JobBoard\\Models\\Company','2023-02-20 00:01:49','2023-02-20 00:01:49'),(46,'cover_image','[\"companies\\/company-cover-image.png\"]',15,'Botble\\JobBoard\\Models\\Company','2023-02-20 00:01:49','2023-02-20 00:01:49'),(47,'cover_image','[\"companies\\/company-cover-image.png\"]',16,'Botble\\JobBoard\\Models\\Company','2023-02-20 00:01:49','2023-02-20 00:01:49'),(48,'cover_image','[\"companies\\/company-cover-image.png\"]',17,'Botble\\JobBoard\\Models\\Company','2023-02-20 00:01:49','2023-02-20 00:01:49'),(49,'cover_image','[\"companies\\/company-cover-image.png\"]',18,'Botble\\JobBoard\\Models\\Company','2023-02-20 00:01:49','2023-02-20 00:01:49'),(50,'cover_image','[\"companies\\/company-cover-image.png\"]',19,'Botble\\JobBoard\\Models\\Company','2023-02-20 00:01:49','2023-02-20 00:01:49'),(51,'cover_image','[\"companies\\/company-cover-image.png\"]',20,'Botble\\JobBoard\\Models\\Company','2023-02-20 00:01:49','2023-02-20 00:01:49'),(52,'featured_image','[\"jobs\\/img1.png\"]',1,'Botble\\JobBoard\\Models\\Job','2023-02-20 00:01:49','2023-02-20 00:01:49'),(53,'featured_image','[\"jobs\\/img2.png\"]',2,'Botble\\JobBoard\\Models\\Job','2023-02-20 00:01:49','2023-02-20 00:01:49'),(54,'featured_image','[\"jobs\\/img3.png\"]',3,'Botble\\JobBoard\\Models\\Job','2023-02-20 00:01:49','2023-02-20 00:01:49'),(55,'featured_image','[\"jobs\\/img4.png\"]',4,'Botble\\JobBoard\\Models\\Job','2023-02-20 00:01:49','2023-02-20 00:01:49'),(56,'featured_image','[\"jobs\\/img5.png\"]',5,'Botble\\JobBoard\\Models\\Job','2023-02-20 00:01:49','2023-02-20 00:01:49'),(57,'featured_image','[\"jobs\\/img6.png\"]',6,'Botble\\JobBoard\\Models\\Job','2023-02-20 00:01:49','2023-02-20 00:01:49'),(58,'featured_image','[\"jobs\\/img7.png\"]',7,'Botble\\JobBoard\\Models\\Job','2023-02-20 00:01:49','2023-02-20 00:01:49'),(59,'featured_image','[\"jobs\\/img8.png\"]',8,'Botble\\JobBoard\\Models\\Job','2023-02-20 00:01:49','2023-02-20 00:01:49'),(60,'featured_image','[\"jobs\\/img9.png\"]',9,'Botble\\JobBoard\\Models\\Job','2023-02-20 00:01:49','2023-02-20 00:01:49'),(61,'featured_image','[\"jobs\\/img6.png\"]',10,'Botble\\JobBoard\\Models\\Job','2023-02-20 00:01:49','2023-02-20 00:01:49'),(62,'featured_image','[\"jobs\\/img2.png\"]',11,'Botble\\JobBoard\\Models\\Job','2023-02-20 00:01:49','2023-02-20 00:01:49'),(63,'featured_image','[\"jobs\\/img2.png\"]',12,'Botble\\JobBoard\\Models\\Job','2023-02-20 00:01:49','2023-02-20 00:01:49'),(64,'featured_image','[\"jobs\\/img5.png\"]',13,'Botble\\JobBoard\\Models\\Job','2023-02-20 00:01:49','2023-02-20 00:01:49'),(65,'featured_image','[\"jobs\\/img7.png\"]',14,'Botble\\JobBoard\\Models\\Job','2023-02-20 00:01:49','2023-02-20 00:01:49'),(66,'featured_image','[\"jobs\\/img6.png\"]',15,'Botble\\JobBoard\\Models\\Job','2023-02-20 00:01:49','2023-02-20 00:01:49'),(67,'featured_image','[\"jobs\\/img4.png\"]',16,'Botble\\JobBoard\\Models\\Job','2023-02-20 00:01:49','2023-02-20 00:01:49'),(68,'featured_image','[\"jobs\\/img3.png\"]',17,'Botble\\JobBoard\\Models\\Job','2023-02-20 00:01:49','2023-02-20 00:01:49'),(69,'featured_image','[\"jobs\\/img8.png\"]',18,'Botble\\JobBoard\\Models\\Job','2023-02-20 00:01:49','2023-02-20 00:01:49'),(70,'featured_image','[\"jobs\\/img6.png\"]',19,'Botble\\JobBoard\\Models\\Job','2023-02-20 00:01:49','2023-02-20 00:01:49'),(71,'featured_image','[\"jobs\\/img1.png\"]',20,'Botble\\JobBoard\\Models\\Job','2023-02-20 00:01:49','2023-02-20 00:01:49'),(72,'featured_image','[\"jobs\\/img5.png\"]',21,'Botble\\JobBoard\\Models\\Job','2023-02-20 00:01:49','2023-02-20 00:01:49'),(73,'featured_image','[\"jobs\\/img9.png\"]',22,'Botble\\JobBoard\\Models\\Job','2023-02-20 00:01:49','2023-02-20 00:01:49'),(74,'featured_image','[\"jobs\\/img9.png\"]',23,'Botble\\JobBoard\\Models\\Job','2023-02-20 00:01:49','2023-02-20 00:01:49'),(75,'featured_image','[\"jobs\\/img3.png\"]',24,'Botble\\JobBoard\\Models\\Job','2023-02-20 00:01:49','2023-02-20 00:01:49'),(76,'featured_image','[\"jobs\\/img1.png\"]',25,'Botble\\JobBoard\\Models\\Job','2023-02-20 00:01:49','2023-02-20 00:01:49'),(77,'featured_image','[\"jobs\\/img3.png\"]',26,'Botble\\JobBoard\\Models\\Job','2023-02-20 00:01:49','2023-02-20 00:01:49'),(78,'featured_image','[\"jobs\\/img7.png\"]',27,'Botble\\JobBoard\\Models\\Job','2023-02-20 00:01:49','2023-02-20 00:01:49'),(79,'featured_image','[\"jobs\\/img6.png\"]',28,'Botble\\JobBoard\\Models\\Job','2023-02-20 00:01:49','2023-02-20 00:01:49'),(80,'featured_image','[\"jobs\\/img6.png\"]',29,'Botble\\JobBoard\\Models\\Job','2023-02-20 00:01:49','2023-02-20 00:01:49'),(81,'featured_image','[\"jobs\\/img5.png\"]',30,'Botble\\JobBoard\\Models\\Job','2023-02-20 00:01:49','2023-02-20 00:01:49'),(82,'featured_image','[\"jobs\\/img8.png\"]',31,'Botble\\JobBoard\\Models\\Job','2023-02-20 00:01:49','2023-02-20 00:01:49'),(83,'featured_image','[\"jobs\\/img9.png\"]',32,'Botble\\JobBoard\\Models\\Job','2023-02-20 00:01:49','2023-02-20 00:01:49'),(84,'featured_image','[\"jobs\\/img9.png\"]',33,'Botble\\JobBoard\\Models\\Job','2023-02-20 00:01:49','2023-02-20 00:01:49'),(85,'featured_image','[\"jobs\\/img7.png\"]',34,'Botble\\JobBoard\\Models\\Job','2023-02-20 00:01:49','2023-02-20 00:01:49'),(86,'featured_image','[\"jobs\\/img7.png\"]',35,'Botble\\JobBoard\\Models\\Job','2023-02-20 00:01:49','2023-02-20 00:01:49'),(87,'featured_image','[\"jobs\\/img2.png\"]',36,'Botble\\JobBoard\\Models\\Job','2023-02-20 00:01:49','2023-02-20 00:01:49'),(88,'featured_image','[\"jobs\\/img5.png\"]',37,'Botble\\JobBoard\\Models\\Job','2023-02-20 00:01:49','2023-02-20 00:01:49'),(89,'featured_image','[\"jobs\\/img3.png\"]',38,'Botble\\JobBoard\\Models\\Job','2023-02-20 00:01:49','2023-02-20 00:01:49'),(90,'featured_image','[\"jobs\\/img4.png\"]',39,'Botble\\JobBoard\\Models\\Job','2023-02-20 00:01:49','2023-02-20 00:01:49'),(91,'featured_image','[\"jobs\\/img6.png\"]',40,'Botble\\JobBoard\\Models\\Job','2023-02-20 00:01:49','2023-02-20 00:01:49'),(92,'featured_image','[\"jobs\\/img3.png\"]',41,'Botble\\JobBoard\\Models\\Job','2023-02-20 00:01:49','2023-02-20 00:01:49'),(93,'featured_image','[\"jobs\\/img7.png\"]',42,'Botble\\JobBoard\\Models\\Job','2023-02-20 00:01:49','2023-02-20 00:01:49'),(94,'featured_image','[\"jobs\\/img1.png\"]',43,'Botble\\JobBoard\\Models\\Job','2023-02-20 00:01:49','2023-02-20 00:01:49'),(95,'featured_image','[\"jobs\\/img2.png\"]',44,'Botble\\JobBoard\\Models\\Job','2023-02-20 00:01:49','2023-02-20 00:01:49'),(96,'featured_image','[\"jobs\\/img6.png\"]',45,'Botble\\JobBoard\\Models\\Job','2023-02-20 00:01:49','2023-02-20 00:01:49'),(97,'featured_image','[\"jobs\\/img6.png\"]',46,'Botble\\JobBoard\\Models\\Job','2023-02-20 00:01:49','2023-02-20 00:01:49'),(98,'featured_image','[\"jobs\\/img9.png\"]',47,'Botble\\JobBoard\\Models\\Job','2023-02-20 00:01:49','2023-02-20 00:01:49'),(99,'featured_image','[\"jobs\\/img5.png\"]',48,'Botble\\JobBoard\\Models\\Job','2023-02-20 00:01:49','2023-02-20 00:01:49'),(100,'featured_image','[\"jobs\\/img6.png\"]',49,'Botble\\JobBoard\\Models\\Job','2023-02-20 00:01:49','2023-02-20 00:01:49'),(101,'featured_image','[\"jobs\\/img5.png\"]',50,'Botble\\JobBoard\\Models\\Job','2023-02-20 00:01:49','2023-02-20 00:01:49'),(102,'featured_image','[\"jobs\\/img7.png\"]',51,'Botble\\JobBoard\\Models\\Job','2023-02-20 00:01:49','2023-02-20 00:01:49'),(103,'cover_image','[\"accounts\\/cover2.png\"]',1,'Botble\\JobBoard\\Models\\Account','2023-02-20 00:01:50','2023-02-20 00:01:50'),(104,'cover_image','[\"accounts\\/cover2.png\"]',2,'Botble\\JobBoard\\Models\\Account','2023-02-20 00:01:50','2023-02-20 00:01:50'),(105,'cover_image','[\"accounts\\/cover3.png\"]',3,'Botble\\JobBoard\\Models\\Account','2023-02-20 00:01:50','2023-02-20 00:01:50'),(106,'cover_image','[\"accounts\\/cover1.png\"]',4,'Botble\\JobBoard\\Models\\Account','2023-02-20 00:01:50','2023-02-20 00:01:50'),(107,'cover_image','[\"accounts\\/cover3.png\"]',5,'Botble\\JobBoard\\Models\\Account','2023-02-20 00:01:50','2023-02-20 00:01:50'),(108,'cover_image','[\"accounts\\/cover2.png\"]',6,'Botble\\JobBoard\\Models\\Account','2023-02-20 00:01:50','2023-02-20 00:01:50'),(109,'cover_image','[\"accounts\\/cover3.png\"]',7,'Botble\\JobBoard\\Models\\Account','2023-02-20 00:01:50','2023-02-20 00:01:50'),(110,'cover_image','[\"accounts\\/cover3.png\"]',8,'Botble\\JobBoard\\Models\\Account','2023-02-20 00:01:50','2023-02-20 00:01:50'),(111,'cover_image','[\"accounts\\/cover3.png\"]',9,'Botble\\JobBoard\\Models\\Account','2023-02-20 00:01:50','2023-02-20 00:01:50'),(112,'cover_image','[\"accounts\\/cover3.png\"]',10,'Botble\\JobBoard\\Models\\Account','2023-02-20 00:01:50','2023-02-20 00:01:50'),(113,'cover_image','[\"accounts\\/cover1.png\"]',11,'Botble\\JobBoard\\Models\\Account','2023-02-20 00:01:50','2023-02-20 00:01:50'),(114,'cover_image','[\"accounts\\/cover1.png\"]',12,'Botble\\JobBoard\\Models\\Account','2023-02-20 00:01:50','2023-02-20 00:01:50'),(115,'cover_image','[\"accounts\\/cover3.png\"]',13,'Botble\\JobBoard\\Models\\Account','2023-02-20 00:01:50','2023-02-20 00:01:50'),(116,'cover_image','[\"accounts\\/cover1.png\"]',14,'Botble\\JobBoard\\Models\\Account','2023-02-20 00:01:50','2023-02-20 00:01:50'),(117,'cover_image','[\"accounts\\/cover3.png\"]',15,'Botble\\JobBoard\\Models\\Account','2023-02-20 00:01:50','2023-02-20 00:01:50'),(118,'cover_image','[\"accounts\\/cover1.png\"]',16,'Botble\\JobBoard\\Models\\Account','2023-02-20 00:01:51','2023-02-20 00:01:51'),(119,'cover_image','[\"accounts\\/cover3.png\"]',17,'Botble\\JobBoard\\Models\\Account','2023-02-20 00:01:51','2023-02-20 00:01:51'),(120,'cover_image','[\"accounts\\/cover3.png\"]',18,'Botble\\JobBoard\\Models\\Account','2023-02-20 00:01:51','2023-02-20 00:01:51'),(121,'cover_image','[\"accounts\\/cover1.png\"]',19,'Botble\\JobBoard\\Models\\Account','2023-02-20 00:01:51','2023-02-20 00:01:51'),(122,'cover_image','[\"accounts\\/cover1.png\"]',20,'Botble\\JobBoard\\Models\\Account','2023-02-20 00:01:51','2023-02-20 00:01:51'),(123,'cover_image','[\"accounts\\/cover2.png\"]',21,'Botble\\JobBoard\\Models\\Account','2023-02-20 00:01:51','2023-02-20 00:01:51'),(124,'cover_image','[\"accounts\\/cover3.png\"]',22,'Botble\\JobBoard\\Models\\Account','2023-02-20 00:01:51','2023-02-20 00:01:51'),(125,'cover_image','[\"accounts\\/cover3.png\"]',23,'Botble\\JobBoard\\Models\\Account','2023-02-20 00:01:51','2023-02-20 00:01:51'),(126,'cover_image','[\"accounts\\/cover3.png\"]',24,'Botble\\JobBoard\\Models\\Account','2023-02-20 00:01:51','2023-02-20 00:01:51'),(127,'cover_image','[\"accounts\\/cover1.png\"]',25,'Botble\\JobBoard\\Models\\Account','2023-02-20 00:01:51','2023-02-20 00:01:51'),(128,'cover_image','[\"accounts\\/cover2.png\"]',26,'Botble\\JobBoard\\Models\\Account','2023-02-20 00:01:51','2023-02-20 00:01:51'),(129,'cover_image','[\"accounts\\/cover3.png\"]',27,'Botble\\JobBoard\\Models\\Account','2023-02-20 00:01:51','2023-02-20 00:01:51'),(130,'cover_image','[\"accounts\\/cover1.png\"]',28,'Botble\\JobBoard\\Models\\Account','2023-02-20 00:01:51','2023-02-20 00:01:51'),(131,'cover_image','[\"accounts\\/cover3.png\"]',29,'Botble\\JobBoard\\Models\\Account','2023-02-20 00:01:51','2023-02-20 00:01:51'),(132,'cover_image','[\"accounts\\/cover2.png\"]',30,'Botble\\JobBoard\\Models\\Account','2023-02-20 00:01:51','2023-02-20 00:01:51'),(133,'cover_image','[\"accounts\\/cover3.png\"]',31,'Botble\\JobBoard\\Models\\Account','2023-02-20 00:01:51','2023-02-20 00:01:51'),(134,'cover_image','[\"accounts\\/cover2.png\"]',32,'Botble\\JobBoard\\Models\\Account','2023-02-20 00:01:52','2023-02-20 00:01:52'),(135,'cover_image','[\"accounts\\/cover1.png\"]',33,'Botble\\JobBoard\\Models\\Account','2023-02-20 00:01:52','2023-02-20 00:01:52'),(136,'cover_image','[\"accounts\\/cover3.png\"]',34,'Botble\\JobBoard\\Models\\Account','2023-02-20 00:01:52','2023-02-20 00:01:52'),(137,'cover_image','[\"accounts\\/cover3.png\"]',35,'Botble\\JobBoard\\Models\\Account','2023-02-20 00:01:52','2023-02-20 00:01:52'),(138,'cover_image','[\"accounts\\/cover2.png\"]',36,'Botble\\JobBoard\\Models\\Account','2023-02-20 00:01:52','2023-02-20 00:01:52'),(139,'cover_image','[\"accounts\\/cover1.png\"]',37,'Botble\\JobBoard\\Models\\Account','2023-02-20 00:01:52','2023-02-20 00:01:52'),(140,'cover_image','[\"accounts\\/cover3.png\"]',38,'Botble\\JobBoard\\Models\\Account','2023-02-20 00:01:52','2023-02-20 00:01:52'),(141,'cover_image','[\"accounts\\/cover2.png\"]',39,'Botble\\JobBoard\\Models\\Account','2023-02-20 00:01:52','2023-02-20 00:01:52'),(142,'cover_image','[\"accounts\\/cover1.png\"]',40,'Botble\\JobBoard\\Models\\Account','2023-02-20 00:01:52','2023-02-20 00:01:52'),(143,'cover_image','[\"accounts\\/cover3.png\"]',41,'Botble\\JobBoard\\Models\\Account','2023-02-20 00:01:52','2023-02-20 00:01:52'),(144,'cover_image','[\"accounts\\/cover2.png\"]',42,'Botble\\JobBoard\\Models\\Account','2023-02-20 00:01:52','2023-02-20 00:01:52'),(145,'cover_image','[\"accounts\\/cover1.png\"]',43,'Botble\\JobBoard\\Models\\Account','2023-02-20 00:01:52','2023-02-20 00:01:52'),(146,'cover_image','[\"accounts\\/cover2.png\"]',44,'Botble\\JobBoard\\Models\\Account','2023-02-20 00:01:52','2023-02-20 00:01:52'),(147,'cover_image','[\"accounts\\/cover2.png\"]',45,'Botble\\JobBoard\\Models\\Account','2023-02-20 00:01:52','2023-02-20 00:01:52'),(148,'cover_image','[\"accounts\\/cover1.png\"]',46,'Botble\\JobBoard\\Models\\Account','2023-02-20 00:01:53','2023-02-20 00:01:53'),(149,'cover_image','[\"accounts\\/cover1.png\"]',47,'Botble\\JobBoard\\Models\\Account','2023-02-20 00:01:53','2023-02-20 00:01:53'),(150,'cover_image','[\"accounts\\/cover3.png\"]',48,'Botble\\JobBoard\\Models\\Account','2023-02-20 00:01:53','2023-02-20 00:01:53'),(151,'cover_image','[\"accounts\\/cover3.png\"]',49,'Botble\\JobBoard\\Models\\Account','2023-02-20 00:01:53','2023-02-20 00:01:53'),(152,'cover_image','[\"accounts\\/cover3.png\"]',50,'Botble\\JobBoard\\Models\\Account','2023-02-20 00:01:53','2023-02-20 00:01:53'),(153,'cover_image','[\"accounts\\/cover1.png\"]',51,'Botble\\JobBoard\\Models\\Account','2023-02-20 00:01:53','2023-02-20 00:01:53'),(154,'cover_image','[\"accounts\\/cover3.png\"]',52,'Botble\\JobBoard\\Models\\Account','2023-02-20 00:01:53','2023-02-20 00:01:53'),(155,'cover_image','[\"accounts\\/cover2.png\"]',53,'Botble\\JobBoard\\Models\\Account','2023-02-20 00:01:53','2023-02-20 00:01:53'),(156,'cover_image','[\"accounts\\/cover3.png\"]',54,'Botble\\JobBoard\\Models\\Account','2023-02-20 00:01:53','2023-02-20 00:01:53'),(157,'cover_image','[\"accounts\\/cover2.png\"]',55,'Botble\\JobBoard\\Models\\Account','2023-02-20 00:01:53','2023-02-20 00:01:53'),(158,'cover_image','[\"accounts\\/cover3.png\"]',56,'Botble\\JobBoard\\Models\\Account','2023-02-20 00:01:53','2023-02-20 00:01:53'),(159,'cover_image','[\"accounts\\/cover1.png\"]',57,'Botble\\JobBoard\\Models\\Account','2023-02-20 00:01:53','2023-02-20 00:01:53'),(160,'cover_image','[\"accounts\\/cover2.png\"]',58,'Botble\\JobBoard\\Models\\Account','2023-02-20 00:01:53','2023-02-20 00:01:53'),(161,'cover_image','[\"accounts\\/cover3.png\"]',59,'Botble\\JobBoard\\Models\\Account','2023-02-20 00:01:53','2023-02-20 00:01:53'),(162,'cover_image','[\"accounts\\/cover1.png\"]',60,'Botble\\JobBoard\\Models\\Account','2023-02-20 00:01:54','2023-02-20 00:01:54'),(163,'cover_image','[\"accounts\\/cover3.png\"]',61,'Botble\\JobBoard\\Models\\Account','2023-02-20 00:01:54','2023-02-20 00:01:54'),(164,'cover_image','[\"accounts\\/cover3.png\"]',62,'Botble\\JobBoard\\Models\\Account','2023-02-20 00:01:54','2023-02-20 00:01:54'),(165,'cover_image','[\"accounts\\/cover3.png\"]',63,'Botble\\JobBoard\\Models\\Account','2023-02-20 00:01:54','2023-02-20 00:01:54'),(166,'cover_image','[\"accounts\\/cover2.png\"]',64,'Botble\\JobBoard\\Models\\Account','2023-02-20 00:01:54','2023-02-20 00:01:54'),(167,'cover_image','[\"accounts\\/cover2.png\"]',65,'Botble\\JobBoard\\Models\\Account','2023-02-20 00:01:54','2023-02-20 00:01:54'),(168,'cover_image','[\"accounts\\/cover2.png\"]',66,'Botble\\JobBoard\\Models\\Account','2023-02-20 00:01:54','2023-02-20 00:01:54'),(169,'cover_image','[\"accounts\\/cover3.png\"]',67,'Botble\\JobBoard\\Models\\Account','2023-02-20 00:01:54','2023-02-20 00:01:54'),(170,'cover_image','[\"accounts\\/cover2.png\"]',68,'Botble\\JobBoard\\Models\\Account','2023-02-20 00:01:54','2023-02-20 00:01:54'),(171,'cover_image','[\"accounts\\/cover3.png\"]',69,'Botble\\JobBoard\\Models\\Account','2023-02-20 00:01:54','2023-02-20 00:01:54'),(172,'cover_image','[\"accounts\\/cover1.png\"]',70,'Botble\\JobBoard\\Models\\Account','2023-02-20 00:01:54','2023-02-20 00:01:54'),(173,'cover_image','[\"accounts\\/cover3.png\"]',71,'Botble\\JobBoard\\Models\\Account','2023-02-20 00:01:54','2023-02-20 00:01:54'),(174,'cover_image','[\"accounts\\/cover2.png\"]',72,'Botble\\JobBoard\\Models\\Account','2023-02-20 00:01:54','2023-02-20 00:01:54'),(175,'cover_image','[\"accounts\\/cover2.png\"]',73,'Botble\\JobBoard\\Models\\Account','2023-02-20 00:01:54','2023-02-20 00:01:54'),(176,'cover_image','[\"accounts\\/cover2.png\"]',74,'Botble\\JobBoard\\Models\\Account','2023-02-20 00:01:54','2023-02-20 00:01:54'),(177,'cover_image','[\"accounts\\/cover3.png\"]',75,'Botble\\JobBoard\\Models\\Account','2023-02-20 00:01:55','2023-02-20 00:01:55'),(178,'cover_image','[\"accounts\\/cover3.png\"]',76,'Botble\\JobBoard\\Models\\Account','2023-02-20 00:01:55','2023-02-20 00:01:55'),(179,'cover_image','[\"accounts\\/cover3.png\"]',77,'Botble\\JobBoard\\Models\\Account','2023-02-20 00:01:55','2023-02-20 00:01:55'),(180,'cover_image','[\"accounts\\/cover1.png\"]',78,'Botble\\JobBoard\\Models\\Account','2023-02-20 00:01:55','2023-02-20 00:01:55'),(181,'cover_image','[\"accounts\\/cover2.png\"]',79,'Botble\\JobBoard\\Models\\Account','2023-02-20 00:01:55','2023-02-20 00:01:55'),(182,'cover_image','[\"accounts\\/cover2.png\"]',80,'Botble\\JobBoard\\Models\\Account','2023-02-20 00:01:55','2023-02-20 00:01:55'),(183,'cover_image','[\"accounts\\/cover3.png\"]',81,'Botble\\JobBoard\\Models\\Account','2023-02-20 00:01:55','2023-02-20 00:01:55'),(184,'cover_image','[\"accounts\\/cover1.png\"]',82,'Botble\\JobBoard\\Models\\Account','2023-02-20 00:01:55','2023-02-20 00:01:55'),(185,'cover_image','[\"accounts\\/cover2.png\"]',83,'Botble\\JobBoard\\Models\\Account','2023-02-20 00:01:55','2023-02-20 00:01:55'),(186,'cover_image','[\"accounts\\/cover3.png\"]',84,'Botble\\JobBoard\\Models\\Account','2023-02-20 00:01:55','2023-02-20 00:01:55'),(187,'cover_image','[\"accounts\\/cover2.png\"]',85,'Botble\\JobBoard\\Models\\Account','2023-02-20 00:01:55','2023-02-20 00:01:55'),(188,'cover_image','[\"accounts\\/cover3.png\"]',86,'Botble\\JobBoard\\Models\\Account','2023-02-20 00:01:55','2023-02-20 00:01:55'),(189,'cover_image','[\"accounts\\/cover2.png\"]',87,'Botble\\JobBoard\\Models\\Account','2023-02-20 00:01:55','2023-02-20 00:01:55'),(190,'cover_image','[\"accounts\\/cover3.png\"]',88,'Botble\\JobBoard\\Models\\Account','2023-02-20 00:01:55','2023-02-20 00:01:55'),(191,'cover_image','[\"accounts\\/cover2.png\"]',89,'Botble\\JobBoard\\Models\\Account','2023-02-20 00:01:55','2023-02-20 00:01:55'),(192,'cover_image','[\"accounts\\/cover3.png\"]',90,'Botble\\JobBoard\\Models\\Account','2023-02-20 00:01:56','2023-02-20 00:01:56'),(193,'cover_image','[\"accounts\\/cover3.png\"]',91,'Botble\\JobBoard\\Models\\Account','2023-02-20 00:01:56','2023-02-20 00:01:56'),(194,'cover_image','[\"accounts\\/cover3.png\"]',92,'Botble\\JobBoard\\Models\\Account','2023-02-20 00:01:56','2023-02-20 00:01:56'),(195,'cover_image','[\"accounts\\/cover1.png\"]',93,'Botble\\JobBoard\\Models\\Account','2023-02-20 00:01:56','2023-02-20 00:01:56'),(196,'cover_image','[\"accounts\\/cover2.png\"]',94,'Botble\\JobBoard\\Models\\Account','2023-02-20 00:01:56','2023-02-20 00:01:56'),(197,'cover_image','[\"accounts\\/cover2.png\"]',95,'Botble\\JobBoard\\Models\\Account','2023-02-20 00:01:56','2023-02-20 00:01:56'),(198,'cover_image','[\"accounts\\/cover1.png\"]',96,'Botble\\JobBoard\\Models\\Account','2023-02-20 00:01:56','2023-02-20 00:01:56'),(199,'cover_image','[\"accounts\\/cover2.png\"]',97,'Botble\\JobBoard\\Models\\Account','2023-02-20 00:01:56','2023-02-20 00:01:56'),(200,'cover_image','[\"accounts\\/cover2.png\"]',98,'Botble\\JobBoard\\Models\\Account','2023-02-20 00:01:56','2023-02-20 00:01:56'),(201,'cover_image','[\"accounts\\/cover2.png\"]',99,'Botble\\JobBoard\\Models\\Account','2023-02-20 00:01:56','2023-02-20 00:01:56'),(202,'cover_image','[\"accounts\\/cover3.png\"]',100,'Botble\\JobBoard\\Models\\Account','2023-02-20 00:01:56','2023-02-20 00:01:56');

--
-- Table structure for table `migrations`
--

CREATE TABLE `migrations` (
  `id` int unsigned NOT NULL AUTO_INCREMENT,
  `migration` varchar(191) COLLATE utf8mb4_unicode_ci NOT NULL,
  `batch` int NOT NULL,
  PRIMARY KEY (`id`)
) ENGINE=InnoDB AUTO_INCREMENT=79 DEFAULT CHARSET=utf8mb4 COLLATE=utf8mb4_unicode_ci;

--
-- Dumping data for table `migrations`
--

INSERT INTO `migrations` VALUES (1,'2013_04_09_032329_create_base_tables',1),(2,'2013_04_09_062329_create_revisions_table',1),(3,'2014_10_12_000000_create_users_table',1),(4,'2014_10_12_100000_create_password_reset_tokens_table',1),(5,'2016_06_10_230148_create_acl_tables',1),(6,'2016_06_14_230857_create_menus_table',1),(7,'2016_06_28_221418_create_pages_table',1),(8,'2016_10_05_074239_create_setting_table',1),(9,'2016_11_28_032840_create_dashboard_widget_tables',1),(10,'2016_12_16_084601_create_widgets_table',1),(11,'2017_05_09_070343_create_media_tables',1),(12,'2017_11_03_070450_create_slug_table',1),(13,'2019_01_05_053554_create_jobs_table',1),(14,'2019_08_19_000000_create_failed_jobs_table',1),(15,'2019_12_14_000001_create_personal_access_tokens_table',1),(16,'2022_04_20_100851_add_index_to_media_table',1),(17,'2022_04_20_101046_add_index_to_menu_table',1),(18,'2022_07_10_034813_move_lang_folder_to_root',1),(19,'2022_08_04_051940_add_missing_column_expires_at',1),(20,'2022_09_01_000001_create_admin_notifications_tables',1),(21,'2022_10_14_024629_drop_column_is_featured',1),(22,'2022_11_18_063357_add_missing_timestamp_in_table_settings',1),(23,'2022_12_02_093615_update_slug_index_columns',1),(24,'2023_01_30_024431_add_alt_to_media_table',1),(25,'2023_02_16_042611_drop_table_password_resets',1),(26,'2015_06_29_025744_create_audit_history',2),(27,'2015_06_18_033822_create_blog_table',3),(28,'2021_02_16_092633_remove_default_value_for_author_type',3),(29,'2021_12_03_030600_create_blog_translations',3),(30,'2022_04_19_113923_add_index_to_table_posts',3),(31,'2016_06_17_091537_create_contacts_table',4),(32,'2018_07_09_221238_create_faq_table',5),(33,'2021_12_03_082134_create_faq_translations',5),(34,'2016_10_13_150201_create_galleries_table',6),(35,'2021_12_03_082953_create_gallery_translations',6),(36,'2022_04_30_034048_create_gallery_meta_translations_table',6),(37,'2022_06_20_093259_create_job_board_tables',7),(38,'2022_09_12_061845_update_table_activity_logs',7),(39,'2022_09_13_042407_create_table_jb_jobs_types',7),(40,'2022_09_15_030017_update_jb_jobs_table',7),(41,'2022_09_15_094840_add_job_employer_colleagues',7),(42,'2022_09_27_000001_create_jb_invoices_tables',7),(43,'2022_09_30_144924_update_jobs_table',7),(44,'2022_10_04_085631_add_company_logo_to_jb_invoices',7),(45,'2022_10_10_030606_create_reviews_table',7),(46,'2022_11_09_065056_add_missing_jobs_page',7),(47,'2022_11_10_065056_add_columns_to_accounts',7),(48,'2022_11_16_034756_add_column_cover_letter_to_accounts',7),(49,'2022_11_29_304756_create_jb_account_favorite_skills_table',7),(50,'2022_11_29_304757_create_jb_account_favorite_tags',7),(51,'2022_12_26_304758_create_table_jb_experiences',7),(52,'2022_12_26_304759_create_table_jb_education',7),(53,'2023_01_31_023233_create_jb_custom_fields_table',7),(54,'2023_02_06_024257_add_package_translations',7),(55,'2023_02_08_062457_add_custom_fields_translation_table',7),(56,'2016_10_03_032336_create_languages_table',8),(57,'2021_10_25_021023_fix-priority-load-for-language-advanced',9),(58,'2021_12_03_075608_create_page_translations',9),(59,'2019_11_18_061011_create_country_table',10),(60,'2021_12_03_084118_create_location_translations',10),(61,'2021_12_03_094518_migrate_old_location_data',10),(62,'2021_12_10_034440_switch_plugin_location_to_use_language_advanced',10),(63,'2022_01_16_085908_improve_plugin_location',10),(64,'2022_08_04_052122_delete_location_backup_tables',10),(65,'2022_10_29_065232_increase_states_abbreviation_column',10),(66,'2022_11_06_061847_increase_state_translations_abbreviation_column',10),(67,'2017_10_24_154832_create_newsletter_table',11),(68,'2017_05_18_080441_create_payment_tables',12),(69,'2021_03_27_144913_add_customer_type_into_table_payments',12),(70,'2021_05_24_034720_make_column_currency_nullable',12),(71,'2021_08_09_161302_add_metadata_column_to_payments_table',12),(72,'2021_10_19_020859_update_metadata_field',12),(73,'2022_06_28_151901_activate_paypal_stripe_plugin',12),(74,'2022_07_07_153354_update_charge_id_in_table_payments',12),(75,'2022_11_02_092723_team_create_team_table',13),(76,'2018_07_09_214610_create_testimonial_table',14),(77,'2021_12_03_083642_create_testimonials_translations',14),(78,'2016_10_07_193005_create_translations_table',15);

--
-- Table structure for table `newsletters`
--

CREATE TABLE `newsletters` (
  `id` bigint unsigned NOT NULL AUTO_INCREMENT,
  `email` varchar(120) COLLATE utf8mb4_unicode_ci NOT NULL,
  `name` varchar(120) COLLATE utf8mb4_unicode_ci DEFAULT NULL,
  `status` varchar(60) COLLATE utf8mb4_unicode_ci NOT NULL DEFAULT 'subscribed',
  `created_at` timestamp NULL DEFAULT NULL,
  `updated_at` timestamp NULL DEFAULT NULL,
  PRIMARY KEY (`id`)
) ENGINE=InnoDB DEFAULT CHARSET=utf8mb4 COLLATE=utf8mb4_unicode_ci;

--
-- Dumping data for table `newsletters`
--


--
-- Table structure for table `pages`
--

CREATE TABLE `pages` (
  `id` bigint unsigned NOT NULL AUTO_INCREMENT,
  `name` varchar(120) COLLATE utf8mb4_unicode_ci NOT NULL,
  `content` longtext COLLATE utf8mb4_unicode_ci,
  `user_id` int NOT NULL,
  `image` varchar(255) COLLATE utf8mb4_unicode_ci DEFAULT NULL,
  `template` varchar(60) COLLATE utf8mb4_unicode_ci DEFAULT NULL,
  `description` varchar(400) COLLATE utf8mb4_unicode_ci DEFAULT NULL,
  `status` varchar(60) COLLATE utf8mb4_unicode_ci NOT NULL DEFAULT 'published',
  `created_at` timestamp NULL DEFAULT NULL,
  `updated_at` timestamp NULL DEFAULT NULL,
  PRIMARY KEY (`id`),
  KEY `pages_user_id_index` (`user_id`)
) ENGINE=InnoDB AUTO_INCREMENT=20 DEFAULT CHARSET=utf8mb4 COLLATE=utf8mb4_unicode_ci;

--
-- Dumping data for table `pages`
--

INSERT INTO `pages` VALUES (1,'Homepage 1','<div>[search-box title=\"The Easiest Way to Get Your New Job\" highlight_text=\"Easiest Way\" description=\"Each month, more than 3 million job seekers turn to website in their search for work, making over 140,000 applications every single day\" banner_image_1=\"pages/banner1.png\" icon_top_banner=\"pages/icon-top-banner.png\" banner_image_2=\"pages/banner2.png\" icon_bottom_banner=\"pages/icon-bottom-banner.png\" style=\"style-1\" trending_keywords=\"Design,Development,Manager,Senior\"][/search-box]</div><div>[featured-job-categories title=\"Browse by category\" subtitle=\"Find the job that’s perfect for you. about 800+ new jobs everyday\"][/featured-job-categories]</div><div>[apply-banner subtitle=\"Let’s Work Together &lt;br\\&gt;&amp; Explore Opportunities\" highlight_sub_title_text=\"Work, Explore\" title_1=\"We are\" title_2=\"HIRING\" button_apply_text=\"Apply\" button_apply_link=\"#\" apply_image_left=\"pages/bg-left-hiring.png\" apply_image_right=\"pages/bg-right-hiring.png\"][/apply-banner]</div><div>[job-of-the-day title=\"Jobs of the day\" subtitle=\"Search and connect with the right candidates faster.\" job_categories=\"4,9,1,3,5,7\" style=\"style-1\"][/job-of-the-day]</div><div>[job-grid title=\"Find The One That’s Right For You\" high_light_title_text=\"Right\" subtitle=\"Millions Of Jobs.\" description=\"Search all the open positions on the web. Get your own personalized salary estimate. Read reviews on over 600,000 companies worldwide. The right job is out there.\" image_job_1=\"pages/img-chart.png\" image_job_2=\"pages/controlcard.png\" image=\"pages/img1.png\" button_text=\"Search jobs\" button_url=\"#\" link_text=\"Learn more\" link_text_url=\"#\"][/job-grid]</div><div>[top-companies title=\"Top Recruiters\" description=\"Discover your next career move, freelance gig, or internship\"][/top-companies]</div><div>[job-by-location title=\"Jobs by Location\" description=\"Find your favourite jobs and get the benefits of yourself\" city=\"1,2,3,4,5,6\"][/job-by-location]</div><div>[news-and-blogs title=\"News and Blog\" subtitle=\"Get the latest news, updates and tips\"][/news-and-blogs]</div>',1,NULL,'homepage',NULL,'published','2023-02-20 00:01:46','2023-02-20 00:01:46'),(2,'Homepage 2','<div>[search-box subtitle=\"We have 150,000+ live jobs\" title=\"The #1 Job Board for Hiring or Find your next job\" highlight_text=\"Job Board for\" description=\"Each month, more than 3 million job seekers turn to website in their search for work, making over 140,000 applications every single day\" counter_title_1=\"Daily Jobs Posted\" counter_number_1=\"265\" counter_title_2=\"Recruiters\" counter_number_2=\"17\" counter_title_3=\"Freelancers\" counter_number_3=\"15\" counter_title_4=\"Blog Tips\" counter_number_4=\"28\" image=\"general/img-01.png\" background_image=\"pages/banner-section-search-box.png\" style=\"style-2\" trending_keywords=\"Design,Development,Manager,Senior\"][/search-box]</div><div>[job-of-the-day title=\"Jobs of the day\" subtitle=\"Search and connect with the right candidates faster.\" job_categories=\"1,2,5,4,7,8\" style=\"style-2\"][/job-of-the-day]</div><div>[popular-category title=\"Popular category\" subtitle=\"Search and connect with the right candidates faster.\"][/popular-category]</div><div>[job-by-location title=\"Jobs by Location\" description=\"Find your favourite jobs and get the benefits of yourself\" city=\"12,46,69,111,121,116,62\" style=\"style-2\"][/job-by-location]</div><div>[counter-section counter_title_1=\"Completed Cases\" counter_description_1=\"We always provide people a complete solution upon focused of any business\" counter_number_1=\"1000\" counter_title_2=\"Our Office\" counter_description_2=\"We always provide people a complete solution upon focused of any business\" counter_number_2=\"1\" counter_title_3=\"Skilled People\" counter_description_3=\"We always provide people a complete solution upon focused of any business\" counter_number_3=\"6\" counter_title_4=\"Happy Clients\" counter_description_4=\"We always provide people a complete solution upon focused of any business\" counter_number_4=\"2\"][/counter-section]</div><div>[top-companies title=\"Top Recruiters\" description=\"Discover your next career move, freelance gig, or internship\" style=\"style-2\"][/top-companies]</div><div>[advertisement-banner first_title=\"Job Tools Services\" first_description=\"Lorem ipsum dolor sit amet, consectetur adipiscing elit. Aliquam laoreet rutrum quam, id faucibus erat interdum a. Curabitur eget tortor a nulla interdum semper.\" load_more_first_content_text=\"Find Out More\" load_more_link_first_content=\"#\" image_of_first_content=\"pages/job-tools.png\" second_title=\"Planning a Job?\" second_description=\"Lorem ipsum dolor sit amet, consectetur adipiscing elit. Aliquam laoreet rutrum quam, id faucibus erat interdum a. Curabitur eget tortor a nulla interdum semper.\" load_more_second_content_text=\"Find Out More\" load_more_link_second_content=\"#\" image_of_second_content=\"pages/planning-job.png\"][/advertisement-banner]</div><div>[news-and-blogs title=\"News and Blog\" subtitle=\"Get the latest news, updates and tips\" button_text=\"Load More Posts\" button_link=\"#\" style=\"style-2\"][/news-and-blogs]</div>',1,NULL,'homepage',NULL,'published','2023-02-20 00:01:46','2023-02-20 00:01:46'),(3,'Homepage 3','<div>[search-box title=\"The #1 Job Board for Hiring or Find your next job\" highlight_text=\"Job Board for\" description=\"Each month, more than 3 million job seekers turn to website in their search for work, making over 140,000 applications every single day\" style=\"style-3\" trending_keywords=\"Design,Development,Manager,Senior\"][/search-box]</div><div>[job-of-the-day title=\"Jobs of the day\" subtitle=\"Search and connect with the right candidates faster.\" job_categories=\"1,2,5,4,7,8\" style=\"style-3\"][/job-of-the-day]</div><div>[top-candidates title=\"Top Candidates\" description=\"Jobs is a curated job board of the best jobs for developers, designers and marketers in the tech industry.\" limit=\"8\" style=\"style-3\"][/top-candidates]</div><div>[top-companies title=\"Top Recruiters\" description=\"Discover your next career move, freelance gig, or internship\" style=\"style-3\"][/top-companies]</div><div>[apply-banner subtitle=\"Let’s Work Together &lt;br\\&gt;&amp; Explore Opportunities\" highlight_sub_title_text=\"Work, Explore\" title_1=\"We are\" title_2=\"HIRING\" button_apply_text=\"Apply\" button_apply_link=\"#\" apply_image_left=\"pages/bg-left-hiring.png\" apply_image_right=\"pages/bg-right-hiring.png\" style=\"style-3\"][/apply-banner]</div><div>[our-partners title=\"Trusted by\" name_1=\"Asus\" url_1=\"https://www.asus.com\" image_1=\"our-partners/asus.png\" name_2=\"Dell\" url_2=\"https://www.dell.com\" image_2=\"our-partners/dell.png\" name_3=\"Microsoft\" url_3=\"https://www.microsoft.com\" image_3=\"our-partners/microsoft.png\" name_4=\"Acer\" url_4=\"https://www.acer.com\" image_4=\"our-partners/acer.png\" name_5=\"Nokia\" url_5=\"https://www.nokia.com\" image_5=\"our-partners/nokia.png\"][/our-partners]</div><div>[news-and-blogs title=\"News and Blog\" subtitle=\"Get the latest news, updates and tips\" button_text=\"Load More Posts\" button_link=\"#\" style=\"style-3\"][/news-and-blogs]</div>',1,NULL,'homepage',NULL,'published','2023-02-20 00:01:46','2023-02-20 00:01:46'),(4,'Homepage 4','<div>[search-box title=\"Get The Right Job You Deserve\" highlight_text=\"Right Job\" banner_image_1=\"pages/home-page-4-banner.png\" style=\"style-1\" trending_keywords=\"Designer, Web, IOS, Developer, PHP, Senior, Engineer\" background_color=\"#000\"][/search-box]</div><div>[job-of-the-day title=\"Latest Jobs Post\" subtitle=\"Explore the different types of available jobs to apply discover which is right for you.\" job_categories=\"1,2,3,4,5,6,8,7\" style=\"style-3\"][/job-of-the-day]</div><div>[featured-job-categories title=\"Browse by category\" subtitle=\"Find the job that’s perfect for you. about 800+ new jobs everyday\" limit_category=\"10\" background_image=\"pages/bg-cat.png\" style=\"style-2\"][/featured-job-categories]</div><div>[[testimonials title=\"See Some Words\" description=\"Thousands of employee get their ideal jobs and feed back to us!\" style=\"style-2\"][/testimonials]</div><div>[our-partners title=\"Trusted by\" name_1=\"Asus\" url_1=\"https://www.asus.com\" image_1=\"our-partners/asus.png\" name_2=\"Dell\" url_2=\"https://www.dell.com\" image_2=\"our-partners/dell.png\" name_3=\"Microsoft\" url_3=\"https://www.microsoft.com\" image_3=\"our-partners/microsoft.png\" name_4=\"Acer\" url_4=\"https://www.acer.com\" image_4=\"our-partners/acer.png\" name_5=\"Nokia\" url_5=\"https://www.nokia.com\" image_5=\"our-partners/nokia.png\"][/our-partners]</div><div>[popular-category title=\"Popular category\" subtitle=\"Search and connect with the right candidates faster.\"][/popular-category]</div><div>[job-by-location title=\"Jobs by Location\" description=\"Find your favourite jobs and get the benefits of yourself\" city=\"12,46,69,111,121,116,62\" style=\"style-2\"][/job-by-location]</div><div>[news-and-blogs title=\"News and Blog\" subtitle=\"Get the latest news, updates and tips\" button_text=\"Load More Posts\" button_link=\"#\"][/news-and-blogs]</div>',1,NULL,'homepage',NULL,'published','2023-02-20 00:01:46','2023-02-20 00:01:46'),(5,'Homepage 5','<div>[search-box title=\"Find Jobs, &lt;br&gt; Hire Creatives\" description=\"Each month, more than 3 million job seekers turn to website in their search for work, making over 140,000 applications every single day\" banner_image_1=\"pages/banner1.png\" banner_image_2=\"pages/banner2.png\" banner_image_3=\"pages/banner3.png\" banner_image_4=\"pages/banner4.png\" banner_image_5=\"pages/banner5.png\" banner_image_6=\"pages/banner6.png\" style=\"style-5\"][/search-box]</div><div>[counter-section counter_title_1=\"Completed Cases\" counter_description_1=\"We always provide people a complete solution upon focused of any business\" counter_number_1=\"1000\" counter_title_2=\"Our Office\" counter_description_2=\"We always provide people a complete solution upon focused of any business\" counter_number_2=\"1\" counter_title_3=\"Skilled People\" counter_description_3=\"We always provide people a complete solution upon focused of any business\" counter_number_3=\"6\" counter_title_4=\"Happy Clients\" counter_description_4=\"We always provide people a complete solution upon focused of any business\" counter_number_4=\"2\"][/counter-section]</div><div>[popular-category title=\"Explore the Marketplace\" subtitle=\"Search and connect with the right candidates faster. Tell us what you’ve looking for and we’ll get to work for you.\" style=\"style-5\"][/popular-category]</div><div>[job-of-the-day title=\"Latest Jobs Post\" subtitle=\"Explore the different types of available jobs to apply &lt;br&gt; discover which is right for you.\" job_categories=\"1,2,5,4,7,8\" style=\"style-2\"][/job-of-the-day]</div><div>[job-grid style=\"style-2\" title=\"Create Your Personal Account Profile\" subtitle=\"Create Profile\" description=\"Work Profile is a personality assessment that measures an individual\'s work personality through their workplace traits, social and emotional traits; as well as the values and aspirations that drive them forward.\" image=\"pages/img-profile.png\" button_text=\"Create Profile\" button_url=\"/register\"][/job-grid]</div><div>[how-it-works title=\"How It Works\" description=\"Just via some simple steps, you will find your ideal candidates you’r looking for!\" step_label_1=\"Register an &lt;br&gt; account to start\" step_help_1=\"Lorem ipsum dolor sit amet, consectetur adipisicing elit, sed do\" step_label_2=\"Explore over &lt;br&gt; thousands of resumes\" step_help_2=\"Lorem ipsum dolor sit amet, consectetur adipisicing elit, sed do\" step_label_3=\"Find the most &lt;br&gt; suitable candidate\" step_help_3=\"Lorem ipsum dolor sit amet, consectetur adipisicing elit, sed do\" button_label=\"Get Started\" button_url=\"#\"][/how-it-works]</div><div>[top-candidates title=\"Top Candidates\" description=\"Jobs is a curated job board of the best jobs for developers, designers &lt;br&gt; and marketers in the tech industry.\" limit=\"8\" style=\"style-5\"][/top-candidates]</div><div>[news-and-blogs title=\"News and Blog\" subtitle=\"Get the latest news, updates and tips\" button_text=\"Load More Posts\" button_link=\"#\" style=\"style-2\"][/news-and-blogs]</div>',1,NULL,'homepage',NULL,'published','2023-02-20 00:01:46','2023-02-20 00:01:46'),(6,'Homepage 6','<div>[search-box title=\"There Are 102,256 Postings Here For you!\" highlight_text=\"102,256\" description=\"Find Jobs, Employment &amp; Career Opportunities\" style=\"style-4\" trending_keywords=\"Design,Development,Manager,Senior,,\" background_color=\"#000\"][/search-box]</div><div>[gallery image_1=\"galleries/1.jpg\" image_2=\"galleries/2.jpg\" image_3=\"galleries/3.jpg\" image_4=\"galleries/4.jpg\" image_5=\"galleries/5.jpg\"][/gallery]</div><div>[featured-job-categories title=\"Browse by category\" subtitle=\"Find the job that’s perfect for you. about 800+ new jobs everyday\"][/featured-job-categories]</div><div>[job-grid style=\"style-2\" title=\"Create Your Personal Account Profile\" subtitle=\"Create Profile\" description=\"Work Profile is a personality assessment that measures an individual\'s work personality through their workplace traits, social and emotional traits; as well as the values and aspirations that drive them forward.\" image=\"pages/img-profile.png\" button_text=\"Create Profile\" button_url=\"/register\"][/job-grid]</div><div>[job-of-the-day title=\"Latest Jobs Post\" subtitle=\"Explore the different types of available jobs to apply discover which is right for you.\" job_categories=\"1,2,3,4,5,6\" style=\"style-2\"][/job-of-the-day]</div><div>[job-search-banner title=\"Job search for people passionate about startup\" background_image=\"pages/img-job-search.png\" checkbox_title_1=\"Create an account\" checkbox_description_1=\"Lorem ipsum dolor sit amet, consectetur adipiscing elit. Donec nec justo a quam varius maximus. Maecenas sodales tortor quis tincidunt commodo.\" checkbox_title_2=\"Search for Jobs\" checkbox_description_2=\"Lorem ipsum dolor sit amet, consectetur adipiscing elit. Donec nec justo a quam varius maximus. Maecenas sodales tortor quis tincidunt commodo.\" checkbox_title_3=\"Save &amp; Apply\" checkbox_description_3=\"Lorem ipsum dolor sit amet, consectetur adipiscing elit. Donec nec justo a quam varius maximus. Maecenas sodales tortor quis tincidunt commodo.\"][/job-search-banner]</div>',1,NULL,'homepage',NULL,'published','2023-02-20 00:01:46','2023-02-20 00:01:46'),(7,'Jobs','<div>[search-box title=\"The official IT Jobs site\" highlight_text=\"IT Jobs\" description=\"“JobBox is our first stop whenever we\'re hiring a PHP role. We\'ve hired 10 PHP developers in the last few years, all thanks to JobBox.” — Andrew Hall, Elite JSC.\" banner_image_1=\"pages/left-job-head.png\" banner_image_2=\"pages/right-job-head.png\" style=\"style-3\" background_color=\"#000\"][/search-box]</div><div>[job-list max_salary_range=\"100000\"][/job-list]</div>',1,NULL,'default',NULL,'published','2023-02-20 00:01:46','2023-02-20 00:01:46'),(8,'Companies','<div>[job-companies title=\"Browse Companies\" subtitle=\"Lorem ipsum dolor sit amet consectetur adipisicing elit. Vero repellendus magni, atque delectus molestias quis?\"][/job-companies]</div>',1,NULL,'default',NULL,'published','2023-02-20 00:01:46','2023-02-20 00:01:46'),(9,'Candidates','<div>[job-candidates title=\"Browse Candidates\" description=\"Lorem ipsum dolor sit amet consectetur adipisicing elit. Vero repellendus magni, atque &lt;br&gt; delectus molestias quis?\" number_per_page=\"9\" style=\"grid\"][/job-candidates]</div><div>[news-and-blogs title=\"News and Blog\" subtitle=\"Get the latest news, updates and tips\" style=\"style-2\"][/news-and-blogs]</div>',1,NULL,'default',NULL,'published','2023-02-20 00:01:46','2023-02-20 00:01:46'),(10,'About us','<div>[company-about title=\"About Our Company\" description=\"Lorem ipsum dolor sit amet, consectetur adipiscing elit. Quisque ligula ante, dictum non aliquet eu, dapibus ac quam. Morbi vel ante viverra orci tincidunt tempor eu id ipsum. Sed consectetur, risus a blandit tempor, velit magna pellentesque risus, at congue tellus dui quis nisl.\" title_box=\"What we can do?\" image=\"general/img-about2.png\" description_box=\"Aenean sollicituin, lorem quis bibendum auctor nisi elit consequat ipsum sagittis sem nibh id elit. Duis sed odio sit amet nibh vulputate cursus a sit amet maurisorbi accumsan ipsum velit. Nam nec tellus a odio tincidunt auctora ornare odio. Aenean sollicituin, lorem quis bibendum auctor nisi elit consequat ipsum sagittis sem nibh id elit. Duis sed odio sit amet nibh vulputate cursus a sit amet maurisorbi accumsan ipsum velit. Nam nec tellus a odio tincidunt auctora ornare odio. Class aptent taciti sociosqu ad litora torquent per conubia nostra, per inceptos himenaeos. Duis non nisi purus. Integer sit nostra, per inceptos himenaeos. Class aptent taciti sociosqu ad litora torquent per conubia nostra, per inceptos himenaeos. Duis non nisi purus. Integer sit nostra, per inceptos himenaeos.\" url=\"/\" text_button_box=\"Read more\"][/company-about]</div><div>[team title=\"About Our Company\" sub_title=\"OUR COMPANY\" description=\"Lorem ipsum dolor sit amet, consectetur adipiscing elit. Quisque ligula ante, dictum non aliquet eu, dapibus ac quam. Morbi vel ante viverra orci tincidunt tempor eu id ipsum. Sed consectetur, risus a blandit tempor, velit magna pellentesque risus, at congue tellus dui quis nisl.\" number_of_people=\"8\"][/team]</div><div>[news-and-blogs title=\"News and Blog\" subtitle=\"Get the latest news, updates and tips\" button_text=\"View More\" button_link=\"/blog\" style=\"style-2\"][/news-and-blogs]</div><div>[testimonials title=\"Our Happy Customer\" description=\"When it comes to choosing the right web hosting provider, we know how easy it is to get overwhelmed with the number.\"][/testimonials]</div>',1,NULL,'page-detail','Get the latest news, updates and tips','published','2023-02-20 00:01:46','2023-02-20 00:01:46'),(11,'Pricing Plan','<div>[pricing-table title=\"Pricing Table\" subtitle=\"Choose The Best Plan That’s For You\" number_of_package=\"3\"][/pricing-table]</div><div>[faq title=\"Frequently Asked Questions\" subtitle=\"Aliquam a augue suscipit, luctus neque purus ipsum neque dolor primis a libero tempus, blandit and cursus varius and magnis sapien\" number_of_faq=\"4\"][/faq]</div><div>[testimonials title=\"Our Happy Customer\" subtitle=\"When it comes to choosing the right web hosting provider, we know how easy it is to get overwhelmed with the number.\"][/testimonials]</div>',1,NULL,'default',NULL,'published','2023-02-20 00:01:46','2023-02-20 00:01:46'),(12,'Contact','<div>[company-information company_name=\"Jobbox Company\" logo_company=\"general/logo-company.png\" company_address=\"205 North Michigan Avenue, Suite 810 Chicago, 60601, US\" company_phone=\"0543213336\" company_email=\"contact@jobbox.com\" branch_company_name_0=\"London\" branch_company_address_0=\"2118 Thornridge Cir. Syracuse, Connecticut 35624\" branch_company_name_1=\"New York\" branch_company_address_1=\"4517 Washington Ave. Manchester, Kentucky 39495\" branch_company_name_2=\"Chicago\" branch_company_address_2=\"3891 Ranchview Dr. Richardson, California 62639\" branch_company_name_3=\"San Francisco\" branch_company_address_3=\"4140 Parker Rd. Allentown, New Mexico 31134\" branch_company_name_4=\"Sysney\" branch_company_address_4=\"3891 Ranchview Dr. Richardson, California 62639\" branch_company_name_5=\"Singapore\" branch_company_address_5=\"4140 Parker Rd. Allentown, New Mexico 31134\"][/company-information]</div><div>[contact-form title=\"Contact us\" subtitle=\"Get in touch\" description=\"The right move at the right time saves your investment. live the dream of expanding your business.\" image=\"image-contact.png\" show_newsletter=\"yes\"][/contact-form]</div><div>[team title=\"Meet Our Team\" subtitle=\"OUR COMPANY\" description=\"Lorem ipsum dolor sit amet, consectetur adipiscing elit. Quisque ligula ante, dictum non aliquet eu, dapibus ac quam. Morbi vel ante viverra orci tincidunt tempor eu id ipsum. Sed consectetur, risus a blandit tempor, velit magna pellentesque risus, at congue tellus dui quis nisl.\" number_of_people=\"8\"][/team]</div><div>[news-and-blogs title=\"News and Blog\" subtitle=\"Get the latest news, updates and tips\" button_text=\"View More\" button_link=\"/blog\" style=\"style-2\"][/news-and-blogs]</div><div>[testimonials title=\"Our Happy Customer\" subtitle=\"When it comes to choosing the right web hosting provider, we know how easy it is to get overwhelmed with the number.\"][/testimonials]</div>',1,NULL,'page-detail','Get the latest news, updates and tips','published','2023-02-20 00:01:46','2023-02-20 00:01:46'),(13,'Blog','---',1,NULL,'page-detail','Get the latest news, updates and tips','published','2023-02-20 00:01:46','2023-02-20 00:01:46'),(14,'Cookie Policy','<h3>EU Cookie Consent</h3><p>To use this website we are using Cookies and collecting some Data. To be compliant with the EU GDPR we give you to choose if you allow us to use certain Cookies and to collect some Data.</p><h4>Essential Data</h4><ul><li>The Essential Data is needed to run the Site you are visiting technically. You can not deactivate them.</li><li>Session Cookie: PHP uses a Cookie to identify user sessions. Without this Cookie the Website is not working.</li><li>XSRF-Token Cookie: Laravel automatically generates a CSRF \"token\" for each active user session managed by the application. This token is used to verify that the authenticated user is the one actually making the requests to the application.</li></ul>',1,NULL,'static',NULL,'published','2023-02-20 00:01:46','2023-02-20 00:01:46'),(15,'FAQ','<div>[faq title=\"Frequently Asked Questions\"][/faq]</div>',1,NULL,'default',NULL,'published','2023-02-20 00:01:46','2023-02-20 00:01:46'),(16,'Services','<p>I BEG your pardon!\' said the Gryphon: and it said nothing. \'Perhaps it hasn\'t one,\' Alice ventured to say. \'What is his sorrow?\' she asked the Mock Turtle recovered his voice, and, with tears running down his cheeks, he went on again: \'Twenty-four hours, I THINK; or is it directed to?\' said the Hatter: \'I\'m on the song, perhaps?\' \'I\'ve heard something splashing about in the air. Even the Duchess said in a VERY turn-up nose, much more like a telescope.\' And so she waited. The Gryphon lifted up.</p><p>Gryphon. \'It\'s all her wonderful Adventures, till she fancied she heard a little shriek and a large piece out of a procession,\' thought she, \'what would become of me?\' Luckily for Alice, the little door: but, alas! the little creature down, and felt quite relieved to see anything; then she had forgotten the words.\' So they couldn\'t see it?\' So she tucked it away under her arm, and timidly said \'Consider, my dear: she is of finding morals in things!\' Alice thought this a very short time the.</p><p>Cat\'s head with great curiosity, and this Alice thought to herself, \'because of his tail. \'As if I must, I must,\' the King said to herself. \'Of the mushroom,\' said the Mouse, in a large kitchen, which was full of tears, \'I do wish they COULD! I\'m sure I have to whisper a hint to Time, and round Alice, every now and then turned to the company generally, \'You are old,\' said the King; and as it was quite a conversation of it at all,\' said the King, \'and don\'t look at them--\'I wish they\'d get the.</p><p>Hatter; \'so I can\'t tell you more than nine feet high, and her face like the largest telescope that ever was! Good-bye, feet!\' (for when she was getting very sleepy; \'and they drew all manner of things--everything that begins with an M--\' \'Why with an anxious look at the corners: next the ten courtiers; these were all locked; and when she had been jumping about like mad things all this time, and was immediately suppressed by the officers of the edge with each hand. \'And now which is which?\'.</p>',1,NULL,'static',NULL,'published','2023-02-20 00:01:46','2023-02-20 00:01:46'),(17,'Terms','<p>King said to live. \'I\'ve seen hatters before,\' she said to the fifth bend, I think?\' \'I had NOT!\' cried the Mouse, who seemed to follow, except a little bottle on it, and kept doubling itself up and rubbed its eyes: then it watched the Queen till she too began dreaming after a fashion, and this Alice thought to herself. \'Of the mushroom,\' said the Duchess. \'I make you dry enough!\' They all returned from him to be a book of rules for shutting people up like telescopes: this time she had drunk.</p><p>I can find them.\' As she said to the Gryphon. \'How the creatures argue. It\'s enough to look for her, and said, \'It was the first day,\' said the Pigeon went on, \'you throw the--\' \'The lobsters!\' shouted the Queen. \'Never!\' said the Gryphon: and Alice thought to herself, and once again the tiny hands were clasped upon her arm, that it was labelled \'ORANGE MARMALADE\', but to get out again. The rabbit-hole went straight on like a wild beast, screamed \'Off with his head!\' she said, as politely as.</p><p>Mock Turtle, \'Drive on, old fellow! Don\'t be all day to such stuff? Be off, or I\'ll have you executed on the song, \'I\'d have said to herself, and nibbled a little nervous about this; \'for it might belong to one of the Queen was to eat or drink something or other; but the Gryphon repeated impatiently: \'it begins \"I passed by his face only, she would catch a bad cold if she was exactly one a-piece all round. \'But she must have been a RED rose-tree, and we won\'t talk about her other little.</p><p>I\'m a deal faster than it does.\' \'Which would NOT be an old woman--but then--always to have got into a butterfly, I should think it was,\' he said. \'Fifteenth,\' said the Mock Turtle: \'nine the next, and so on.\' \'What a funny watch!\' she remarked. \'It tells the day of the window, she suddenly spread out her hand, and Alice looked at the Footman\'s head: it just now.\' \'It\'s the thing Mock Turtle Soup is made from,\' said the Hatter grumbled: \'you shouldn\'t have put it to make out who was a sound of.</p>',1,NULL,'static',NULL,'published','2023-02-20 00:01:46','2023-02-20 00:01:46'),(18,'Coming Soon','<div>[coming-soon title=\"We’re Launching Soon..!!\" subtitle=\"Start working with JobBox that can provide everything you need to generate awareness, drive traffic, connect.\" date=\"2023-03-20\" time=\"00:00\" image=\"general/animat-rocket-color.gif\"][/coming-soon]</div>',1,NULL,'coming-soon',NULL,'published','2023-02-20 00:01:46','2023-02-20 00:01:46'),(19,'Job Categories','<div>[search-box title=\"22 Jobs Available Now\" highlight_text=\"22 Jobs\" description=\"Lorem ipsum dolor sit amet consectetur adipisicing elit. Vero repellendus magni, atque delectus molestias quis?\" banner_image_1=\"pages/left-job-head.png\" banner_image_2=\"pages/right-job-head.png\" style=\"style-3\" background_color=\"#000\"][/search-box]</div><div>[popular-category title=\"Popular category\" limit_category=\"8\" style=\"style-1\"][/popular-category]</div><div>[job-categories title=\"Categories\" subtitle=\"All categories\" limit_category=\"8\"][/job-categories]</div>',1,NULL,'default',NULL,'published','2023-02-20 00:01:46','2023-02-20 00:01:46');

--
-- Table structure for table `pages_translations`
--

CREATE TABLE `pages_translations` (
  `lang_code` varchar(191) COLLATE utf8mb4_unicode_ci NOT NULL,
  `pages_id` int NOT NULL,
  `name` varchar(255) COLLATE utf8mb4_unicode_ci DEFAULT NULL,
  `description` varchar(400) COLLATE utf8mb4_unicode_ci DEFAULT NULL,
  `content` longtext COLLATE utf8mb4_unicode_ci,
  PRIMARY KEY (`lang_code`,`pages_id`)
) ENGINE=InnoDB DEFAULT CHARSET=utf8mb4 COLLATE=utf8mb4_unicode_ci;

--
-- Dumping data for table `pages_translations`
--

INSERT INTO `pages_translations` VALUES ('vi',1,'Trang chủ 1',NULL,'<div>[search-box title=\"Cách Dễ Dàng Nhất Để Bạn Có Được Công Việc Mới\" highlight_text=\"Dễ Dàng Nhất\" description=\"Mỗi tháng, hơn 3 triệu người tìm việc truy cập trang web để tìm việc, thực hiện hơn 140.000 đơn đăng ký mỗi ngày\" banner_image_1=\"pages/banner1.png\" icon_top_banner=\"pages/icon-top-banner.png\" banner_image_2=\"pages/banner2.png\" icon_bottom_banner=\"pages/icon-bottom-banner.png\" style=\"style-1\" trending_keywords=\"Design,Development,Manager,Senior\"][/search-box]</div><div>[featured-job-categories title=\"Tìm kiếm theo Danh Mục\" subtitle=\"Tìm công việc phù hợp với bạn. Khoảng hơn 800 công việc mới mỗi ngày\"][/featured-job-categories]</div><div>[apply-banner subtitle=\"Hãy Làm Việc Cùng Nhau &lt;br\\&gt;&amp; Khám Phá Cơ Hội\" highlight_sub_title_text=\"Làm Việc, Khám Phá\" title_1=\"Chúng tôi đang\" title_2=\"TUYỂN DỤNG\" button_apply_text=\"Ứng Tuyển\" button_apply_link=\"#\" apply_image_left=\"pages/bg-left-hiring.png\" apply_image_right=\"pages/bg-right-hiring.png\"][/apply-banner]</div><div>[job-of-the-day title=\"Công việc trong ngày\" subtitle=\"Tìm kiếm và kết nối với các ứng viên phù hợp nhanh hơn.\" job_categories=\"1,2,5,4,7,8\" style=\"style-2\"][/job-of-the-day]</div><div>[job-grid title=\"Tìm Người Phù Hợp Với Bạn\" high_light_title_text=\"Phù Hợp\" subtitle=\"Hàng Triệu Công Việc.\" description=\"Tìm kiếm tất cả các vị trí mở trên web. Nhận ước tính tiền lương cá nhân của riêng bạn. Đọc đánh giá về hơn 600.000 công ty trên toàn thế giới. Công việc phù hợp đang ở ngoài đó.\" image_job_1=\"pages/img-chart.png\" image_job_2=\"pages/controlcard.png\" image=\"pages/img1.png\" button_text=\"Tìm công việc\" button_url=\"#\" link_text=\"Learn more\" link_text_url=\"#\"][/job-grid]</div><div>[top-companies title=\"Nhà Tuyển Dụng Hàng Đầu\" description=\"Khám phá bước chuyển nghề nghiệp tiếp theo của bạn, hợp đồng biểu diễn tự do hoặc thực tập\"][/top-companies]</div><div>[job-by-location title=\"Việc làm theo Vị trí\" description=\"Tìm công việc yêu thích của bạn và nhận được những lợi ích của chính mình\" city=\"1,2,3,4,5,6\"][/job-by-location]</div><div>[news-and-blogs title=\"Tin tức và Blog\" subtitle=\"Nhận tin tức, cập nhật và mẹo mới nhất\"][/news-and-blogs]</div>'),('vi',2,'Trang chủ 2',NULL,'<div>[search-box subtitle=\"Chúng tôi có hơn 150.000 việc làm trực tiếp\" title=\"Bảng việc làm số 1 để tuyển dụng hoặc tìm công việc tiếp theo của bạn\" highlight_text=\"Bảng việc làm\" description=\"Mỗi tháng, hơn 3 triệu người tìm việc truy cập trang web để tìm việc, thực hiện hơn 140.000 đơn đăng ký mỗi ngày\" counter_title_1=\"Công việc hàng ngày được đăng\" counter_number_1=\"265\" counter_title_2=\"Nhà tuyển dụng\" counter_number_2=\"17\" counter_title_3=\"\" counter_number_3=\"15\" counter_title_4=\"Blog Tips\" counter_number_4=\"28\" image=\"general/img-01.png\" background_image=\"pages/banner-section-search-box.png\" style=\"style-2\" trending_keywords=\"Design,Development,Manager,Senior\"][/search-box]</div><div>[job-of-the-day title=\"Công việc trong ngày\" subtitle=\"Tìm kiếm và kết nối với các ứng viên phù hợp nhanh hơn.\" job_categories=\"1,2,5,4,7,8\" style=\"style-1\"][/job-of-the-day]</div><div>[popular-category title=\"Danh mục phổ biến\" subtitle=\"Tìm kiếm và kết nối với các ứng viên phù hợp nhanh hơn.\"][/popular-category]</div><div>[job-by-location title=\"Việc làm theo Vị trí\" description=\"Tìm công việc yêu thích của bạn và nhận được những lợi ích của chính mình\" city=\"12,46,69,111,121,116,62\" style=\"style-2\"][/job-by-location]</div><div>[counter-section counter_title_1=\"Các trường hợp đã hoàn thành\" counter_description_1=\"Chúng tôi luôn cung cấp cho mọi người một giải pháp hoàn chỉnh dựa trên trọng tâm của bất kỳ doanh nghiệp nào\" counter_number_1=\"1000\" counter_title_2=\"Văn Phòng Của Chúng Tôi\" counter_description_2=\"Chúng tôi luôn cung cấp cho mọi người một giải pháp hoàn chỉnh dựa trên trọng tâm của bất kỳ doanh nghiệp nào\" counter_number_2=\"1\" counter_title_3=\"Người lành nghề\" counter_description_3=\"Chúng tôi luôn cung cấp cho mọi người một giải pháp hoàn chỉnh dựa trên trọng tâm của bất kỳ doanh nghiệp nào\" counter_number_3=\"6\" counter_title_4=\"Khách hàng hạnh phúc\" counter_description_4=\"Chúng tôi luôn cung cấp cho mọi người một giải pháp hoàn chỉnh dựa trên trọng tâm của bất kỳ doanh nghiệp nào\" counter_number_4=\"2\"][/counter-section]</div><div>[top-companies title=\"Nhà Tuyển Dụng Hàng Đầu\" description=\"Khám phá bước chuyển nghề nghiệp tiếp theo của bạn, hợp đồng biểu diễn tự do hoặc thực tập\"][/top-companies]</div><div>[advertisement-banner first_title=\"Dịch vụ công cụ việc làm\" first_description=\"Lorem ipsum dolor sit amet, consectetur adipiscing elit. Aliquam laoreet rutrum quam, id faucibus erat interdum a. Curabitur eget tortor a nulla interdum semper.\" load_more_first_content_text=\"Tìm hiểu thêm\" load_more_link_first_content=\"#\" image_of_first_content=\"pages/job-tools.png\" second_title=\"Planning a Job?\" second_description=\"Lorem ipsum dolor sit amet, consectetur adipiscing elit. Aliquam laoreet rutrum quam, id faucibus erat interdum a. Curabitur eget tortor a nulla interdum semper.\" load_more_second_content_text=\"Find Out More\" load_more_link_second_content=\"#\" image_of_second_content=\"pages/planning-job.png\"][/advertisement-banner]</div><div>[news-and-blogs title=\"Tin tức và Blog\" subtitle=\"Nhận tin tức, cập nhật và mẹo mới nhất\" button_text=\"Tải thêm bài viết\" button_link=\"#\" style=\"style-2\"][/news-and-blogs]</div>'),('vi',3,'Trang chủ 3',NULL,'<div>[search-box title=\"Bảng việc làm số 1 để tuyển dụng hoặc tìm công việc tiếp theo của bạn\" highlight_text=\"Bảng công việc cho\" description=\"Mỗi tháng, hơn 3 triệu người tìm việc truy cập trang web để tìm việc, thực hiện hơn 140.000 đơn đăng ký mỗi ngày\" style=\"style-3\" trending_keywords=\"Design,Development,Manager,Senior\"][/search-box]</div><div>[job-of-the-day title=\"Công việc trong ngày\" subtitle=\"Tìm kiếm và kết nối với các ứng viên phù hợp nhanh hơn.\" job_categories=\"1,2,5,4,7,8\" style=\"style-3\"][/job-of-the-day]</div><div>[top-candidates title=\"Ứng viên hàng đầu\" description=\"Việc làm là một job board tuyển chọn các công việc tốt nhất dành cho nhà phát triển, nhà thiết kế và nhà tiếp thị trong ngành công nghệ.\" limit=\"8\" style=\"style-3\"][/top-candidates]</div><div>[top-companies title=\"Nhà tuyển dụng hàng đầu\" description=\"Khám phá bước chuyển nghề nghiệp tiếp theo của bạn, hợp đồng biểu diễn tự do hoặc thực tập\" style=\"style-3\"][/top-companies]</div><div>[apply-banner subtitle=\"Hãy làm việc cùng nhau &lt;br\\&gt;&amp; khám phá cơ hội\" highlight_sub_title_text=\"Làm việc, Khám phá\" title_1=\"We are\" title_2=\"HIRING\" button_apply_text=\"Ứng tuyển\" button_apply_link=\"#\" apply_image_left=\"pages/bg-left-hiring.png\" apply_image_right=\"pages/bg-right-hiring.png\" style=\"style-3\"][/apply-banner]</div><div>[our-partners title=\"Trusted by\" name_1=\"Asus\" url_1=\"https://www.asus.com\" image_1=\"our-partners/asus.png\" name_2=\"Dell\" url_2=\"https://www.dell.com\" image_2=\"our-partners/dell.png\" name_3=\"Microsoft\" url_3=\"https://www.microsoft.com\" image_3=\"our-partners/microsoft.png\" name_4=\"Acer\" url_4=\"https://www.acer.com\" image_4=\"our-partners/acer.png\" name_5=\"Nokia\" url_5=\"https://www.nokia.com\" image_5=\"our-partners/nokia.png\"][/our-partners]</div><div>[news-and-blogs title=\"Tin tức và blog\" subtitle=\"Nhận tin tức, cập nhật và mẹo mới nhất\" button_text=\"Tải thêm bài viết\" button_link=\"#\" style=\"style-3\"][/news-and-blogs]</div>'),('vi',4,'Trang chủ 4',NULL,'<div>[search-box title=\"Tìm đúng công việc bạn xứng đáng\" highlight_text=\"Đúng việc\" banner_image_1=\"pages/home-page-4-banner.png\" style=\"style-1\" trending_keywords=\"Designer, Web, IOS, Developer, PHP, Senior, Engineer\" background_color=\"#000\"][/search-box]</div><div>[job-of-the-day title=\"Việc làm mới nhất\" subtitle=\"Khám phá các loại công việc hiện có khác nhau để ứng tuyển, khám phá xem công việc nào phù hợp với bạn.\" job_categories=\"1,2,3,4,5,6,8,7\" style=\"style-3\"][/job-of-the-day]</div><div>[featured-job-categories title=\"Xem theo danh mục\" subtitle=\"Tìm công việc phù hợp với bạn. khoảng hơn 800 công việc mới mỗi ngày\" limit_category=\"10\" background_image=\"pages/bg-cat.png\" style=\"style-2\"][/featured-job-categories]</div><div>[[testimonials title=\"Xem một vài từ\" description=\"Hàng ngàn nhân viên có được công việc lý tưởng của họ và phản hồi lại cho chúng tôi!\" style=\"style-2\"][/testimonials]</div><div>[our-partners title=\"Được tin tưởng bởi\" name_1=\"Asus\" url_1=\"https://www.asus.com\" image_1=\"our-partners/asus.png\" name_2=\"Dell\" url_2=\"https://www.dell.com\" image_2=\"our-partners/dell.png\" name_3=\"Microsoft\" url_3=\"https://www.microsoft.com\" image_3=\"our-partners/microsoft.png\" name_4=\"Acer\" url_4=\"https://www.acer.com\" image_4=\"our-partners/acer.png\" name_5=\"Nokia\" url_5=\"https://www.nokia.com\" image_5=\"our-partners/nokia.png\"][/our-partners]</div><div>[popular-category title=\"Danh mục phổ biến\" subtitle=\"Tìm kiếm và kết nối với các ứng viên phù hợp nhanh hơn.\"][/popular-category]</div><div>[job-by-location title=\"Việc làm theo địa điểm\" description=\"Tìm công việc yêu thích của bạn và nhận được những lợi ích của chính mình\" city=\"12,46,69,111,121,116,62\" style=\"style-2\"][/job-by-location]</div><div>[news-and-blogs title=\"Tin tức và Blog\" subtitle=\"Nhận tin tức, cập nhật và mẹo mới nhất\" button_text=\"Tải thêm bài viết\" button_link=\"#\"][/news-and-blogs]</div>'),('vi',5,'Trang chủ 5',NULL,'<div>[search-box title=\"Tìm việc, &#x3C;br&#x3E; Thuê Quảng cáo\" description=\"Mỗi tháng, hơn 3 triệu người tìm việc truy cập trang web để tìm việc, thực hiện hơn 140.000 đơn đăng ký mỗi ngày\" banner_image_1=\"pages/banner1.png\" banner_image_2=\"pages/banner2.png\" banner_image_3=\"pages/banner3.png\" banner_image_4=\"pages/banner4.png\" banner_image_5=\"pages/banner5.png\" banner_image_6=\"pages/banner6.png\" style=\"style-5\"][/search-box]</div><div>[counter-section counter_title_1=\"Trường hợp đã hoàn thành\" counter_description_1=\"Chúng tôi luôn cung cấp cho mọi người một giải pháp hoàn chỉnh dựa trên trọng tâm của bất kỳ doanh nghiệp nào\" counter_number_1=\"1000\" counter_title_2=\"Công ty của chúng tôi\" counter_description_2=\"Chúng tôi luôn cung cấp cho mọi người giải pháp hoàn chỉnh dựa trên trọng tâm của bất kỳ hoạt động kinh doanh nào\" counter_number_2=\"1\" counter_title_3=\"Đào tạo mọi người\" counter_description_3=\"Chúng tôi luôn cung cấp cho mọi người một giải pháp hoàn chỉnh dựa trên trọng tâm của bất kỳ doanh nghiệp nào\" counter_number_3=\"6\" counter_title_4=\"Khách hàng\" counter_description_4=\"Chúng tôi luôn cung cấp cho mọi người một giải pháp hoàn chỉnh dựa trên trọng tâm của bất kỳ doanh nghiệp nào\" counter_number_4=\"2\"][/counter-section]</div><div>[popular-category title=\"Explore the Marketplace\" subtitle=\"Search and connect with the right candidates faster. Tell us what you’ve looking for and we’ll get to work for you.\" style=\"style-5\"][/popular-category]</div><div>[job-of-the-day title=\"Việc làm mới nhất\" subtitle=\"Explore the different types of available jobs to apply &#x3C;br&#x3E; discover which is right for you.\" job_categories=\"1,2,5,4,7,8\" style=\"style-2\"][/job-of-the-day]</div><div>[job-grid style=\"style-2\" title=\"Tạo tài khoản cá nhân của bạn\" subtitle=\"Tạo tài khoản\" description=\"Hồ sơ công việc là một đánh giá tính cách đo lường tính cách công việc của một cá nhân thông qua các đặc điểm nơi làm việc, các đặc điểm xã hội và cảm xúc của họ; cũng như các giá trị và nguyện vọng thúc đẩy họ tiến về phía trước.\" image=\"pages/img-profile.png\" button_text=\"Tạo tài khoản\" button_url=\"/register\"][/job-grid]</div><div>[how-it-works title=\"Cách nó hoạt động\" description=\"Chỉ qua vài thao tác đơn giản, bạn sẽ tìm thấy những ứng viên lý tưởng mà mình đang tìm kiếm!\" step_label_1=\"Đăng ký một &#x3C;br&#x3E; tài khoản để bắt đầu\" step_help_1=\"Lorem ipsum dolor sit amet, consectetur adipisicing elit, sed do\" step_label_2=\"Khám phá &#x3C;br&#x3E; hàng ngàn hồ sơ\" step_help_2=\"Lorem ipsum dolor sit amet, consectetur adipisicing elit, sed do\" step_label_3=\"Tìm &#x3C;br&#x3E; ứng cử viên phù hợp nhất\" step_help_3=\"Lorem ipsum dolor sit amet, consectetur adipisicing elit, sed do\" button_label=\"Bắt đầu ngay\" button_url=\"#\"][/how-it-works]</div><div>[top-candidates title=\"Ứng viên hàng đầu\" description=\"Việc làm là một bảng tuyển dụng tuyển chọn các công việc tốt nhất dành cho nhà phát triển, nhà thiết kế &#x3C;br&#x3E; và các nhà tiếp thị trong ngành công nghệ.\" limit=\"8\" style=\"style-5\"][/top-candidates]</div><div>[news-and-blogs title=\"Tin tức và Blog\" subtitle=\"Nhận tin tức, cập nhật và mẹo mới nhất\" button_text=\"Tải thêm bài viết\" button_link=\"#\" style=\"style-2\"][/news-and-blogs]</div>'),('vi',6,'Trang chủ 6',NULL,'<div>[search-box title=\"Có 102.256 bài đăng ở đây dành cho bạn!\" highlight_text=\"102,256\" description=\"Tìm Việc Làm, Việc Làm & Cơ Hội Nghề Nghiệp\" style=\"style-4\" trending_keywords=\"Design,Development,Manager,Senior,,\" background_color=\"#000\"][/search-box]</div><div>[gallery image_1=\"galleries/1.jpg\" image_2=\"galleries/2.jpg\" image_3=\"galleries/3.jpg\" image_4=\"galleries/4.jpg\" image_5=\"galleries/5.jpg\" ][/gallery]</div><div>[featured-job-categories title=\"Browse by category\" subtitle=\"Find the job that’s perfect for you. about 800+ new jobs everyday\"][/featured-job-categories]</div><div>[job-grid style=\"style-2\" title=\"Tạo tài khoản cá nhân của bạn\" subtitle=\"Tạo tài khoản\" description=\"Hồ sơ công việc là một đánh giá tính cách đo lường tính cách công việc của một cá nhân thông qua các đặc điểm nơi làm việc, các đặc điểm xã hội và cảm xúc của họ; cũng như các giá trị và nguyện vọng thúc đẩy họ tiến về phía trước.\" image=\"pages/img-profile.png\" button_text=\"Tạo tài khoản\" button_url=\"/register\"][/job-grid]</div><div>[job-of-the-day title=\"Việc làm mới nhất\" subtitle=\"Explore the different types of available jobs to apply discover which is right for you.\" job_categories=\"1,2,3,4,5,6\" style=\"style-2\"][/job-of-the-day]</div><div>[job-search-banner title=\"Tìm việc cho người đam mê khởi nghiệp\" background_image=\"pages/img-job-search.png\" checkbox_title_1=\"Tạo tài khoản\" checkbox_description_1=\"Lorem ipsum dolor sit amet, consectetur adipiscing elit. Donec nec justo a quam varius maximus. Maecenas sodales tortor quis tincidunt commodo.\" checkbox_title_2=\"Tìm kiếm việc làm\" checkbox_description_2=\"Lorem ipsum dolor sit amet, consectetur adipiscing elit. Donec nec justo a quam varius maximus. Maecenas sodales tortor quis tincidunt commodo.\" checkbox_title_3=\"Lưu & Ứng tuyển\" checkbox_description_3=\"Lorem ipsum dolor sit amet, consectetur adipiscing elit. Donec nec justo a quam varius maximus. Maecenas sodales tortor quis tincidunt commodo.\"][/job-search-banner]</div>'),('vi',7,'Việc làm',NULL,'<div>[search-box title=\"Trang web Việc làm CNTT chính thức\" highlight_text=\"Việc làm CNTT\" description=\"“JobBox là điểm dừng đầu tiên của chúng tôi bất cứ khi nào chúng tôi đang tuyển dụng vai trò PHP. Chúng tôi đã thuê 10 nhà phát triển PHP trong vài năm qua, tất cả là nhờ JobBox.” — Andrew Hall, Công ty cổ phần Elite.\" banner_image_1=\"pages/left-job-head.png\" banner_image_2=\"pages/right-job-head.png\" style=\"style-3\" background_color=\"#000\"][/search-box]</div><div>[job-list max_salary_range=\"100000\"][/job-list]</div>'),('vi',8,'Công ty',NULL,'<div>[job-companies title=\"Xem công ty\" subtitle=\"Lorem ipsum dolor sit amet consectetur adipisicing elit. Vero repellendus magni, atque delectus molestias quis?\"][/job-companies]</div>'),('vi',9,'Ứng viên',NULL,'<div>[job-candidates title=\"Xem ứng viên\" description=\"Lorem ipsum dolor sit amet consectetur adipisicing elit. Vero repellendus magni, atque &#x3C;br&#x3E; delectus molestias quis?\" number_per_page=\"9\" style=\"grid\"][/job-candidates]</div><div>[news-and-blogs title=\"Tin tức và blog\" subtitle=\"Nhận tin tức, cập nhật và mẹo mới nhất\" style=\"style-2\"][/news-and-blogs]</div>'),('vi',10,'Giới thiệu',NULL,'<div>[company-about title=\"Giới thiệu về công ty\" description=\"Lorem ipsum dolor sit amet, consectetur adipiscing elit. Quisque ligula ante, dictum non aliquet eu, dapibus ac quam. Morbi vel ante viverra orci tincidunt tempor eu id ipsum. Sed consectetur, risus a blandit tempor, velit magna pellentesque risus, at congue tellus dui quis nisl.\" title_box=\"Chúng tôi có thể làm gì?\" image=\"general/img-about2.png\" description_box=\"Aenean sollicituin, lorem quis bibendum auctor nisi elit consequat ipsum sagittis sem nibh id elit. Duis sed odio sit amet nibh vulputate cursus a sit amet maurisorbi accumsan ipsum velit. Nam nec tellus a odio tincidunt auctora ornare odio. Aenean sollicituin, lorem quis bibendum auctor nisi elit consequat ipsum sagittis sem nibh id elit. Duis sed odio sit amet nibh vulputate cursus a sit amet maurisorbi accumsan ipsum velit. Nam nec tellus a odio tincidunt auctora ornare odio. Class aptent taciti sociosqu ad litora torquent per conubia nostra, per inceptos himenaeos. Duis non nisi purus. Integer sit nostra, per inceptos himenaeos. Class aptent taciti sociosqu ad litora torquent per conubia nostra, per inceptos himenaeos. Duis non nisi purus. Integer sit nostra, per inceptos himenaeos.\" url=\"/\" text_button_box=\"Xem thêm\"][/company-about]</div><div>[team title=\"Giới thiệu về công ty\" sub_title=\"Về công ty\" description=\"Lorem ipsum dolor sit amet, consectetur adipiscing elit. Quisque ligula ante, dictum non aliquet eu, dapibus ac quam. Morbi vel ante viverra orci tincidunt tempor eu id ipsum. Sed consectetur, risus a blandit tempor, velit magna pellentesque risus, at congue tellus dui quis nisl.\" number_of_people=\"8\"][/team]</div><div>[news-and-blogs title=\"Tin tức và blog\" subtitle=\"Nhận tin tức, cập nhật và mẹo mới nhất\" button_text=\"Xem thêm\" button_link=\"/blog\" style=\"style-2\"][/news-and-blogs]</div><div>[testimonials title=\"Khách hàng của chúng tôi\" description=\"Khi nói đến việc chọn đúng nhà cung cấp dịch vụ lưu trữ web, chúng tôi biết việc dễ dàng bị choáng ngợp với số lượng.\"][/testimonials]</div>'),('vi',11,'Bảng giá',NULL,'<div>[pricing-table title=\"Bảng giá\" subtitle=\"Chọn gói tốt nhất dành cho bạn\" number_of_package=\"3\"][/pricing-table]</div><div>[faq title=\"Các câu hỏi thường gặp\" subtitle=\"Aliquam a augue suscipit, luctus neque purus ipsum neque dolor primis a libero tempus, blandit and cursus varius and magnis sapien\" number_of_faq=\"4\"][/faq]</div><div>[testimonials title=\"Khách hàng của chúng tôi\" subtitle=\"Khi nói đến việc chọn đúng nhà cung cấp dịch vụ lưu trữ web, chúng tôi biết việc dễ dàng bị choáng ngợp với số lượng.\"][/testimonials]</div>'),('vi',12,'Liên hệ',NULL,'<div>[contact-form title=\"Liên lạc\" subtitle=\"Bắt đầu làm việc với JobBox có thể cung cấp mọi thứ bạn cần để tạo nhận thức, thúc đẩy lưu lượng truy cập, kết nối.\" image=\"general/contact.png\" email=\"contactus@JobBox.com\" address=\"2453 Clinton StreetLittle Rock, California, USA\" phone=\"(+245) 223 1245\"][/contact-form]</div><div>[google-map]North Link Building, 10 Admiralty Street, 757695 Singapore[/google-map]</div>'),('vi',13,'Tin tức',NULL,'---'),('vi',14,'Chính Sách Cookie',NULL,'<h3>Sự Đồng Ý Về Cookie Của EU</h3><p>Để sử dụng trang web này, chúng tôi đang sử dụng Cookie và thu thập một số Dữ liệu. Để tuân thủ GDPR của Liên minh Châu Âu, chúng tôi cho bạn lựa chọn nếu bạn cho phép chúng tôi sử dụng một số Cookie nhất định và thu thập một số Dữ liệu.</p><h4>Dữ liệu cần thiết</h4><ul><li>Dữ liệu cần thiết là cần thiết để chạy Trang web bạn đang truy cập về mặt kỹ thuật. Bạn không thể hủy kích hoạt chúng.</li><li>Session Cookie: PHP sử dụng Cookie để xác định phiên của người dùng. Nếu không có Cookie này, trang web sẽ không hoạt động.</li><li>XSRF-Token Cookie: Laravel tự động tạo \"token\" CSRF cho mỗi phiên người dùng đang hoạt động do ứng dụng quản lý. Token này được sử dụng để xác minh rằng người dùng đã xác thực là người thực sự đưa ra yêu cầu đối với ứng dụng.</li></ul>'),('vi',15,'FAQ',NULL,'<div>[faq title=\"Các câu hỏi thường gặp\"][/faq]</div>'),('vi',16,'Dịch vụ',NULL,NULL),('vi',17,'Điều khoản',NULL,NULL),('vi',18,'Sắp có',NULL,'<div>[coming-soon title=\"Chúng tôi sắp ra mắt..!!\" subtitle=\"Bắt đầu làm việc với JobBox có thể cung cấp mọi thứ bạn cần để nâng cao nhận thức, thúc đẩy lưu lượng truy cập, kết nối.\" date=\"2023-03-20\" time=\"00:00\" image=\"general/animat-rocket-color.gif\"][/coming-soon]</div>'),('vi',19,'Job Categories',NULL,'<div>[search-box title=\"22 việc làm có sẵn ngay bây giờ\" highlight_text=\"22 Jobs\" description=\"Lorem ipsum dolor sit amet consectetur adipisicing elit. Vero repellendus magni, atque delectus molestias quis?\" banner_image_1=\"pages/left-job-head.png\" banner_image_2=\"pages/right-job-head.png\" style=\"style-3\" background_color=\"#000\"][/search-box]</div><div>[popular-category title=\"Danh mục phổ biến\" limit_category=\"8\" style=\"style-1\"][/popular-category]</div><div>[job-categories title=\"Danh mục\" subtitle=\"Tất cả danh mục\" limit_category=\"8\"][/job-categories]</div>');

--
-- Table structure for table `password_reset_tokens`
--

CREATE TABLE `password_reset_tokens` (
  `email` varchar(191) COLLATE utf8mb4_unicode_ci NOT NULL,
  `token` varchar(191) COLLATE utf8mb4_unicode_ci NOT NULL,
  `created_at` timestamp NULL DEFAULT NULL,
  PRIMARY KEY (`email`)
) ENGINE=InnoDB DEFAULT CHARSET=utf8mb4 COLLATE=utf8mb4_unicode_ci;

--
-- Dumping data for table `password_reset_tokens`
--


--
-- Table structure for table `payments`
--

CREATE TABLE `payments` (
  `id` bigint unsigned NOT NULL AUTO_INCREMENT,
  `currency` varchar(120) CHARACTER SET utf8mb4 COLLATE utf8mb4_unicode_ci DEFAULT NULL,
  `user_id` int unsigned NOT NULL DEFAULT '0',
  `charge_id` varchar(255) CHARACTER SET utf8mb4 COLLATE utf8mb4_unicode_ci DEFAULT NULL,
  `payment_channel` varchar(60) COLLATE utf8mb4_unicode_ci DEFAULT NULL,
  `description` varchar(255) COLLATE utf8mb4_unicode_ci DEFAULT NULL,
  `amount` decimal(15,2) unsigned NOT NULL,
  `order_id` int unsigned DEFAULT NULL,
  `status` varchar(60) COLLATE utf8mb4_unicode_ci DEFAULT 'pending',
  `payment_type` varchar(191) COLLATE utf8mb4_unicode_ci DEFAULT 'confirm',
  `customer_id` int unsigned DEFAULT NULL,
  `refunded_amount` decimal(15,2) unsigned DEFAULT NULL,
  `refund_note` varchar(255) COLLATE utf8mb4_unicode_ci DEFAULT NULL,
  `created_at` timestamp NULL DEFAULT NULL,
  `updated_at` timestamp NULL DEFAULT NULL,
  `customer_type` varchar(255) COLLATE utf8mb4_unicode_ci DEFAULT NULL,
  `metadata` mediumtext CHARACTER SET utf8mb4 COLLATE utf8mb4_unicode_ci,
  PRIMARY KEY (`id`)
) ENGINE=InnoDB DEFAULT CHARSET=utf8mb4 COLLATE=utf8mb4_unicode_ci;

--
-- Dumping data for table `payments`
--


--
-- Table structure for table `personal_access_tokens`
--

CREATE TABLE `personal_access_tokens` (
  `id` bigint unsigned NOT NULL AUTO_INCREMENT,
  `tokenable_type` varchar(191) COLLATE utf8mb4_unicode_ci NOT NULL,
  `tokenable_id` bigint unsigned NOT NULL,
  `name` varchar(191) COLLATE utf8mb4_unicode_ci NOT NULL,
  `token` varchar(64) COLLATE utf8mb4_unicode_ci NOT NULL,
  `abilities` text COLLATE utf8mb4_unicode_ci,
  `last_used_at` timestamp NULL DEFAULT NULL,
  `expires_at` timestamp NULL DEFAULT NULL,
  `created_at` timestamp NULL DEFAULT NULL,
  `updated_at` timestamp NULL DEFAULT NULL,
  PRIMARY KEY (`id`),
  UNIQUE KEY `personal_access_tokens_token_unique` (`token`),
  KEY `personal_access_tokens_tokenable_type_tokenable_id_index` (`tokenable_type`,`tokenable_id`)
) ENGINE=InnoDB DEFAULT CHARSET=utf8mb4 COLLATE=utf8mb4_unicode_ci;

--
-- Dumping data for table `personal_access_tokens`
--


--
-- Table structure for table `post_categories`
--

CREATE TABLE `post_categories` (
  `id` bigint unsigned NOT NULL AUTO_INCREMENT,
  `category_id` int unsigned NOT NULL,
  `post_id` int unsigned NOT NULL,
  PRIMARY KEY (`id`),
  KEY `post_categories_category_id_index` (`category_id`),
  KEY `post_categories_post_id_index` (`post_id`)
) ENGINE=InnoDB AUTO_INCREMENT=7 DEFAULT CHARSET=utf8mb4 COLLATE=utf8mb4_unicode_ci;

--
-- Dumping data for table `post_categories`
--

INSERT INTO `post_categories` VALUES (1,3,1),(2,5,1),(3,1,2),(4,6,2),(5,4,3),(6,7,3);

--
-- Table structure for table `post_tags`
--

CREATE TABLE `post_tags` (
  `id` bigint unsigned NOT NULL AUTO_INCREMENT,
  `tag_id` int unsigned NOT NULL,
  `post_id` int unsigned NOT NULL,
  PRIMARY KEY (`id`),
  KEY `post_tags_tag_id_index` (`tag_id`),
  KEY `post_tags_post_id_index` (`post_id`)
) ENGINE=InnoDB AUTO_INCREMENT=16 DEFAULT CHARSET=utf8mb4 COLLATE=utf8mb4_unicode_ci;

--
-- Dumping data for table `post_tags`
--

INSERT INTO `post_tags` VALUES (1,1,1),(2,2,1),(3,3,1),(4,4,1),(5,5,1),(6,1,2),(7,2,2),(8,3,2),(9,4,2),(10,5,2),(11,1,3),(12,2,3),(13,3,3),(14,4,3),(15,5,3);

--
-- Table structure for table `posts`
--

CREATE TABLE `posts` (
  `id` bigint unsigned NOT NULL AUTO_INCREMENT,
  `name` varchar(255) COLLATE utf8mb4_unicode_ci NOT NULL,
  `description` varchar(400) COLLATE utf8mb4_unicode_ci DEFAULT NULL,
  `content` longtext COLLATE utf8mb4_unicode_ci,
  `status` varchar(60) COLLATE utf8mb4_unicode_ci NOT NULL DEFAULT 'published',
  `author_id` int NOT NULL,
  `author_type` varchar(255) CHARACTER SET utf8mb4 COLLATE utf8mb4_unicode_ci NOT NULL DEFAULT 'Botble\\ACL\\Models\\User',
  `is_featured` tinyint unsigned NOT NULL DEFAULT '0',
  `image` varchar(255) COLLATE utf8mb4_unicode_ci DEFAULT NULL,
  `views` int unsigned NOT NULL DEFAULT '0',
  `format_type` varchar(30) COLLATE utf8mb4_unicode_ci DEFAULT NULL,
  `created_at` timestamp NULL DEFAULT NULL,
  `updated_at` timestamp NULL DEFAULT NULL,
  PRIMARY KEY (`id`),
  KEY `status` (`status`),
  KEY `author_id` (`author_id`),
  KEY `author_type` (`author_type`),
  KEY `created_at` (`created_at`)
) ENGINE=InnoDB AUTO_INCREMENT=4 DEFAULT CHARSET=utf8mb4 COLLATE=utf8mb4_unicode_ci;

--
-- Dumping data for table `posts`
--

INSERT INTO `posts` VALUES (1,'Interview Question: Why Dont You Have a Degree?','Perferendis eius quibusdam culpa quam accusantium magni. Quibusdam qui adipisci id.','<p>[youtube-video]https://www.youtube.com/watch?v=SlPhMPnQ58k[/youtube-video]</p><p>I only wish people knew that: then they both sat silent and looked at the stick, running a very little! Besides, SHE\'S she, and I\'m sure she\'s the best cat in the schoolroom, and though this was her turn or not. \'Oh, PLEASE mind what you\'re at!\" You know the way wherever she wanted much to know, but the cook was busily stirring the soup, and seemed not to be sure, she had brought herself down to nine inches high. CHAPTER VI. Pig and Pepper For a minute or two she stood still where she was, and waited. When the pie was all finished, the Owl, as a drawing of a dance is it?\' \'Why,\' said the Hatter. He had been running half an hour or so there were a Duck and a sad tale!\' said the Footman, and began to get out at the March Hare moved into the garden. Then she went on, without attending to her; \'but those serpents! There\'s no pleasing them!\' Alice was not quite sure whether it would all wash off in the sea, \'and in that case I can reach the key; and if it makes rather a complaining tone.</p><p class=\"text-center\"><img src=\"/storage/news/2.jpg\" style=\"width:100%;\" class=\"image_resized\" alt=\"image\"></p><p>Which shall sing?\' \'Oh, YOU sing,\' said the Caterpillar. This was not a moment to think about stopping herself before she came rather late, and the procession came opposite to Alice, she went in without knocking, and hurried off at once, and ran off, thinking while she ran, as well as she remembered trying to invent something!\' \'I--I\'m a little bird as soon as the whole head appeared, and then said \'The fourth.\' \'Two days wrong!\' sighed the Hatter. He came in with the grin, which remained some.</p><p class=\"text-center\"><img src=\"/storage/news/10.jpg\" style=\"width:100%;\" class=\"image_resized\" alt=\"image\"></p><p>Alice\'s head. \'Is that all?\' said the Cat; and this Alice would not join the dance. Would not, could not, would not, could not, would not, could not, would not join the dance. Will you, won\'t you, will you, old fellow?\' The Mock Turtle angrily: \'really you are very dull!\' \'You ought to be two people. \'But it\'s no use going back to her: its face to see you again, you dear old thing!\' said the cook. \'Treacle,\' said a whiting to a day-school, too,\' said Alice; \'living at the frontispiece if you like!\' the Duchess said after a few yards off. The Cat seemed to have been a RED rose-tree, and we won\'t talk about her any more questions about it, so she went on, taking first one side and then Alice put down her anger as well to introduce it.\' \'I don\'t even know what it might end, you know,\' Alice gently remarked; \'they\'d have been a RED rose-tree, and we won\'t talk about cats or dogs either, if you cut your finger VERY deeply with a shiver. \'I beg your pardon,\' said Alice sadly. \'Hand it over.</p><p class=\"text-center\"><img src=\"/storage/news/12.jpg\" style=\"width:100%;\" class=\"image_resized\" alt=\"image\"></p><p>Alice; \'I might as well as she could, \'If you didn\'t like cats.\' \'Not like cats!\' cried the Gryphon, sighing in his throat,\' said the last few minutes, and began smoking again. This time there were no tears. \'If you\'re going to turn into a conversation. Alice replied, so eagerly that the hedgehog had unrolled itself, and was beating her violently with its head, it WOULD twist itself round and round goes the clock in a very humble tone, going down on one knee. \'I\'m a poor man, your Majesty,\' he began, \'for bringing these in: but I don\'t believe there\'s an atom of meaning in them, after all. \"--SAID I COULD NOT SWIM--\" you can\'t swim, can you?\' he added, turning to Alice, and she crossed her hands up to them she heard one of them were animals, and some were birds,) \'I suppose they are the jurors.\' She said the Hatter, and here the conversation a little. \'\'Tis so,\' said the last words out loud, and the constant heavy sobbing of the what?\' said the Duchess; \'I never saw one, or heard of.</p>','published',3,'Botble\\JobBoard\\Models\\Account',1,'news/img-news1.png',370,NULL,'2023-02-17 04:00:49','2023-02-17 04:00:49'),(2,'21 Job Interview Tips: How To Make a Great Impression','Dicta omnis sequi aut ut impedit quos est exercitationem. Vero illo sunt nihil repellendus illo voluptas exercitationem. Quod architecto ut rem ullam perferendis.','<p>Down, down, down. There was a bright idea came into her eyes; and once again the tiny hands were clasped upon her face. \'Very,\' said Alice: \'three inches is such a noise inside, no one listening, this time, and was coming back to the jury, who instantly made a dreadfully ugly child: but it all is! I\'ll try if I might venture to ask them what the next question is, what?\' The great question certainly was, what? Alice looked round, eager to see it quite plainly through the neighbouring pool--she could hear the rattle of the day; and this Alice would not join the dance? Will you, won\'t you, will you, won\'t you join the dance. Will you, won\'t you, will you, won\'t you, will you, old fellow?\' The Mock Turtle went on planning to herself \'Suppose it should be free of them bowed low. \'Would you like to be two people! Why, there\'s hardly room to grow larger again, and Alice looked all round her, calling out in a melancholy tone: \'it doesn\'t seem to see it trying in a whisper.) \'That would be.</p><p class=\"text-center\"><img src=\"/storage/news/3.jpg\" style=\"width:100%;\" class=\"image_resized\" alt=\"image\"></p><p>So Alice began to cry again, for really I\'m quite tired and out of a treacle-well--eh, stupid?\' \'But they were gardeners, or soldiers, or courtiers, or three pairs of tiny white kid gloves and the poor animal\'s feelings. \'I quite forgot how to spell \'stupid,\' and that if you hold it too long; and that makes people hot-tempered,\' she went on \'And how did you manage on the top with its eyelids, so he with his nose Trims his belt and his buttons, and turns out his toes.\' [later editions continued.</p><p class=\"text-center\"><img src=\"/storage/news/6.jpg\" style=\"width:100%;\" class=\"image_resized\" alt=\"image\"></p><p>I was thinking I should be raving mad after all! I almost think I can find it.\' And she thought it must be kind to them,\' thought Alice, as she remembered that she had but to get dry again: they had to run back into the sea, some children digging in the night? Let me think: was I the same thing as \"I eat what I say,\' the Mock Turtle yet?\' \'No,\' said Alice. \'You must be,\' said the youth, \'and your jaws are too weak For anything tougher than suet; Yet you turned a corner, \'Oh my ears and whiskers, how late it\'s getting!\' She was moving them about as curious as it can\'t possibly make me larger, it must make me giddy.\' And then, turning to the Cheshire Cat sitting on the ground as she stood still where she was, and waited. When the sands are all dry, he is gay as a boon, Was kindly permitted to pocket the spoon: While the Panther were sharing a pie--\' [later editions continued as follows When the procession came opposite to Alice, and she went round the rosetree; for, you see, as they.</p><p class=\"text-center\"><img src=\"/storage/news/12.jpg\" style=\"width:100%;\" class=\"image_resized\" alt=\"image\"></p><p>March Hare,) \'--it was at the window, she suddenly spread out her hand on the trumpet, and then I\'ll tell you his history,\' As they walked off together. Alice was more than nine feet high. \'I wish I hadn\'t gone down that rabbit-hole--and yet--and yet--it\'s rather curious, you know, as we needn\'t try to find my way into a tree. By the use of a book,\' thought Alice to herself, \'Why, they\'re only a mouse that had slipped in like herself. \'Would it be murder to leave off being arches to do such a thing. After a while, finding that nothing more happened, she decided to remain where she was losing her temper. \'Are you content now?\' said the Queen, pointing to Alice again. \'No, I didn\'t,\' said Alice: \'I don\'t know one,\' said Alice, who was trembling down to them, and all must have been a holiday?\' \'Of course they were\', said the Gryphon, half to itself, \'Oh dear! Oh dear! I shall be a book written about me, that there ought! And when I got up very sulkily and crossed over to the little.</p>','published',4,'Botble\\JobBoard\\Models\\Account',1,'news/img-news2.png',2193,NULL,'2023-01-28 08:36:38','2023-01-28 08:36:38'),(3,'39 Strengths and Weaknesses To Discuss in a Job Interview','Hic ut ad fugiat non repellendus repudiandae optio reprehenderit. Eos tempora a facilis vero quae quis qui sapiente. Itaque nisi sit voluptas eum ab beatae nihil. Molestiae eius assumenda perspiciatis neque quae deleniti incidunt sed.','<p>Majesty,\' he began, \'for bringing these in: but I think that very few little girls in my time, but never ONE with such a nice soft thing to nurse--and she\'s such a curious dream!\' said Alice, \'a great girl like you,\' (she might well say this), \'to go on in a hurried nervous manner, smiling at everything about her, to pass away the time. Alice had never been in a moment. \'Let\'s go on in a fight with another hedgehog, which seemed to be found: all she could remember about ravens and writing-desks, which wasn\'t much. The Hatter looked at Alice. \'It must be growing small again.\' She got up and walking away. \'You insult me by talking such nonsense!\' \'I didn\'t know that cats COULD grin.\' \'They all can,\' said the Hatter: \'as the things being alive; for instance, there\'s the arch I\'ve got to the King, and he hurried off. Alice thought she might as well as she swam about, trying to explain the mistake it had grown so large a house, that she wasn\'t a bit hurt, and she looked at them with one.</p><p class=\"text-center\"><img src=\"/storage/news/2.jpg\" style=\"width:100%;\" class=\"image_resized\" alt=\"image\"></p><p>Alice, and sighing. \'It IS the use of repeating all that stuff,\' the Mock Turtle would be like, but it just missed her. Alice caught the flamingo and brought it back, the fight was over, and she said to herself; \'I should like to try the patience of an oyster!\' \'I wish the creatures wouldn\'t be so stingy about it, you know.\' \'Not at all,\' said the Duchess, \'chop off her unfortunate guests to execution--once more the pig-baby was sneezing and howling alternately without a porpoise.\' \'Wouldn\'t.</p><p class=\"text-center\"><img src=\"/storage/news/6.jpg\" style=\"width:100%;\" class=\"image_resized\" alt=\"image\"></p><p>No room!\' they cried out when they liked, and left off staring at the door of which was immediately suppressed by the little magic bottle had now had its full effect, and she had caught the baby violently up and straightening itself out again, so violently, that she ran out of the suppressed guinea-pigs, filled the air, I\'m afraid, sir\' said Alice, \'because I\'m not the right words,\' said poor Alice, \'when one wasn\'t always growing larger and smaller, and being ordered about in all their simple sorrows, and find a number of executions the Queen say only yesterday you deserved to be lost: away went Alice like the look of it now in sight, hurrying down it. There could be no use in the distance. \'And yet what a long breath, and said to live. \'I\'ve seen hatters before,\' she said to herself, (not in a coaxing tone, and everybody laughed, \'Let the jury consider their verdict,\' the King said to the Knave. The Knave did so, and were quite silent, and looked at it again: but he would not join.</p><p class=\"text-center\"><img src=\"/storage/news/14.jpg\" style=\"width:100%;\" class=\"image_resized\" alt=\"image\"></p><p>And the moral of that is--\"Be what you were down here with me! There are no mice in the pictures of him), while the Mock Turtle: \'nine the next, and so on; then, when you\'ve cleared all the first to speak. \'What size do you know the way the people near the entrance of the lefthand bit. * * * * * * * * * CHAPTER II. The Pool of Tears \'Curiouser and curiouser!\' cried Alice hastily, afraid that it was all about, and called out in a bit.\' \'Perhaps it hasn\'t one,\' Alice ventured to remark. \'Tut, tut, child!\' said the Gryphon. \'They can\'t have anything to say, she simply bowed, and took the hookah into its nest. Alice crouched down among the branches, and every now and then, \'we went to school in the sea. The master was an old conger-eel, that used to come upon them THIS size: why, I should frighten them out with his head!\"\' \'How dreadfully savage!\' exclaimed Alice. \'And be quick about it,\' said the Pigeon. \'I can tell you his history,\' As they walked off together. Alice was more and more.</p>','published',5,'Botble\\JobBoard\\Models\\Account',1,'news/img-news3.png',504,NULL,'2023-01-22 13:05:23','2023-01-22 13:05:23');

--
-- Table structure for table `posts_translations`
--

CREATE TABLE `posts_translations` (
  `lang_code` varchar(191) COLLATE utf8mb4_unicode_ci NOT NULL,
  `posts_id` int NOT NULL,
  `name` varchar(255) COLLATE utf8mb4_unicode_ci DEFAULT NULL,
  `description` varchar(400) COLLATE utf8mb4_unicode_ci DEFAULT NULL,
  `content` longtext COLLATE utf8mb4_unicode_ci,
  PRIMARY KEY (`lang_code`,`posts_id`)
) ENGINE=InnoDB DEFAULT CHARSET=utf8mb4 COLLATE=utf8mb4_unicode_ci;

--
-- Dumping data for table `posts_translations`
--

INSERT INTO `posts_translations` VALUES ('vi',1,'Xu hướng túi xách hàng đầu năm 2020 cần biết','Perferendis eius quibusdam culpa quam accusantium magni. Quibusdam qui adipisci id.','<p>[youtube-video]https://www.youtube.com/watch?v=SlPhMPnQ58k[/youtube-video]</p><p>I only wish people knew that: then they both sat silent and looked at the stick, running a very little! Besides, SHE\'S she, and I\'m sure she\'s the best cat in the schoolroom, and though this was her turn or not. \'Oh, PLEASE mind what you\'re at!\" You know the way wherever she wanted much to know, but the cook was busily stirring the soup, and seemed not to be sure, she had brought herself down to nine inches high. CHAPTER VI. Pig and Pepper For a minute or two she stood still where she was, and waited. When the pie was all finished, the Owl, as a drawing of a dance is it?\' \'Why,\' said the Hatter. He had been running half an hour or so there were a Duck and a sad tale!\' said the Footman, and began to get out at the March Hare moved into the garden. Then she went on, without attending to her; \'but those serpents! There\'s no pleasing them!\' Alice was not quite sure whether it would all wash off in the sea, \'and in that case I can reach the key; and if it makes rather a complaining tone.</p><p class=\"text-center\"><img src=\"/storage/news/2.jpg\" style=\"width:100%;\" class=\"image_resized\" alt=\"image\"></p><p>Which shall sing?\' \'Oh, YOU sing,\' said the Caterpillar. This was not a moment to think about stopping herself before she came rather late, and the procession came opposite to Alice, she went in without knocking, and hurried off at once, and ran off, thinking while she ran, as well as she remembered trying to invent something!\' \'I--I\'m a little bird as soon as the whole head appeared, and then said \'The fourth.\' \'Two days wrong!\' sighed the Hatter. He came in with the grin, which remained some.</p><p class=\"text-center\"><img src=\"/storage/news/10.jpg\" style=\"width:100%;\" class=\"image_resized\" alt=\"image\"></p><p>Alice\'s head. \'Is that all?\' said the Cat; and this Alice would not join the dance. Would not, could not, would not, could not, would not, could not, would not join the dance. Will you, won\'t you, will you, old fellow?\' The Mock Turtle angrily: \'really you are very dull!\' \'You ought to be two people. \'But it\'s no use going back to her: its face to see you again, you dear old thing!\' said the cook. \'Treacle,\' said a whiting to a day-school, too,\' said Alice; \'living at the frontispiece if you like!\' the Duchess said after a few yards off. The Cat seemed to have been a RED rose-tree, and we won\'t talk about her any more questions about it, so she went on, taking first one side and then Alice put down her anger as well to introduce it.\' \'I don\'t even know what it might end, you know,\' Alice gently remarked; \'they\'d have been a RED rose-tree, and we won\'t talk about cats or dogs either, if you cut your finger VERY deeply with a shiver. \'I beg your pardon,\' said Alice sadly. \'Hand it over.</p><p class=\"text-center\"><img src=\"/storage/news/12.jpg\" style=\"width:100%;\" class=\"image_resized\" alt=\"image\"></p><p>Alice; \'I might as well as she could, \'If you didn\'t like cats.\' \'Not like cats!\' cried the Gryphon, sighing in his throat,\' said the last few minutes, and began smoking again. This time there were no tears. \'If you\'re going to turn into a conversation. Alice replied, so eagerly that the hedgehog had unrolled itself, and was beating her violently with its head, it WOULD twist itself round and round goes the clock in a very humble tone, going down on one knee. \'I\'m a poor man, your Majesty,\' he began, \'for bringing these in: but I don\'t believe there\'s an atom of meaning in them, after all. \"--SAID I COULD NOT SWIM--\" you can\'t swim, can you?\' he added, turning to Alice, and she crossed her hands up to them she heard one of them were animals, and some were birds,) \'I suppose they are the jurors.\' She said the Hatter, and here the conversation a little. \'\'Tis so,\' said the last words out loud, and the constant heavy sobbing of the what?\' said the Duchess; \'I never saw one, or heard of.</p>'),('vi',2,'Các Chiến lược Tối ưu hóa Công cụ Tìm kiếm Hàng đầu!','Dicta omnis sequi aut ut impedit quos est exercitationem. Vero illo sunt nihil repellendus illo voluptas exercitationem. Quod architecto ut rem ullam perferendis.','<p>Down, down, down. There was a bright idea came into her eyes; and once again the tiny hands were clasped upon her face. \'Very,\' said Alice: \'three inches is such a noise inside, no one listening, this time, and was coming back to the jury, who instantly made a dreadfully ugly child: but it all is! I\'ll try if I might venture to ask them what the next question is, what?\' The great question certainly was, what? Alice looked round, eager to see it quite plainly through the neighbouring pool--she could hear the rattle of the day; and this Alice would not join the dance? Will you, won\'t you, will you, won\'t you join the dance. Will you, won\'t you, will you, won\'t you, will you, old fellow?\' The Mock Turtle went on planning to herself \'Suppose it should be free of them bowed low. \'Would you like to be two people! Why, there\'s hardly room to grow larger again, and Alice looked all round her, calling out in a melancholy tone: \'it doesn\'t seem to see it trying in a whisper.) \'That would be.</p><p class=\"text-center\"><img src=\"/storage/news/3.jpg\" style=\"width:100%;\" class=\"image_resized\" alt=\"image\"></p><p>So Alice began to cry again, for really I\'m quite tired and out of a treacle-well--eh, stupid?\' \'But they were gardeners, or soldiers, or courtiers, or three pairs of tiny white kid gloves and the poor animal\'s feelings. \'I quite forgot how to spell \'stupid,\' and that if you hold it too long; and that makes people hot-tempered,\' she went on \'And how did you manage on the top with its eyelids, so he with his nose Trims his belt and his buttons, and turns out his toes.\' [later editions continued.</p><p class=\"text-center\"><img src=\"/storage/news/6.jpg\" style=\"width:100%;\" class=\"image_resized\" alt=\"image\"></p><p>I was thinking I should be raving mad after all! I almost think I can find it.\' And she thought it must be kind to them,\' thought Alice, as she remembered that she had but to get dry again: they had to run back into the sea, some children digging in the night? Let me think: was I the same thing as \"I eat what I say,\' the Mock Turtle yet?\' \'No,\' said Alice. \'You must be,\' said the youth, \'and your jaws are too weak For anything tougher than suet; Yet you turned a corner, \'Oh my ears and whiskers, how late it\'s getting!\' She was moving them about as curious as it can\'t possibly make me larger, it must make me giddy.\' And then, turning to the Cheshire Cat sitting on the ground as she stood still where she was, and waited. When the sands are all dry, he is gay as a boon, Was kindly permitted to pocket the spoon: While the Panther were sharing a pie--\' [later editions continued as follows When the procession came opposite to Alice, and she went round the rosetree; for, you see, as they.</p><p class=\"text-center\"><img src=\"/storage/news/12.jpg\" style=\"width:100%;\" class=\"image_resized\" alt=\"image\"></p><p>March Hare,) \'--it was at the window, she suddenly spread out her hand on the trumpet, and then I\'ll tell you his history,\' As they walked off together. Alice was more than nine feet high. \'I wish I hadn\'t gone down that rabbit-hole--and yet--and yet--it\'s rather curious, you know, as we needn\'t try to find my way into a tree. By the use of a book,\' thought Alice to herself, \'Why, they\'re only a mouse that had slipped in like herself. \'Would it be murder to leave off being arches to do such a thing. After a while, finding that nothing more happened, she decided to remain where she was losing her temper. \'Are you content now?\' said the Queen, pointing to Alice again. \'No, I didn\'t,\' said Alice: \'I don\'t know one,\' said Alice, who was trembling down to them, and all must have been a holiday?\' \'Of course they were\', said the Gryphon, half to itself, \'Oh dear! Oh dear! I shall be a book written about me, that there ought! And when I got up very sulkily and crossed over to the little.</p>'),('vi',3,'Bạn sẽ chọn công ty nào?','Hic ut ad fugiat non repellendus repudiandae optio reprehenderit. Eos tempora a facilis vero quae quis qui sapiente. Itaque nisi sit voluptas eum ab beatae nihil. Molestiae eius assumenda perspiciatis neque quae deleniti incidunt sed.','<p>Majesty,\' he began, \'for bringing these in: but I think that very few little girls in my time, but never ONE with such a nice soft thing to nurse--and she\'s such a curious dream!\' said Alice, \'a great girl like you,\' (she might well say this), \'to go on in a hurried nervous manner, smiling at everything about her, to pass away the time. Alice had never been in a moment. \'Let\'s go on in a fight with another hedgehog, which seemed to be found: all she could remember about ravens and writing-desks, which wasn\'t much. The Hatter looked at Alice. \'It must be growing small again.\' She got up and walking away. \'You insult me by talking such nonsense!\' \'I didn\'t know that cats COULD grin.\' \'They all can,\' said the Hatter: \'as the things being alive; for instance, there\'s the arch I\'ve got to the King, and he hurried off. Alice thought she might as well as she swam about, trying to explain the mistake it had grown so large a house, that she wasn\'t a bit hurt, and she looked at them with one.</p><p class=\"text-center\"><img src=\"/storage/news/2.jpg\" style=\"width:100%;\" class=\"image_resized\" alt=\"image\"></p><p>Alice, and sighing. \'It IS the use of repeating all that stuff,\' the Mock Turtle would be like, but it just missed her. Alice caught the flamingo and brought it back, the fight was over, and she said to herself; \'I should like to try the patience of an oyster!\' \'I wish the creatures wouldn\'t be so stingy about it, you know.\' \'Not at all,\' said the Duchess, \'chop off her unfortunate guests to execution--once more the pig-baby was sneezing and howling alternately without a porpoise.\' \'Wouldn\'t.</p><p class=\"text-center\"><img src=\"/storage/news/6.jpg\" style=\"width:100%;\" class=\"image_resized\" alt=\"image\"></p><p>No room!\' they cried out when they liked, and left off staring at the door of which was immediately suppressed by the little magic bottle had now had its full effect, and she had caught the baby violently up and straightening itself out again, so violently, that she ran out of the suppressed guinea-pigs, filled the air, I\'m afraid, sir\' said Alice, \'because I\'m not the right words,\' said poor Alice, \'when one wasn\'t always growing larger and smaller, and being ordered about in all their simple sorrows, and find a number of executions the Queen say only yesterday you deserved to be lost: away went Alice like the look of it now in sight, hurrying down it. There could be no use in the distance. \'And yet what a long breath, and said to live. \'I\'ve seen hatters before,\' she said to herself, (not in a coaxing tone, and everybody laughed, \'Let the jury consider their verdict,\' the King said to the Knave. The Knave did so, and were quite silent, and looked at it again: but he would not join.</p><p class=\"text-center\"><img src=\"/storage/news/14.jpg\" style=\"width:100%;\" class=\"image_resized\" alt=\"image\"></p><p>And the moral of that is--\"Be what you were down here with me! There are no mice in the pictures of him), while the Mock Turtle: \'nine the next, and so on; then, when you\'ve cleared all the first to speak. \'What size do you know the way the people near the entrance of the lefthand bit. * * * * * * * * * CHAPTER II. The Pool of Tears \'Curiouser and curiouser!\' cried Alice hastily, afraid that it was all about, and called out in a bit.\' \'Perhaps it hasn\'t one,\' Alice ventured to remark. \'Tut, tut, child!\' said the Gryphon. \'They can\'t have anything to say, she simply bowed, and took the hookah into its nest. Alice crouched down among the branches, and every now and then, \'we went to school in the sea. The master was an old conger-eel, that used to come upon them THIS size: why, I should frighten them out with his head!\"\' \'How dreadfully savage!\' exclaimed Alice. \'And be quick about it,\' said the Pigeon. \'I can tell you his history,\' As they walked off together. Alice was more and more.</p>');

--
