--
-- Host: localhost    Database: jobbox
-- ------------------------------------------------------


--
-- Table structure for table `activations`
--

CREATE TABLE `activations` (
  `id` bigint unsigned NOT NULL AUTO_INCREMENT,
  `user_id` int unsigned NOT NULL,
  `code` varchar(120) COLLATE utf8mb4_unicode_ci NOT NULL,
  `completed` tinyint(1) NOT NULL DEFAULT '0',
  `completed_at` timestamp NULL DEFAULT NULL,
  `created_at` timestamp NULL DEFAULT NULL,
  `updated_at` timestamp NULL DEFAULT NULL,
  PRIMARY KEY (`id`),
  KEY `activations_user_id_index` (`user_id`)
) ENGINE=InnoDB AUTO_INCREMENT=2 DEFAULT CHARSET=utf8mb4 COLLATE=utf8mb4_unicode_ci;

--
-- Dumping data for table `activations`
--

INSERT INTO `activations` VALUES (1,1,'WBGGhB19JnbLkVeAftPGe00bGJd8nxJl',1,'2023-02-20 00:01:45','2023-02-20 00:01:45','2023-02-20 00:01:45');

--
-- Table structure for table `admin_notifications`
--

CREATE TABLE `admin_notifications` (
  `id` bigint unsigned NOT NULL AUTO_INCREMENT,
  `title` varchar(191) COLLATE utf8mb4_unicode_ci NOT NULL,
  `action_label` varchar(191) COLLATE utf8mb4_unicode_ci DEFAULT NULL,
  `action_url` varchar(191) COLLATE utf8mb4_unicode_ci DEFAULT NULL,
  `description` varchar(400) COLLATE utf8mb4_unicode_ci NOT NULL,
  `read_at` timestamp NULL DEFAULT NULL,
  `created_at` timestamp NULL DEFAULT NULL,
  `updated_at` timestamp NULL DEFAULT NULL,
  PRIMARY KEY (`id`)
) ENGINE=InnoDB DEFAULT CHARSET=utf8mb4 COLLATE=utf8mb4_unicode_ci;

--
-- Dumping data for table `admin_notifications`
--


--
-- Table structure for table `audit_histories`
--

CREATE TABLE `audit_histories` (
  `id` bigint unsigned NOT NULL AUTO_INCREMENT,
  `user_id` int unsigned NOT NULL,
  `module` varchar(60) COLLATE utf8mb4_unicode_ci NOT NULL,
  `request` text COLLATE utf8mb4_unicode_ci,
  `action` varchar(120) COLLATE utf8mb4_unicode_ci NOT NULL,
  `user_agent` text COLLATE utf8mb4_unicode_ci,
  `ip_address` varchar(39) COLLATE utf8mb4_unicode_ci DEFAULT NULL,
  `reference_user` int unsigned NOT NULL,
  `reference_id` int unsigned NOT NULL,
  `reference_name` varchar(255) COLLATE utf8mb4_unicode_ci NOT NULL,
  `type` varchar(20) COLLATE utf8mb4_unicode_ci NOT NULL,
  `created_at` timestamp NULL DEFAULT NULL,
  `updated_at` timestamp NULL DEFAULT NULL,
  PRIMARY KEY (`id`),
  KEY `audit_histories_user_id_index` (`user_id`),
  KEY `audit_histories_module_index` (`module`)
) ENGINE=InnoDB DEFAULT CHARSET=utf8mb4 COLLATE=utf8mb4_unicode_ci;

--
-- Dumping data for table `audit_histories`
--


--
-- Table structure for table `categories`
--

CREATE TABLE `categories` (
  `id` bigint unsigned NOT NULL AUTO_INCREMENT,
  `name` varchar(120) COLLATE utf8mb4_unicode_ci NOT NULL,
  `parent_id` int unsigned NOT NULL DEFAULT '0',
  `description` varchar(400) COLLATE utf8mb4_unicode_ci DEFAULT NULL,
  `status` varchar(60) COLLATE utf8mb4_unicode_ci NOT NULL DEFAULT 'published',
  `author_id` int NOT NULL,
  `author_type` varchar(255) CHARACTER SET utf8mb4 COLLATE utf8mb4_unicode_ci NOT NULL DEFAULT 'Botble\\ACL\\Models\\User',
  `icon` varchar(60) COLLATE utf8mb4_unicode_ci DEFAULT NULL,
  `order` tinyint NOT NULL DEFAULT '0',
  `is_featured` tinyint NOT NULL DEFAULT '0',
  `is_default` tinyint unsigned NOT NULL DEFAULT '0',
  `created_at` timestamp NULL DEFAULT NULL,
  `updated_at` timestamp NULL DEFAULT NULL,
  PRIMARY KEY (`id`),
  KEY `parent_id` (`parent_id`),
  KEY `status` (`status`),
  KEY `created_at` (`created_at`)
) ENGINE=InnoDB AUTO_INCREMENT=8 DEFAULT CHARSET=utf8mb4 COLLATE=utf8mb4_unicode_ci;

--
-- Dumping data for table `categories`
--

INSERT INTO `categories` VALUES (1,'Design',0,'Et voluptate ex minus non aliquam est. Rerum provident eos et perferendis consequatur assumenda sequi pariatur. Nihil explicabo omnis ad repellat voluptatem et.','published',1,'Botble\\ACL\\Models\\User',NULL,0,0,1,'2023-02-20 00:01:47','2023-02-20 00:01:47'),(2,'Lifestyle',0,'Harum nam est accusantium ea laudantium voluptatem. Sed accusamus quidem distinctio dolore et. Repudiandae eaque et quia cupiditate in officia vel.','published',1,'Botble\\ACL\\Models\\User',NULL,0,1,0,'2023-02-20 00:01:47','2023-02-20 00:01:47'),(3,'Travel Tips',2,'Adipisci natus corporis quia et aut. Quidem necessitatibus ullam error voluptas labore omnis. Occaecati iste deleniti aspernatur non accusantium.','published',1,'Botble\\ACL\\Models\\User',NULL,0,0,0,'2023-02-20 00:01:47','2023-02-20 00:01:47'),(4,'Healthy',0,'Et eius ipsam maxime velit perferendis deleniti aut. Aspernatur distinctio dolore quas libero nemo ducimus. Commodi dicta esse earum facere sit.','published',1,'Botble\\ACL\\Models\\User',NULL,0,1,0,'2023-02-20 00:01:47','2023-02-20 00:01:47'),(5,'Travel Tips',4,'Rerum beatae voluptates quia quaerat delectus voluptatibus. Sunt aspernatur aperiam porro dicta vero est. Pariatur enim assumenda quam corporis dolorem minus est.','published',1,'Botble\\ACL\\Models\\User',NULL,0,0,0,'2023-02-20 00:01:47','2023-02-20 00:01:47'),(6,'Hotel',0,'Et at nam vel consequatur dolor odio. Sit dolorem reprehenderit totam harum in ratione enim. Quidem fugit ipsam provident mollitia ad ea. Illum fugiat harum doloribus et vitae eum consequatur qui.','published',1,'Botble\\ACL\\Models\\User',NULL,0,1,0,'2023-02-20 00:01:47','2023-02-20 00:01:47'),(7,'Nature',6,'Dolorum reprehenderit eveniet impedit et maiores commodi inventore. Impedit omnis illo sed incidunt. Perferendis dolor soluta et est quae neque. Magni et omnis dignissimos placeat.','published',1,'Botble\\ACL\\Models\\User',NULL,0,0,0,'2023-02-20 00:01:47','2023-02-20 00:01:47');

--
-- Table structure for table `categories_translations`
--

CREATE TABLE `categories_translations` (
  `lang_code` varchar(191) COLLATE utf8mb4_unicode_ci NOT NULL,
  `categories_id` int NOT NULL,
  `name` varchar(255) COLLATE utf8mb4_unicode_ci DEFAULT NULL,
  `description` varchar(400) COLLATE utf8mb4_unicode_ci DEFAULT NULL,
  PRIMARY KEY (`lang_code`,`categories_id`)
) ENGINE=InnoDB DEFAULT CHARSET=utf8mb4 COLLATE=utf8mb4_unicode_ci;

--
-- Dumping data for table `categories_translations`
--

INSERT INTO `categories_translations` VALUES ('vi',1,'Phong cách sống',NULL),('vi',2,'Sức khỏe',NULL),('vi',3,'Món ngon',NULL);

--
-- Table structure for table `cities`
--

CREATE TABLE `cities` (
  `id` bigint unsigned NOT NULL AUTO_INCREMENT,
  `name` varchar(120) COLLATE utf8mb4_unicode_ci NOT NULL,
  `state_id` int unsigned NOT NULL,
  `country_id` int unsigned DEFAULT NULL,
  `record_id` varchar(40) COLLATE utf8mb4_unicode_ci DEFAULT NULL,
  `order` tinyint NOT NULL DEFAULT '0',
  `is_default` tinyint unsigned NOT NULL DEFAULT '0',
  `status` varchar(60) COLLATE utf8mb4_unicode_ci NOT NULL DEFAULT 'published',
  `created_at` timestamp NULL DEFAULT NULL,
  `updated_at` timestamp NULL DEFAULT NULL,
  PRIMARY KEY (`id`)
) ENGINE=InnoDB AUTO_INCREMENT=7 DEFAULT CHARSET=utf8mb4 COLLATE=utf8mb4_unicode_ci;

--
-- Dumping data for table `cities`
--

INSERT INTO `cities` VALUES (1,'Paris',1,1,NULL,0,0,'published','2023-02-20 00:01:48','2023-02-20 00:01:48'),(2,'London',2,2,NULL,0,0,'published','2023-02-20 00:01:48','2023-02-20 00:01:48'),(3,'New York',3,3,NULL,0,0,'published','2023-02-20 00:01:48','2023-02-20 00:01:48'),(4,'New York',4,4,NULL,0,0,'published','2023-02-20 00:01:48','2023-02-20 00:01:48'),(5,'Copenhagen',5,5,NULL,0,0,'published','2023-02-20 00:01:48','2023-02-20 00:01:48'),(6,'Berlin',6,6,NULL,0,0,'published','2023-02-20 00:01:48','2023-02-20 00:01:48');

--
-- Table structure for table `cities_translations`
--

CREATE TABLE `cities_translations` (
  `lang_code` varchar(191) COLLATE utf8mb4_unicode_ci NOT NULL,
  `cities_id` int NOT NULL,
  `name` varchar(120) COLLATE utf8mb4_unicode_ci DEFAULT NULL,
  PRIMARY KEY (`lang_code`,`cities_id`)
) ENGINE=InnoDB DEFAULT CHARSET=utf8mb4 COLLATE=utf8mb4_unicode_ci;

--
-- Dumping data for table `cities_translations`
--


--
-- Table structure for table `contact_replies`
--

CREATE TABLE `contact_replies` (
  `id` bigint unsigned NOT NULL AUTO_INCREMENT,
  `message` longtext COLLATE utf8mb4_unicode_ci NOT NULL,
  `contact_id` int NOT NULL,
  `created_at` timestamp NULL DEFAULT NULL,
  `updated_at` timestamp NULL DEFAULT NULL,
  PRIMARY KEY (`id`)
) ENGINE=InnoDB DEFAULT CHARSET=utf8mb4 COLLATE=utf8mb4_unicode_ci;

--
-- Dumping data for table `contact_replies`
--


--
-- Table structure for table `contacts`
--

CREATE TABLE `contacts` (
  `id` bigint unsigned NOT NULL AUTO_INCREMENT,
  `name` varchar(60) COLLATE utf8mb4_unicode_ci NOT NULL,
  `email` varchar(60) COLLATE utf8mb4_unicode_ci NOT NULL,
  `phone` varchar(60) COLLATE utf8mb4_unicode_ci DEFAULT NULL,
  `address` varchar(120) COLLATE utf8mb4_unicode_ci DEFAULT NULL,
  `subject` varchar(120) COLLATE utf8mb4_unicode_ci DEFAULT NULL,
  `content` longtext COLLATE utf8mb4_unicode_ci NOT NULL,
  `status` varchar(60) COLLATE utf8mb4_unicode_ci NOT NULL DEFAULT 'unread',
  `created_at` timestamp NULL DEFAULT NULL,
  `updated_at` timestamp NULL DEFAULT NULL,
  PRIMARY KEY (`id`)
) ENGINE=InnoDB AUTO_INCREMENT=11 DEFAULT CHARSET=utf8mb4 COLLATE=utf8mb4_unicode_ci;

--
-- Dumping data for table `contacts`
--

INSERT INTO `contacts` VALUES (1,'Ignatius Bartell','terrell.okuneva@example.org','+18455488423','630 Jaquelin Plains Suite 885\nPort Ellieview, WA 18470-0635','Ut et doloremque reprehenderit.','Quia laudantium ab provident id. Voluptas eligendi odit magni doloremque non aut. Dolor consequatur earum omnis maiores. Aut voluptates consectetur nesciunt quibusdam nisi eum. Saepe labore esse quam reiciendis. Voluptatibus sed et quae non. Eaque exercitationem nostrum necessitatibus molestiae veniam quidem similique. Vel unde repudiandae nulla totam. Ducimus et qui sit enim at.','unread','2023-02-20 00:01:47','2023-02-20 00:01:47'),(2,'Karen Glover','hlangosh@example.org','+13199313975','25468 Stokes Lock\nReynoldsburgh, WA 15341-6818','Vero pariatur dolorem corrupti dolores.','Vel consectetur eos aut qui. Fugiat totam hic consequatur accusantium ratione eos non. Eaque fuga accusamus expedita est aliquam. Sed sequi mollitia vero maiores illo qui amet. Iure id tempore saepe inventore voluptatibus vero. Esse expedita velit consequuntur dolorem et. Tenetur quasi rerum vitae dolorum non consequatur atque. In consequatur illo rerum voluptate suscipit.','read','2023-02-20 00:01:47','2023-02-20 00:01:47'),(3,'Mr. Gillian Marvin V','rosenbaum.isadore@example.net','+19169969510','5887 Donnelly Prairie\nPricefort, AL 08282-8938','Et et ipsam asperiores tempore nesciunt qui.','Quasi vitae fugit cum et voluptatibus dolorem. Molestiae mollitia placeat qui enim possimus omnis facere ullam. Qui excepturi aut ad eaque tenetur sed quisquam. Similique in et cupiditate et quas quis. Veniam fuga doloribus ducimus velit et quas beatae. Non suscipit dolores qui sunt. Illum ut veniam facilis qui. Et vero veniam laboriosam asperiores eos autem velit. Ut similique asperiores fugit rerum accusamus. Consequatur asperiores dolores laborum atque odit sint nihil.','read','2023-02-20 00:01:47','2023-02-20 00:01:47'),(4,'Mr. Francesco McClure','imclaughlin@example.com','+18507020475','24339 Turner Road\nBoscoland, NE 25414-7434','Laudantium qui sunt iste in eveniet dolorem.','Voluptatum est ut minima omnis voluptas. Ut est libero minus sed sequi. Ipsa aut et necessitatibus repellat adipisci. Rerum omnis et voluptatem qui nulla ipsum. Earum ratione aliquid eos temporibus sint sequi architecto. Veritatis cupiditate fuga reprehenderit voluptas provident nulla. Eum repellat et quia tenetur suscipit. Rerum maxime ipsam enim ad ab placeat. Sed porro odit aut atque rerum quisquam. Nemo excepturi ut libero sit cumque. Ut eius error autem sequi dolorum.','read','2023-02-20 00:01:47','2023-02-20 00:01:47'),(5,'Kattie Conroy II','kyleigh43@example.com','+18508040496','294 Ari Shoal\nWest Casimirport, VT 79608','Odit error qui qui qui id cum quia.','Nam error voluptas rerum possimus impedit omnis. Illum non qui sequi at voluptate omnis unde molestiae. Libero est accusamus sunt ipsam et nihil. Temporibus dolores magnam voluptatum veniam ut. Eaque tempore enim quis ut eos. Libero earum repellat eligendi voluptas. Voluptas et amet eos dolorem. Nisi est illum quae error quaerat laborum. Nulla quas fugit odio corrupti ratione.','unread','2023-02-20 00:01:47','2023-02-20 00:01:47'),(6,'Mr. Darrick Weber','maegan.considine@example.com','+19154822167','79448 Ernser Trail Apt. 755\nChamplinburgh, NV 77376-7586','Magni suscipit voluptatem corporis labore.','Maiores est officia eos minima dolor maxime culpa. Sequi blanditiis aut esse animi. Incidunt minima explicabo qui provident. Non voluptatem dolore cumque consectetur ducimus veritatis eos. Tempore minima a omnis possimus expedita aliquid. Repellendus dolorum non omnis vel consequatur vero. Expedita molestiae officia vero reprehenderit doloribus necessitatibus impedit. Officia earum eaque sequi qui. Assumenda ea ipsum ut. Quis reprehenderit et occaecati ab dolorum aut.','unread','2023-02-20 00:01:47','2023-02-20 00:01:47'),(7,'Deshaun Bartell','krajcik.kailyn@example.com','+13238789726','9035 Stracke Coves Apt. 741\nPort Maymietown, MO 52861-1156','Ea ea nihil saepe est.','Enim rerum quia aut at iste quis. Molestiae expedita non rerum. Accusantium ut quia expedita delectus perspiciatis. Et enim et soluta animi. Dolore consequatur voluptatibus sit labore dolor totam vel qui. Temporibus architecto omnis pariatur ut quos maxime sunt. Voluptates qui harum autem eaque amet non. Tenetur labore ea eos illo explicabo odio nostrum. Officia occaecati cumque laudantium quidem qui atque qui sed. Omnis voluptatem corrupti voluptas et.','unread','2023-02-20 00:01:47','2023-02-20 00:01:47'),(8,'Jeanne Gorczany','lincoln.little@example.net','+13472167507','5415 Schowalter Green Apt. 451\nDenesikburgh, SC 89006','Suscipit eum esse incidunt ipsa animi.','Aliquam nihil nam repudiandae ea in. Veniam omnis quo deserunt voluptatem. Quas suscipit facere hic consequatur qui ipsum non. Aut aliquam quibusdam iste nemo eos. Quibusdam dolores veniam officiis odit porro. Excepturi harum quia sed repudiandae vel. Laboriosam voluptas culpa quaerat sit rerum ullam expedita.','read','2023-02-20 00:01:47','2023-02-20 00:01:47'),(9,'Kayla Gaylord','bartell.fausto@example.com','+16507279166','606 Toy Ways Suite 708\nAllenmouth, DE 60361','Non expedita dolores ut corrupti quasi odit.','Amet suscipit omnis et consectetur. Quia velit aut ex illum nesciunt quisquam enim. Saepe ab libero qui voluptates eligendi. Est odio ut ipsum culpa in qui et. Vel mollitia ut et. Sequi eos at voluptatum eaque. Non fuga ad expedita eveniet. Ipsum inventore qui voluptatem voluptatem a id illum omnis. Odio ullam quae ipsam et iusto atque. Qui iusto accusamus ut illum qui et deleniti.','read','2023-02-20 00:01:47','2023-02-20 00:01:47'),(10,'Mr. Jayson Weber','obecker@example.net','+13807757727','391 Mohr Trace Suite 934\nQueenbury, CA 50439','Aspernatur libero voluptatem ab.','Ipsum aut quo et dolores sint ut ut. Modi possimus illo totam facere vitae. A sunt sed rerum sed dolor quis quasi alias. Id minima quae est eius aut. Quo quia eum expedita omnis tenetur. Nobis quam temporibus quos officia sunt ipsa excepturi. Tempore et esse dicta odio. Iure in veritatis earum nulla. Voluptatum consequatur sed molestias debitis. A aut accusantium quo autem quia dolore suscipit.','unread','2023-02-20 00:01:47','2023-02-20 00:01:47');

--
-- Table structure for table `countries`
--

CREATE TABLE `countries` (
  `id` bigint unsigned NOT NULL AUTO_INCREMENT,
  `name` varchar(120) COLLATE utf8mb4_unicode_ci NOT NULL,
  `nationality` varchar(120) CHARACTER SET utf8mb4 COLLATE utf8mb4_unicode_ci DEFAULT NULL,
  `order` tinyint NOT NULL DEFAULT '0',
  `is_default` tinyint unsigned NOT NULL DEFAULT '0',
  `status` varchar(60) COLLATE utf8mb4_unicode_ci NOT NULL DEFAULT 'published',
  `created_at` timestamp NULL DEFAULT NULL,
  `updated_at` timestamp NULL DEFAULT NULL,
  `code` varchar(10) COLLATE utf8mb4_unicode_ci DEFAULT NULL,
  PRIMARY KEY (`id`)
) ENGINE=InnoDB AUTO_INCREMENT=7 DEFAULT CHARSET=utf8mb4 COLLATE=utf8mb4_unicode_ci;

--
-- Dumping data for table `countries`
--

INSERT INTO `countries` VALUES (1,'France','French',0,0,'published','2023-02-20 00:01:48',NULL,'FRA'),(2,'England','English',0,0,'published','2023-02-20 00:01:48',NULL,'UK'),(3,'USA','Americans',0,0,'published','2023-02-20 00:01:48',NULL,'US'),(4,'Holland','Dutch',0,0,'published','2023-02-20 00:01:48',NULL,'HL'),(5,'Denmark','Danish',0,0,'published','2023-02-20 00:01:48',NULL,'DN'),(6,'Germany','Danish',0,0,'published','2023-02-20 00:01:48',NULL,'DN');

--
-- Table structure for table `countries_translations`
--

CREATE TABLE `countries_translations` (
  `lang_code` varchar(191) COLLATE utf8mb4_unicode_ci NOT NULL,
  `countries_id` int NOT NULL,
  `name` varchar(120) COLLATE utf8mb4_unicode_ci DEFAULT NULL,
  `nationality` varchar(120) COLLATE utf8mb4_unicode_ci DEFAULT NULL,
  PRIMARY KEY (`lang_code`,`countries_id`)
) ENGINE=InnoDB DEFAULT CHARSET=utf8mb4 COLLATE=utf8mb4_unicode_ci;

--
-- Dumping data for table `countries_translations`
--


--
-- Table structure for table `dashboard_widget_settings`
--

CREATE TABLE `dashboard_widget_settings` (
  `id` bigint unsigned NOT NULL AUTO_INCREMENT,
  `settings` text COLLATE utf8mb4_unicode_ci,
  `user_id` int unsigned NOT NULL,
  `widget_id` int unsigned NOT NULL,
  `order` tinyint unsigned NOT NULL DEFAULT '0',
  `status` tinyint unsigned NOT NULL DEFAULT '1',
  `created_at` timestamp NULL DEFAULT NULL,
  `updated_at` timestamp NULL DEFAULT NULL,
  PRIMARY KEY (`id`),
  KEY `dashboard_widget_settings_user_id_index` (`user_id`),
  KEY `dashboard_widget_settings_widget_id_index` (`widget_id`)
) ENGINE=InnoDB DEFAULT CHARSET=utf8mb4 COLLATE=utf8mb4_unicode_ci;

--
-- Dumping data for table `dashboard_widget_settings`
--


--
-- Table structure for table `dashboard_widgets`
--

CREATE TABLE `dashboard_widgets` (
  `id` bigint unsigned NOT NULL AUTO_INCREMENT,
  `name` varchar(120) COLLATE utf8mb4_unicode_ci NOT NULL,
  `created_at` timestamp NULL DEFAULT NULL,
  `updated_at` timestamp NULL DEFAULT NULL,
  PRIMARY KEY (`id`)
) ENGINE=InnoDB DEFAULT CHARSET=utf8mb4 COLLATE=utf8mb4_unicode_ci;

--
-- Dumping data for table `dashboard_widgets`
--


--
-- Table structure for table `failed_jobs`
--

CREATE TABLE `failed_jobs` (
  `id` bigint unsigned NOT NULL AUTO_INCREMENT,
  `uuid` varchar(191) COLLATE utf8mb4_unicode_ci NOT NULL,
  `connection` text COLLATE utf8mb4_unicode_ci NOT NULL,
  `queue` text COLLATE utf8mb4_unicode_ci NOT NULL,
  `payload` longtext COLLATE utf8mb4_unicode_ci NOT NULL,
  `exception` longtext COLLATE utf8mb4_unicode_ci NOT NULL,
  `failed_at` timestamp NOT NULL DEFAULT CURRENT_TIMESTAMP,
  PRIMARY KEY (`id`),
  UNIQUE KEY `failed_jobs_uuid_unique` (`uuid`)
) ENGINE=InnoDB DEFAULT CHARSET=utf8mb4 COLLATE=utf8mb4_unicode_ci;

--
-- Dumping data for table `failed_jobs`
--


--
-- Table structure for table `faq_categories`
--

CREATE TABLE `faq_categories` (
  `id` bigint unsigned NOT NULL AUTO_INCREMENT,
  `name` varchar(120) COLLATE utf8mb4_unicode_ci NOT NULL,
  `order` tinyint NOT NULL DEFAULT '0',
  `status` varchar(60) COLLATE utf8mb4_unicode_ci NOT NULL DEFAULT 'published',
  `created_at` timestamp NULL DEFAULT NULL,
  `updated_at` timestamp NULL DEFAULT NULL,
  PRIMARY KEY (`id`)
) ENGINE=InnoDB AUTO_INCREMENT=5 DEFAULT CHARSET=utf8mb4 COLLATE=utf8mb4_unicode_ci;

--
-- Dumping data for table `faq_categories`
--

INSERT INTO `faq_categories` VALUES (1,'General',0,'published','2023-02-20 00:01:56','2023-02-20 00:01:56'),(2,'Buying',1,'published','2023-02-20 00:01:56','2023-02-20 00:01:56'),(3,'Payment',2,'published','2023-02-20 00:01:56','2023-02-20 00:01:56'),(4,'Support',3,'published','2023-02-20 00:01:56','2023-02-20 00:01:56');

--
-- Table structure for table `faq_categories_translations`
--

CREATE TABLE `faq_categories_translations` (
  `lang_code` varchar(191) COLLATE utf8mb4_unicode_ci NOT NULL,
  `faq_categories_id` int NOT NULL,
  `name` varchar(120) COLLATE utf8mb4_unicode_ci DEFAULT NULL,
  PRIMARY KEY (`lang_code`,`faq_categories_id`)
) ENGINE=InnoDB DEFAULT CHARSET=utf8mb4 COLLATE=utf8mb4_unicode_ci;

--
-- Dumping data for table `faq_categories_translations`
--

INSERT INTO `faq_categories_translations` VALUES ('vi',1,'Chung'),('vi',2,'Mua'),('vi',3,'Thanh toán'),('vi',4,'Hổ trợ');

--
-- Table structure for table `faqs`
--

CREATE TABLE `faqs` (
  `id` bigint unsigned NOT NULL AUTO_INCREMENT,
  `question` text COLLATE utf8mb4_unicode_ci NOT NULL,
  `answer` text COLLATE utf8mb4_unicode_ci NOT NULL,
  `category_id` int unsigned NOT NULL,
  `status` varchar(60) COLLATE utf8mb4_unicode_ci NOT NULL DEFAULT 'published',
  `created_at` timestamp NULL DEFAULT NULL,
  `updated_at` timestamp NULL DEFAULT NULL,
  PRIMARY KEY (`id`)
) ENGINE=InnoDB AUTO_INCREMENT=25 DEFAULT CHARSET=utf8mb4 COLLATE=utf8mb4_unicode_ci;

--
-- Dumping data for table `faqs`
--

INSERT INTO `faqs` VALUES (1,'Where does it come from ?','If several languages coalesce, the grammar of the resulting language is more simple and regular than that of the individual languages. The new common language will be more simple and regular than the existing European languages.',1,'published','2023-02-20 00:01:56','2023-02-20 00:01:56'),(2,'How JobBox Work ?','To an English person, it will seem like simplified English, as a skeptical Cambridge friend of mine told me what Occidental is. The European languages are members of the same family. Their separate existence is a myth.',1,'published','2023-02-20 00:01:56','2023-02-20 00:01:56'),(3,'What is your shipping policy?','Everyone realizes why a new common language would be desirable: one could refuse to pay expensive translators. To achieve this, it would be necessary to have uniform grammar, pronunciation and more common words.',1,'published','2023-02-20 00:01:56','2023-02-20 00:01:56'),(4,'Where To Place A FAQ Page','Just as the name suggests, a FAQ page is all about simple questions and answers. Gather common questions your customers have asked from your support team and include them in the FAQ, Use categories to organize questions related to specific topics.',1,'published','2023-02-20 00:01:57','2023-02-20 00:01:57'),(5,'Why do we use it ?','It will be as simple as Occidental; in fact, it will be Occidental. To an English person, it will seem like simplified English, as a skeptical Cambridge friend of mine told me what Occidental.',1,'published','2023-02-20 00:01:57','2023-02-20 00:01:57'),(6,'Where can I get some ?','To an English person, it will seem like simplified English, as a skeptical Cambridge friend of mine told me what Occidental is. The European languages are members of the same family. Their separate existence is a myth.',1,'published','2023-02-20 00:01:57','2023-02-20 00:01:57'),(7,'Where does it come from ?','If several languages coalesce, the grammar of the resulting language is more simple and regular than that of the individual languages. The new common language will be more simple and regular than the existing European languages.',2,'published','2023-02-20 00:01:57','2023-02-20 00:01:57'),(8,'How JobBox Work ?','To an English person, it will seem like simplified English, as a skeptical Cambridge friend of mine told me what Occidental is. The European languages are members of the same family. Their separate existence is a myth.',2,'published','2023-02-20 00:01:57','2023-02-20 00:01:57'),(9,'What is your shipping policy?','Everyone realizes why a new common language would be desirable: one could refuse to pay expensive translators. To achieve this, it would be necessary to have uniform grammar, pronunciation and more common words.',2,'published','2023-02-20 00:01:57','2023-02-20 00:01:57'),(10,'Where To Place A FAQ Page','Just as the name suggests, a FAQ page is all about simple questions and answers. Gather common questions your customers have asked from your support team and include them in the FAQ, Use categories to organize questions related to specific topics.',2,'published','2023-02-20 00:01:57','2023-02-20 00:01:57'),(11,'Why do we use it ?','It will be as simple as Occidental; in fact, it will be Occidental. To an English person, it will seem like simplified English, as a skeptical Cambridge friend of mine told me what Occidental.',2,'published','2023-02-20 00:01:57','2023-02-20 00:01:57'),(12,'Where can I get some ?','To an English person, it will seem like simplified English, as a skeptical Cambridge friend of mine told me what Occidental is. The European languages are members of the same family. Their separate existence is a myth.',2,'published','2023-02-20 00:01:57','2023-02-20 00:01:57'),(13,'Where does it come from ?','If several languages coalesce, the grammar of the resulting language is more simple and regular than that of the individual languages. The new common language will be more simple and regular than the existing European languages.',3,'published','2023-02-20 00:01:57','2023-02-20 00:01:57'),(14,'How JobBox Work ?','To an English person, it will seem like simplified English, as a skeptical Cambridge friend of mine told me what Occidental is. The European languages are members of the same family. Their separate existence is a myth.',3,'published','2023-02-20 00:01:57','2023-02-20 00:01:57'),(15,'What is your shipping policy?','Everyone realizes why a new common language would be desirable: one could refuse to pay expensive translators. To achieve this, it would be necessary to have uniform grammar, pronunciation and more common words.',3,'published','2023-02-20 00:01:57','2023-02-20 00:01:57'),(16,'Where To Place A FAQ Page','Just as the name suggests, a FAQ page is all about simple questions and answers. Gather common questions your customers have asked from your support team and include them in the FAQ, Use categories to organize questions related to specific topics.',3,'published','2023-02-20 00:01:57','2023-02-20 00:01:57'),(17,'Why do we use it ?','It will be as simple as Occidental; in fact, it will be Occidental. To an English person, it will seem like simplified English, as a skeptical Cambridge friend of mine told me what Occidental.',3,'published','2023-02-20 00:01:57','2023-02-20 00:01:57'),(18,'Where can I get some ?','To an English person, it will seem like simplified English, as a skeptical Cambridge friend of mine told me what Occidental is. The European languages are members of the same family. Their separate existence is a myth.',3,'published','2023-02-20 00:01:57','2023-02-20 00:01:57'),(19,'Where does it come from ?','If several languages coalesce, the grammar of the resulting language is more simple and regular than that of the individual languages. The new common language will be more simple and regular than the existing European languages.',4,'published','2023-02-20 00:01:57','2023-02-20 00:01:57'),(20,'How JobBox Work ?','To an English person, it will seem like simplified English, as a skeptical Cambridge friend of mine told me what Occidental is. The European languages are members of the same family. Their separate existence is a myth.',4,'published','2023-02-20 00:01:57','2023-02-20 00:01:57'),(21,'What is your shipping policy?','Everyone realizes why a new common language would be desirable: one could refuse to pay expensive translators. To achieve this, it would be necessary to have uniform grammar, pronunciation and more common words.',4,'published','2023-02-20 00:01:57','2023-02-20 00:01:57'),(22,'Where To Place A FAQ Page','Just as the name suggests, a FAQ page is all about simple questions and answers. Gather common questions your customers have asked from your support team and include them in the FAQ, Use categories to organize questions related to specific topics.',4,'published','2023-02-20 00:01:57','2023-02-20 00:01:57'),(23,'Why do we use it ?','It will be as simple as Occidental; in fact, it will be Occidental. To an English person, it will seem like simplified English, as a skeptical Cambridge friend of mine told me what Occidental.',4,'published','2023-02-20 00:01:57','2023-02-20 00:01:57'),(24,'Where can I get some ?','To an English person, it will seem like simplified English, as a skeptical Cambridge friend of mine told me what Occidental is. The European languages are members of the same family. Their separate existence is a myth.',4,'published','2023-02-20 00:01:57','2023-02-20 00:01:57');

--
-- Table structure for table `faqs_translations`
--

CREATE TABLE `faqs_translations` (
  `lang_code` varchar(191) COLLATE utf8mb4_unicode_ci NOT NULL,
  `faqs_id` int NOT NULL,
  `question` text COLLATE utf8mb4_unicode_ci,
  `answer` text COLLATE utf8mb4_unicode_ci,
  PRIMARY KEY (`lang_code`,`faqs_id`)
) ENGINE=InnoDB DEFAULT CHARSET=utf8mb4 COLLATE=utf8mb4_unicode_ci;

--
-- Dumping data for table `faqs_translations`
--


--
-- Table structure for table `galleries`
--

CREATE TABLE `galleries` (
  `id` bigint unsigned NOT NULL AUTO_INCREMENT,
  `name` varchar(120) COLLATE utf8mb4_unicode_ci NOT NULL,
  `description` longtext COLLATE utf8mb4_unicode_ci NOT NULL,
  `is_featured` tinyint unsigned NOT NULL DEFAULT '0',
  `order` tinyint unsigned NOT NULL DEFAULT '0',
  `image` varchar(255) COLLATE utf8mb4_unicode_ci DEFAULT NULL,
  `user_id` int unsigned NOT NULL,
  `status` varchar(60) COLLATE utf8mb4_unicode_ci NOT NULL DEFAULT 'published',
  `created_at` timestamp NULL DEFAULT NULL,
  `updated_at` timestamp NULL DEFAULT NULL,
  PRIMARY KEY (`id`),
  KEY `galleries_user_id_index` (`user_id`)
) ENGINE=InnoDB AUTO_INCREMENT=7 DEFAULT CHARSET=utf8mb4 COLLATE=utf8mb4_unicode_ci;

--
-- Dumping data for table `galleries`
--

INSERT INTO `galleries` VALUES (1,'Perfect','Ea in cum eum cum blanditiis. Placeat facere ipsam ducimus et officiis ratione libero.',1,0,'galleries/1.jpg',1,'published','2023-02-20 00:01:47','2023-02-20 00:01:47'),(2,'New Day','Et odit similique sunt veritatis. Optio est et dolorem. Accusantium ipsa suscipit rem et quibusdam ipsum.',1,0,'galleries/2.jpg',1,'published','2023-02-20 00:01:47','2023-02-20 00:01:47'),(3,'Happy Day','Temporibus sit excepturi officia consequuntur aliquid. Enim eos ut vero voluptate quo tenetur.',1,0,'galleries/3.jpg',1,'published','2023-02-20 00:01:47','2023-02-20 00:01:47'),(4,'Nature','Nostrum vero eligendi sint et doloremque et. Neque omnis qui dolorum laboriosam sed quia rerum. Debitis quo enim adipisci et sunt corporis et.',1,0,'galleries/4.jpg',1,'published','2023-02-20 00:01:47','2023-02-20 00:01:47'),(5,'Morning','Quo dolorem non quas officiis nostrum. Sunt autem sit assumenda. Quis saepe ratione magni qui ut.',1,0,'galleries/5.jpg',1,'published','2023-02-20 00:01:47','2023-02-20 00:01:47'),(6,'Photography','Ipsa nihil ea qui eveniet facilis numquam. Asperiores est libero ut blanditiis molestiae quidem. In quo at reiciendis eum numquam suscipit.',1,0,'galleries/6.jpg',1,'published','2023-02-20 00:01:47','2023-02-20 00:01:47');

--
-- Table structure for table `galleries_translations`
--

CREATE TABLE `galleries_translations` (
  `lang_code` varchar(191) COLLATE utf8mb4_unicode_ci NOT NULL,
  `galleries_id` int NOT NULL,
  `name` varchar(255) COLLATE utf8mb4_unicode_ci DEFAULT NULL,
  `description` longtext COLLATE utf8mb4_unicode_ci,
  PRIMARY KEY (`lang_code`,`galleries_id`)
) ENGINE=InnoDB DEFAULT CHARSET=utf8mb4 COLLATE=utf8mb4_unicode_ci;

--
-- Dumping data for table `galleries_translations`
--

INSERT INTO `galleries_translations` VALUES ('vi',1,'Hoàn hảo',NULL),('vi',2,'Ngày mới',NULL),('vi',3,'Ngày hạnh phúc',NULL),('vi',4,'Thiên nhiên',NULL),('vi',5,'Buổi sáng',NULL),('vi',6,'Nghệ thuật',NULL);

--
-- Table structure for table `gallery_meta`
--

CREATE TABLE `gallery_meta` (
  `id` bigint unsigned NOT NULL AUTO_INCREMENT,
  `images` text COLLATE utf8mb4_unicode_ci,
  `reference_id` int unsigned NOT NULL,
  `reference_type` varchar(120) COLLATE utf8mb4_unicode_ci NOT NULL,
  `created_at` timestamp NULL DEFAULT NULL,
  `updated_at` timestamp NULL DEFAULT NULL,
  PRIMARY KEY (`id`),
  KEY `gallery_meta_reference_id_index` (`reference_id`)
) ENGINE=InnoDB AUTO_INCREMENT=7 DEFAULT CHARSET=utf8mb4 COLLATE=utf8mb4_unicode_ci;

--
-- Dumping data for table `gallery_meta`
--

INSERT INTO `gallery_meta` VALUES (1,'[{\"img\":\"galleries\\/1.jpg\",\"description\":\"Possimus ratione minima nam laborum consectetur. Vero aut qui sint magnam et est. Molestiae rerum est nam ad vel. Et minima maxime odit et iure fuga.\"},{\"img\":\"galleries\\/2.jpg\",\"description\":\"Earum fugit esse et labore aperiam voluptas quisquam. Alias sapiente in pariatur ut minus. Error voluptatum voluptatem rerum temporibus.\"},{\"img\":\"galleries\\/3.jpg\",\"description\":\"Placeat molestiae accusantium hic error et nemo. Tenetur aut ipsa non nihil dolorum. Maxime harum veniam adipisci et aut dolorem.\"},{\"img\":\"galleries\\/4.jpg\",\"description\":\"Ullam delectus in et tenetur illum. Ut at sequi delectus. Asperiores ut et eligendi sequi.\"},{\"img\":\"galleries\\/5.jpg\",\"description\":\"Placeat cum maxime fugit quod ut qui cupiditate. Quae saepe voluptatem non quo dolore porro. Omnis earum laudantium rerum ut.\"},{\"img\":\"galleries\\/6.jpg\",\"description\":\"Et similique voluptatem ea aliquam minima. Fugit eius nihil eos vel. Reprehenderit sed ut incidunt exercitationem.\"},{\"img\":\"galleries\\/7.jpg\",\"description\":\"Voluptatem et vitae velit. Rem tempore magnam tenetur voluptatem consequatur voluptates. Nam delectus assumenda explicabo repudiandae iure accusamus.\"},{\"img\":\"galleries\\/8.jpg\",\"description\":\"Non quia voluptatem voluptas ut pariatur commodi qui. Id quibusdam enim eum numquam velit quia id. Aut voluptatem sunt sit nesciunt.\"},{\"img\":\"galleries\\/9.jpg\",\"description\":\"Rerum dicta qui suscipit corrupti. Dolor sed accusamus in quam. Possimus vero et pariatur nihil quaerat qui id.\"}]',1,'Botble\\Gallery\\Models\\Gallery','2023-02-20 00:01:47','2023-02-20 00:01:47'),(2,'[{\"img\":\"galleries\\/1.jpg\",\"description\":\"Possimus ratione minima nam laborum consectetur. Vero aut qui sint magnam et est. Molestiae rerum est nam ad vel. Et minima maxime odit et iure fuga.\"},{\"img\":\"galleries\\/2.jpg\",\"description\":\"Earum fugit esse et labore aperiam voluptas quisquam. Alias sapiente in pariatur ut minus. Error voluptatum voluptatem rerum temporibus.\"},{\"img\":\"galleries\\/3.jpg\",\"description\":\"Placeat molestiae accusantium hic error et nemo. Tenetur aut ipsa non nihil dolorum. Maxime harum veniam adipisci et aut dolorem.\"},{\"img\":\"galleries\\/4.jpg\",\"description\":\"Ullam delectus in et tenetur illum. Ut at sequi delectus. Asperiores ut et eligendi sequi.\"},{\"img\":\"galleries\\/5.jpg\",\"description\":\"Placeat cum maxime fugit quod ut qui cupiditate. Quae saepe voluptatem non quo dolore porro. Omnis earum laudantium rerum ut.\"},{\"img\":\"galleries\\/6.jpg\",\"description\":\"Et similique voluptatem ea aliquam minima. Fugit eius nihil eos vel. Reprehenderit sed ut incidunt exercitationem.\"},{\"img\":\"galleries\\/7.jpg\",\"description\":\"Voluptatem et vitae velit. Rem tempore magnam tenetur voluptatem consequatur voluptates. Nam delectus assumenda explicabo repudiandae iure accusamus.\"},{\"img\":\"galleries\\/8.jpg\",\"description\":\"Non quia voluptatem voluptas ut pariatur commodi qui. Id quibusdam enim eum numquam velit quia id. Aut voluptatem sunt sit nesciunt.\"},{\"img\":\"galleries\\/9.jpg\",\"description\":\"Rerum dicta qui suscipit corrupti. Dolor sed accusamus in quam. Possimus vero et pariatur nihil quaerat qui id.\"}]',2,'Botble\\Gallery\\Models\\Gallery','2023-02-20 00:01:47','2023-02-20 00:01:47'),(3,'[{\"img\":\"galleries\\/1.jpg\",\"description\":\"Possimus ratione minima nam laborum consectetur. Vero aut qui sint magnam et est. Molestiae rerum est nam ad vel. Et minima maxime odit et iure fuga.\"},{\"img\":\"galleries\\/2.jpg\",\"description\":\"Earum fugit esse et labore aperiam voluptas quisquam. Alias sapiente in pariatur ut minus. Error voluptatum voluptatem rerum temporibus.\"},{\"img\":\"galleries\\/3.jpg\",\"description\":\"Placeat molestiae accusantium hic error et nemo. Tenetur aut ipsa non nihil dolorum. Maxime harum veniam adipisci et aut dolorem.\"},{\"img\":\"galleries\\/4.jpg\",\"description\":\"Ullam delectus in et tenetur illum. Ut at sequi delectus. Asperiores ut et eligendi sequi.\"},{\"img\":\"galleries\\/5.jpg\",\"description\":\"Placeat cum maxime fugit quod ut qui cupiditate. Quae saepe voluptatem non quo dolore porro. Omnis earum laudantium rerum ut.\"},{\"img\":\"galleries\\/6.jpg\",\"description\":\"Et similique voluptatem ea aliquam minima. Fugit eius nihil eos vel. Reprehenderit sed ut incidunt exercitationem.\"},{\"img\":\"galleries\\/7.jpg\",\"description\":\"Voluptatem et vitae velit. Rem tempore magnam tenetur voluptatem consequatur voluptates. Nam delectus assumenda explicabo repudiandae iure accusamus.\"},{\"img\":\"galleries\\/8.jpg\",\"description\":\"Non quia voluptatem voluptas ut pariatur commodi qui. Id quibusdam enim eum numquam velit quia id. Aut voluptatem sunt sit nesciunt.\"},{\"img\":\"galleries\\/9.jpg\",\"description\":\"Rerum dicta qui suscipit corrupti. Dolor sed accusamus in quam. Possimus vero et pariatur nihil quaerat qui id.\"}]',3,'Botble\\Gallery\\Models\\Gallery','2023-02-20 00:01:47','2023-02-20 00:01:47'),(4,'[{\"img\":\"galleries\\/1.jpg\",\"description\":\"Possimus ratione minima nam laborum consectetur. Vero aut qui sint magnam et est. Molestiae rerum est nam ad vel. Et minima maxime odit et iure fuga.\"},{\"img\":\"galleries\\/2.jpg\",\"description\":\"Earum fugit esse et labore aperiam voluptas quisquam. Alias sapiente in pariatur ut minus. Error voluptatum voluptatem rerum temporibus.\"},{\"img\":\"galleries\\/3.jpg\",\"description\":\"Placeat molestiae accusantium hic error et nemo. Tenetur aut ipsa non nihil dolorum. Maxime harum veniam adipisci et aut dolorem.\"},{\"img\":\"galleries\\/4.jpg\",\"description\":\"Ullam delectus in et tenetur illum. Ut at sequi delectus. Asperiores ut et eligendi sequi.\"},{\"img\":\"galleries\\/5.jpg\",\"description\":\"Placeat cum maxime fugit quod ut qui cupiditate. Quae saepe voluptatem non quo dolore porro. Omnis earum laudantium rerum ut.\"},{\"img\":\"galleries\\/6.jpg\",\"description\":\"Et similique voluptatem ea aliquam minima. Fugit eius nihil eos vel. Reprehenderit sed ut incidunt exercitationem.\"},{\"img\":\"galleries\\/7.jpg\",\"description\":\"Voluptatem et vitae velit. Rem tempore magnam tenetur voluptatem consequatur voluptates. Nam delectus assumenda explicabo repudiandae iure accusamus.\"},{\"img\":\"galleries\\/8.jpg\",\"description\":\"Non quia voluptatem voluptas ut pariatur commodi qui. Id quibusdam enim eum numquam velit quia id. Aut voluptatem sunt sit nesciunt.\"},{\"img\":\"galleries\\/9.jpg\",\"description\":\"Rerum dicta qui suscipit corrupti. Dolor sed accusamus in quam. Possimus vero et pariatur nihil quaerat qui id.\"}]',4,'Botble\\Gallery\\Models\\Gallery','2023-02-20 00:01:47','2023-02-20 00:01:47'),(5,'[{\"img\":\"galleries\\/1.jpg\",\"description\":\"Possimus ratione minima nam laborum consectetur. Vero aut qui sint magnam et est. Molestiae rerum est nam ad vel. Et minima maxime odit et iure fuga.\"},{\"img\":\"galleries\\/2.jpg\",\"description\":\"Earum fugit esse et labore aperiam voluptas quisquam. Alias sapiente in pariatur ut minus. Error voluptatum voluptatem rerum temporibus.\"},{\"img\":\"galleries\\/3.jpg\",\"description\":\"Placeat molestiae accusantium hic error et nemo. Tenetur aut ipsa non nihil dolorum. Maxime harum veniam adipisci et aut dolorem.\"},{\"img\":\"galleries\\/4.jpg\",\"description\":\"Ullam delectus in et tenetur illum. Ut at sequi delectus. Asperiores ut et eligendi sequi.\"},{\"img\":\"galleries\\/5.jpg\",\"description\":\"Placeat cum maxime fugit quod ut qui cupiditate. Quae saepe voluptatem non quo dolore porro. Omnis earum laudantium rerum ut.\"},{\"img\":\"galleries\\/6.jpg\",\"description\":\"Et similique voluptatem ea aliquam minima. Fugit eius nihil eos vel. Reprehenderit sed ut incidunt exercitationem.\"},{\"img\":\"galleries\\/7.jpg\",\"description\":\"Voluptatem et vitae velit. Rem tempore magnam tenetur voluptatem consequatur voluptates. Nam delectus assumenda explicabo repudiandae iure accusamus.\"},{\"img\":\"galleries\\/8.jpg\",\"description\":\"Non quia voluptatem voluptas ut pariatur commodi qui. Id quibusdam enim eum numquam velit quia id. Aut voluptatem sunt sit nesciunt.\"},{\"img\":\"galleries\\/9.jpg\",\"description\":\"Rerum dicta qui suscipit corrupti. Dolor sed accusamus in quam. Possimus vero et pariatur nihil quaerat qui id.\"}]',5,'Botble\\Gallery\\Models\\Gallery','2023-02-20 00:01:47','2023-02-20 00:01:47'),(6,'[{\"img\":\"galleries\\/1.jpg\",\"description\":\"Possimus ratione minima nam laborum consectetur. Vero aut qui sint magnam et est. Molestiae rerum est nam ad vel. Et minima maxime odit et iure fuga.\"},{\"img\":\"galleries\\/2.jpg\",\"description\":\"Earum fugit esse et labore aperiam voluptas quisquam. Alias sapiente in pariatur ut minus. Error voluptatum voluptatem rerum temporibus.\"},{\"img\":\"galleries\\/3.jpg\",\"description\":\"Placeat molestiae accusantium hic error et nemo. Tenetur aut ipsa non nihil dolorum. Maxime harum veniam adipisci et aut dolorem.\"},{\"img\":\"galleries\\/4.jpg\",\"description\":\"Ullam delectus in et tenetur illum. Ut at sequi delectus. Asperiores ut et eligendi sequi.\"},{\"img\":\"galleries\\/5.jpg\",\"description\":\"Placeat cum maxime fugit quod ut qui cupiditate. Quae saepe voluptatem non quo dolore porro. Omnis earum laudantium rerum ut.\"},{\"img\":\"galleries\\/6.jpg\",\"description\":\"Et similique voluptatem ea aliquam minima. Fugit eius nihil eos vel. Reprehenderit sed ut incidunt exercitationem.\"},{\"img\":\"galleries\\/7.jpg\",\"description\":\"Voluptatem et vitae velit. Rem tempore magnam tenetur voluptatem consequatur voluptates. Nam delectus assumenda explicabo repudiandae iure accusamus.\"},{\"img\":\"galleries\\/8.jpg\",\"description\":\"Non quia voluptatem voluptas ut pariatur commodi qui. Id quibusdam enim eum numquam velit quia id. Aut voluptatem sunt sit nesciunt.\"},{\"img\":\"galleries\\/9.jpg\",\"description\":\"Rerum dicta qui suscipit corrupti. Dolor sed accusamus in quam. Possimus vero et pariatur nihil quaerat qui id.\"}]',6,'Botble\\Gallery\\Models\\Gallery','2023-02-20 00:01:47','2023-02-20 00:01:47');

--
-- Table structure for table `gallery_meta_translations`
--

CREATE TABLE `gallery_meta_translations` (
  `lang_code` varchar(191) COLLATE utf8mb4_unicode_ci NOT NULL,
  `gallery_meta_id` int NOT NULL,
  `images` text COLLATE utf8mb4_unicode_ci,
  PRIMARY KEY (`lang_code`,`gallery_meta_id`)
) ENGINE=InnoDB DEFAULT CHARSET=utf8mb4 COLLATE=utf8mb4_unicode_ci;

--
-- Dumping data for table `gallery_meta_translations`
--


--
-- Table structure for table `jb_account_activity_logs`
--

CREATE TABLE `jb_account_activity_logs` (
  `id` int unsigned NOT NULL AUTO_INCREMENT,
  `action` varchar(120) COLLATE utf8mb4_unicode_ci NOT NULL,
  `user_agent` text COLLATE utf8mb4_unicode_ci,
  `reference_url` varchar(255) COLLATE utf8mb4_unicode_ci DEFAULT NULL,
  `reference_name` varchar(255) COLLATE utf8mb4_unicode_ci DEFAULT NULL,
  `ip_address` varchar(39) CHARACTER SET utf8mb4 COLLATE utf8mb4_unicode_ci DEFAULT NULL,
  `account_id` int unsigned NOT NULL,
  `created_at` timestamp NULL DEFAULT NULL,
  `updated_at` timestamp NULL DEFAULT NULL,
  PRIMARY KEY (`id`),
  KEY `jb_account_activity_logs_account_id_index` (`account_id`)
) ENGINE=InnoDB DEFAULT CHARSET=utf8mb4 COLLATE=utf8mb4_unicode_ci;

--
-- Dumping data for table `jb_account_activity_logs`
--


--
-- Table structure for table `jb_account_educations`
--

CREATE TABLE `jb_account_educations` (
  `id` int unsigned NOT NULL AUTO_INCREMENT,
  `school` varchar(191) COLLATE utf8mb4_unicode_ci NOT NULL,
  `account_id` bigint unsigned NOT NULL,
  `specialized` varchar(191) COLLATE utf8mb4_unicode_ci DEFAULT NULL,
  `started_at` date NOT NULL,
  `ended_at` date DEFAULT NULL,
  `description` text COLLATE utf8mb4_unicode_ci,
  `created_at` timestamp NULL DEFAULT NULL,
  `updated_at` timestamp NULL DEFAULT NULL,
  PRIMARY KEY (`id`)
) ENGINE=InnoDB AUTO_INCREMENT=43 DEFAULT CHARSET=utf8mb4 COLLATE=utf8mb4_unicode_ci;

--
-- Dumping data for table `jb_account_educations`
--

INSERT INTO `jb_account_educations` VALUES (1,'Associated Mennonite Biblical Seminary',2,'Art History','2023-02-20','2023-02-20','There are many variations of passages of available, but the majority alteration in some form.\n                As a highly skilled and successfull product development and design specialist with more than 4 Years of\n                My experience','2023-02-20 00:01:50','2023-02-20 00:01:50'),(2,'Antioch University McGregor',6,'Classical Studies','2023-02-20','2023-02-20','There are many variations of passages of available, but the majority alteration in some form.\n                As a highly skilled and successfull product development and design specialist with more than 4 Years of\n                My experience','2023-02-20 00:01:50','2023-02-20 00:01:50'),(3,'Adams State College',7,'Economics','2023-02-20','2023-02-20','There are many variations of passages of available, but the majority alteration in some form.\n                As a highly skilled and successfull product development and design specialist with more than 4 Years of\n                My experience','2023-02-20 00:01:50','2023-02-20 00:01:50'),(4,'Gateway Technical College',10,'Anthropology','2023-02-20','2023-02-20','There are many variations of passages of available, but the majority alteration in some form.\n                As a highly skilled and successfull product development and design specialist with more than 4 Years of\n                My experience','2023-02-20 00:01:50','2023-02-20 00:01:50'),(5,'Associated Mennonite Biblical Seminary',11,'Culture and Technology Studie','2023-02-20','2023-02-20','There are many variations of passages of available, but the majority alteration in some form.\n                As a highly skilled and successfull product development and design specialist with more than 4 Years of\n                My experience','2023-02-20 00:01:50','2023-02-20 00:01:50'),(6,'Associated Mennonite Biblical Seminary',12,'Economics','2023-02-20','2023-02-20','There are many variations of passages of available, but the majority alteration in some form.\n                As a highly skilled and successfull product development and design specialist with more than 4 Years of\n                My experience','2023-02-20 00:01:50','2023-02-20 00:01:50'),(7,'Gateway Technical College',13,'Anthropology','2023-02-20','2023-02-20','There are many variations of passages of available, but the majority alteration in some form.\n                As a highly skilled and successfull product development and design specialist with more than 4 Years of\n                My experience','2023-02-20 00:01:50','2023-02-20 00:01:50'),(8,'American Institute of Health Technology',14,'Classical Studies','2023-02-20','2023-02-20','There are many variations of passages of available, but the majority alteration in some form.\n                As a highly skilled and successfull product development and design specialist with more than 4 Years of\n                My experience','2023-02-20 00:01:50','2023-02-20 00:01:50'),(9,'Associated Mennonite Biblical Seminary',16,'Economics','2023-02-20','2023-02-20','There are many variations of passages of available, but the majority alteration in some form.\n                As a highly skilled and successfull product development and design specialist with more than 4 Years of\n                My experience','2023-02-20 00:01:51','2023-02-20 00:01:51'),(10,'Antioch University McGregor',18,'Art History','2023-02-20','2023-02-20','There are many variations of passages of available, but the majority alteration in some form.\n                As a highly skilled and successfull product development and design specialist with more than 4 Years of\n                My experience','2023-02-20 00:01:51','2023-02-20 00:01:51'),(11,'Antioch University McGregor',21,'Culture and Technology Studie','2023-02-20','2023-02-20','There are many variations of passages of available, but the majority alteration in some form.\n                As a highly skilled and successfull product development and design specialist with more than 4 Years of\n                My experience','2023-02-20 00:01:51','2023-02-20 00:01:51'),(12,'American Institute of Health Technology',23,'Culture and Technology Studie','2023-02-20','2023-02-20','There are many variations of passages of available, but the majority alteration in some form.\n                As a highly skilled and successfull product development and design specialist with more than 4 Years of\n                My experience','2023-02-20 00:01:51','2023-02-20 00:01:51'),(13,'American Institute of Health Technology',27,'Art History','2023-02-20','2023-02-20','There are many variations of passages of available, but the majority alteration in some form.\n                As a highly skilled and successfull product development and design specialist with more than 4 Years of\n                My experience','2023-02-20 00:01:51','2023-02-20 00:01:51'),(14,'American Institute of Health Technology',28,'Art History','2023-02-20','2023-02-20','There are many variations of passages of available, but the majority alteration in some form.\n                As a highly skilled and successfull product development and design specialist with more than 4 Years of\n                My experience','2023-02-20 00:01:51','2023-02-20 00:01:51'),(15,'Associated Mennonite Biblical Seminary',32,'Art History','2023-02-20','2023-02-20','There are many variations of passages of available, but the majority alteration in some form.\n                As a highly skilled and successfull product development and design specialist with more than 4 Years of\n                My experience','2023-02-20 00:01:52','2023-02-20 00:01:52'),(16,'Gateway Technical College',35,'Economics','2023-02-20','2023-02-20','There are many variations of passages of available, but the majority alteration in some form.\n                As a highly skilled and successfull product development and design specialist with more than 4 Years of\n                My experience','2023-02-20 00:01:52','2023-02-20 00:01:52'),(17,'Associated Mennonite Biblical Seminary',36,'Classical Studies','2023-02-20','2023-02-20','There are many variations of passages of available, but the majority alteration in some form.\n                As a highly skilled and successfull product development and design specialist with more than 4 Years of\n                My experience','2023-02-20 00:01:52','2023-02-20 00:01:52'),(18,'Gateway Technical College',40,'Culture and Technology Studie','2023-02-20','2023-02-20','There are many variations of passages of available, but the majority alteration in some form.\n                As a highly skilled and successfull product development and design specialist with more than 4 Years of\n                My experience','2023-02-20 00:01:52','2023-02-20 00:01:52'),(19,'Associated Mennonite Biblical Seminary',42,'Economics','2023-02-20','2023-02-20','There are many variations of passages of available, but the majority alteration in some form.\n                As a highly skilled and successfull product development and design specialist with more than 4 Years of\n                My experience','2023-02-20 00:01:52','2023-02-20 00:01:52'),(20,'American Institute of Health Technology',45,'Art History','2023-02-20','2023-02-20','There are many variations of passages of available, but the majority alteration in some form.\n                As a highly skilled and successfull product development and design specialist with more than 4 Years of\n                My experience','2023-02-20 00:01:52','2023-02-20 00:01:52'),(21,'The University of the State of Alabama',48,'Art History','2023-02-20','2023-02-20','There are many variations of passages of available, but the majority alteration in some form.\n                As a highly skilled and successfull product development and design specialist with more than 4 Years of\n                My experience','2023-02-20 00:01:53','2023-02-20 00:01:53'),(22,'Antioch University McGregor',51,'Art History','2023-02-20','2023-02-20','There are many variations of passages of available, but the majority alteration in some form.\n                As a highly skilled and successfull product development and design specialist with more than 4 Years of\n                My experience','2023-02-20 00:01:53','2023-02-20 00:01:53'),(23,'American Institute of Health Technology',53,'Culture and Technology Studie','2023-02-20','2023-02-20','There are many variations of passages of available, but the majority alteration in some form.\n                As a highly skilled and successfull product development and design specialist with more than 4 Years of\n                My experience','2023-02-20 00:01:53','2023-02-20 00:01:53'),(24,'Antioch University McGregor',54,'Classical Studies','2023-02-20','2023-02-20','There are many variations of passages of available, but the majority alteration in some form.\n                As a highly skilled and successfull product development and design specialist with more than 4 Years of\n                My experience','2023-02-20 00:01:53','2023-02-20 00:01:53'),(25,'Antioch University McGregor',60,'Classical Studies','2023-02-20','2023-02-20','There are many variations of passages of available, but the majority alteration in some form.\n                As a highly skilled and successfull product development and design specialist with more than 4 Years of\n                My experience','2023-02-20 00:01:54','2023-02-20 00:01:54'),(26,'Antioch University McGregor',62,'Art History','2023-02-20','2023-02-20','There are many variations of passages of available, but the majority alteration in some form.\n                As a highly skilled and successfull product development and design specialist with more than 4 Years of\n                My experience','2023-02-20 00:01:54','2023-02-20 00:01:54'),(27,'Adams State College',64,'Art History','2023-02-20','2023-02-20','There are many variations of passages of available, but the majority alteration in some form.\n                As a highly skilled and successfull product development and design specialist with more than 4 Years of\n                My experience','2023-02-20 00:01:54','2023-02-20 00:01:54'),(28,'Associated Mennonite Biblical Seminary',66,'Economics','2023-02-20','2023-02-20','There are many variations of passages of available, but the majority alteration in some form.\n                As a highly skilled and successfull product development and design specialist with more than 4 Years of\n                My experience','2023-02-20 00:01:54','2023-02-20 00:01:54'),(29,'The University of the State of Alabama',67,'Culture and Technology Studie','2023-02-20','2023-02-20','There are many variations of passages of available, but the majority alteration in some form.\n                As a highly skilled and successfull product development and design specialist with more than 4 Years of\n                My experience','2023-02-20 00:01:54','2023-02-20 00:01:54'),(30,'Adams State College',69,'Classical Studies','2023-02-20','2023-02-20','There are many variations of passages of available, but the majority alteration in some form.\n                As a highly skilled and successfull product development and design specialist with more than 4 Years of\n                My experience','2023-02-20 00:01:54','2023-02-20 00:01:54'),(31,'Adams State College',72,'Art History','2023-02-20','2023-02-20','There are many variations of passages of available, but the majority alteration in some form.\n                As a highly skilled and successfull product development and design specialist with more than 4 Years of\n                My experience','2023-02-20 00:01:54','2023-02-20 00:01:54'),(32,'Antioch University McGregor',76,'Art History','2023-02-20','2023-02-20','There are many variations of passages of available, but the majority alteration in some form.\n                As a highly skilled and successfull product development and design specialist with more than 4 Years of\n                My experience','2023-02-20 00:01:55','2023-02-20 00:01:55'),(33,'Associated Mennonite Biblical Seminary',77,'Art History','2023-02-20','2023-02-20','There are many variations of passages of available, but the majority alteration in some form.\n                As a highly skilled and successfull product development and design specialist with more than 4 Years of\n                My experience','2023-02-20 00:01:55','2023-02-20 00:01:55'),(34,'The University of the State of Alabama',78,'Economics','2023-02-20','2023-02-20','There are many variations of passages of available, but the majority alteration in some form.\n                As a highly skilled and successfull product development and design specialist with more than 4 Years of\n                My experience','2023-02-20 00:01:55','2023-02-20 00:01:55'),(35,'Antioch University McGregor',81,'Anthropology','2023-02-20','2023-02-20','There are many variations of passages of available, but the majority alteration in some form.\n                As a highly skilled and successfull product development and design specialist with more than 4 Years of\n                My experience','2023-02-20 00:01:55','2023-02-20 00:01:55'),(36,'Associated Mennonite Biblical Seminary',84,'Classical Studies','2023-02-20','2023-02-20','There are many variations of passages of available, but the majority alteration in some form.\n                As a highly skilled and successfull product development and design specialist with more than 4 Years of\n                My experience','2023-02-20 00:01:55','2023-02-20 00:01:55'),(37,'Associated Mennonite Biblical Seminary',87,'Classical Studies','2023-02-20','2023-02-20','There are many variations of passages of available, but the majority alteration in some form.\n                As a highly skilled and successfull product development and design specialist with more than 4 Years of\n                My experience','2023-02-20 00:01:55','2023-02-20 00:01:55'),(38,'Gateway Technical College',90,'Anthropology','2023-02-20','2023-02-20','There are many variations of passages of available, but the majority alteration in some form.\n                As a highly skilled and successfull product development and design specialist with more than 4 Years of\n                My experience','2023-02-20 00:01:56','2023-02-20 00:01:56'),(39,'American Institute of Health Technology',91,'Art History','2023-02-20','2023-02-20','There are many variations of passages of available, but the majority alteration in some form.\n                As a highly skilled and successfull product development and design specialist with more than 4 Years of\n                My experience','2023-02-20 00:01:56','2023-02-20 00:01:56'),(40,'Adams State College',92,'Art History','2023-02-20','2023-02-20','There are many variations of passages of available, but the majority alteration in some form.\n                As a highly skilled and successfull product development and design specialist with more than 4 Years of\n                My experience','2023-02-20 00:01:56','2023-02-20 00:01:56'),(41,'American Institute of Health Technology',94,'Economics','2023-02-20','2023-02-20','There are many variations of passages of available, but the majority alteration in some form.\n                As a highly skilled and successfull product development and design specialist with more than 4 Years of\n                My experience','2023-02-20 00:01:56','2023-02-20 00:01:56'),(42,'American Institute of Health Technology',99,'Culture and Technology Studie','2023-02-20','2023-02-20','There are many variations of passages of available, but the majority alteration in some form.\n                As a highly skilled and successfull product development and design specialist with more than 4 Years of\n                My experience','2023-02-20 00:01:56','2023-02-20 00:01:56');

--
-- Table structure for table `jb_account_experiences`
--

CREATE TABLE `jb_account_experiences` (
  `id` int unsigned NOT NULL AUTO_INCREMENT,
  `company` varchar(191) COLLATE utf8mb4_unicode_ci NOT NULL,
  `account_id` bigint unsigned NOT NULL,
  `position` varchar(191) COLLATE utf8mb4_unicode_ci DEFAULT NULL,
  `started_at` date NOT NULL,
  `ended_at` date DEFAULT NULL,
  `description` text COLLATE utf8mb4_unicode_ci,
  `created_at` timestamp NULL DEFAULT NULL,
  `updated_at` timestamp NULL DEFAULT NULL,
  PRIMARY KEY (`id`)
) ENGINE=InnoDB AUTO_INCREMENT=43 DEFAULT CHARSET=utf8mb4 COLLATE=utf8mb4_unicode_ci;

--
-- Dumping data for table `jb_account_experiences`
--

INSERT INTO `jb_account_experiences` VALUES (1,'Darwin Travel',2,'Dog Trainer','2023-02-20','2023-02-20','There are many variations of passages of available, but the majority alteration in some form.\n                As a highly skilled and successfull product development and design specialist with more than 4 Years of\n                My experience','2023-02-20 00:01:50','2023-02-20 00:01:50'),(2,'Party Plex',6,'Project Manager','2023-02-20','2023-02-20','There are many variations of passages of available, but the majority alteration in some form.\n                As a highly skilled and successfull product development and design specialist with more than 4 Years of\n                My experience','2023-02-20 00:01:50','2023-02-20 00:01:50'),(3,'Party Plex',7,'Web Designer','2023-02-20','2023-02-20','There are many variations of passages of available, but the majority alteration in some form.\n                As a highly skilled and successfull product development and design specialist with more than 4 Years of\n                My experience','2023-02-20 00:01:50','2023-02-20 00:01:50'),(4,'Darwin Travel',10,'Dog Trainer','2023-02-20','2023-02-20','There are many variations of passages of available, but the majority alteration in some form.\n                As a highly skilled and successfull product development and design specialist with more than 4 Years of\n                My experience','2023-02-20 00:01:50','2023-02-20 00:01:50'),(5,'Darwin Travel',11,'Web Designer','2023-02-20','2023-02-20','There are many variations of passages of available, but the majority alteration in some form.\n                As a highly skilled and successfull product development and design specialist with more than 4 Years of\n                My experience','2023-02-20 00:01:50','2023-02-20 00:01:50'),(6,'Party Plex',12,'Marketing Coordinator','2023-02-20','2023-02-20','There are many variations of passages of available, but the majority alteration in some form.\n                As a highly skilled and successfull product development and design specialist with more than 4 Years of\n                My experience','2023-02-20 00:01:50','2023-02-20 00:01:50'),(7,'Darwin Travel',13,'President of Sales','2023-02-20','2023-02-20','There are many variations of passages of available, but the majority alteration in some form.\n                As a highly skilled and successfull product development and design specialist with more than 4 Years of\n                My experience','2023-02-20 00:01:50','2023-02-20 00:01:50'),(8,'Darwin Travel',14,'Dog Trainer','2023-02-20','2023-02-20','There are many variations of passages of available, but the majority alteration in some form.\n                As a highly skilled and successfull product development and design specialist with more than 4 Years of\n                My experience','2023-02-20 00:01:50','2023-02-20 00:01:50'),(9,'Party Plex',16,'Marketing Coordinator','2023-02-20','2023-02-20','There are many variations of passages of available, but the majority alteration in some form.\n                As a highly skilled and successfull product development and design specialist with more than 4 Years of\n                My experience','2023-02-20 00:01:51','2023-02-20 00:01:51'),(10,'Party Plex',18,'Dog Trainer','2023-02-20','2023-02-20','There are many variations of passages of available, but the majority alteration in some form.\n                As a highly skilled and successfull product development and design specialist with more than 4 Years of\n                My experience','2023-02-20 00:01:51','2023-02-20 00:01:51'),(11,'Exploration Kids',21,'Web Designer','2023-02-20','2023-02-20','There are many variations of passages of available, but the majority alteration in some form.\n                As a highly skilled and successfull product development and design specialist with more than 4 Years of\n                My experience','2023-02-20 00:01:51','2023-02-20 00:01:51'),(12,'GameDay Cateringn',23,'President of Sales','2023-02-20','2023-02-20','There are many variations of passages of available, but the majority alteration in some form.\n                As a highly skilled and successfull product development and design specialist with more than 4 Years of\n                My experience','2023-02-20 00:01:51','2023-02-20 00:01:51'),(13,'Exploration Kids',27,'Dog Trainer','2023-02-20','2023-02-20','There are many variations of passages of available, but the majority alteration in some form.\n                As a highly skilled and successfull product development and design specialist with more than 4 Years of\n                My experience','2023-02-20 00:01:51','2023-02-20 00:01:51'),(14,'GameDay Cateringn',28,'Marketing Coordinator','2023-02-20','2023-02-20','There are many variations of passages of available, but the majority alteration in some form.\n                As a highly skilled and successfull product development and design specialist with more than 4 Years of\n                My experience','2023-02-20 00:01:51','2023-02-20 00:01:51'),(15,'Party Plex',32,'Project Manager','2023-02-20','2023-02-20','There are many variations of passages of available, but the majority alteration in some form.\n                As a highly skilled and successfull product development and design specialist with more than 4 Years of\n                My experience','2023-02-20 00:01:52','2023-02-20 00:01:52'),(16,'Darwin Travel',35,'President of Sales','2023-02-20','2023-02-20','There are many variations of passages of available, but the majority alteration in some form.\n                As a highly skilled and successfull product development and design specialist with more than 4 Years of\n                My experience','2023-02-20 00:01:52','2023-02-20 00:01:52'),(17,'GameDay Cateringn',36,'President of Sales','2023-02-20','2023-02-20','There are many variations of passages of available, but the majority alteration in some form.\n                As a highly skilled and successfull product development and design specialist with more than 4 Years of\n                My experience','2023-02-20 00:01:52','2023-02-20 00:01:52'),(18,'GameDay Cateringn',40,'Dog Trainer','2023-02-20','2023-02-20','There are many variations of passages of available, but the majority alteration in some form.\n                As a highly skilled and successfull product development and design specialist with more than 4 Years of\n                My experience','2023-02-20 00:01:52','2023-02-20 00:01:52'),(19,'Darwin Travel',42,'Web Designer','2023-02-20','2023-02-20','There are many variations of passages of available, but the majority alteration in some form.\n                As a highly skilled and successfull product development and design specialist with more than 4 Years of\n                My experience','2023-02-20 00:01:52','2023-02-20 00:01:52'),(20,'Spa Paragon',45,'Dog Trainer','2023-02-20','2023-02-20','There are many variations of passages of available, but the majority alteration in some form.\n                As a highly skilled and successfull product development and design specialist with more than 4 Years of\n                My experience','2023-02-20 00:01:52','2023-02-20 00:01:52'),(21,'Spa Paragon',48,'Marketing Coordinator','2023-02-20','2023-02-20','There are many variations of passages of available, but the majority alteration in some form.\n                As a highly skilled and successfull product development and design specialist with more than 4 Years of\n                My experience','2023-02-20 00:01:53','2023-02-20 00:01:53'),(22,'Darwin Travel',51,'Project Manager','2023-02-20','2023-02-20','There are many variations of passages of available, but the majority alteration in some form.\n                As a highly skilled and successfull product development and design specialist with more than 4 Years of\n                My experience','2023-02-20 00:01:53','2023-02-20 00:01:53'),(23,'Exploration Kids',53,'Marketing Coordinator','2023-02-20','2023-02-20','There are many variations of passages of available, but the majority alteration in some form.\n                As a highly skilled and successfull product development and design specialist with more than 4 Years of\n                My experience','2023-02-20 00:01:53','2023-02-20 00:01:53'),(24,'Exploration Kids',54,'President of Sales','2023-02-20','2023-02-20','There are many variations of passages of available, but the majority alteration in some form.\n                As a highly skilled and successfull product development and design specialist with more than 4 Years of\n                My experience','2023-02-20 00:01:53','2023-02-20 00:01:53'),(25,'Darwin Travel',60,'Web Designer','2023-02-20','2023-02-20','There are many variations of passages of available, but the majority alteration in some form.\n                As a highly skilled and successfull product development and design specialist with more than 4 Years of\n                My experience','2023-02-20 00:01:54','2023-02-20 00:01:54'),(26,'Exploration Kids',62,'Dog Trainer','2023-02-20','2023-02-20','There are many variations of passages of available, but the majority alteration in some form.\n                As a highly skilled and successfull product development and design specialist with more than 4 Years of\n                My experience','2023-02-20 00:01:54','2023-02-20 00:01:54'),(27,'Darwin Travel',64,'Project Manager','2023-02-20','2023-02-20','There are many variations of passages of available, but the majority alteration in some form.\n                As a highly skilled and successfull product development and design specialist with more than 4 Years of\n                My experience','2023-02-20 00:01:54','2023-02-20 00:01:54'),(28,'Exploration Kids',66,'President of Sales','2023-02-20','2023-02-20','There are many variations of passages of available, but the majority alteration in some form.\n                As a highly skilled and successfull product development and design specialist with more than 4 Years of\n                My experience','2023-02-20 00:01:54','2023-02-20 00:01:54'),(29,'Darwin Travel',67,'President of Sales','2023-02-20','2023-02-20','There are many variations of passages of available, but the majority alteration in some form.\n                As a highly skilled and successfull product development and design specialist with more than 4 Years of\n                My experience','2023-02-20 00:01:54','2023-02-20 00:01:54'),(30,'Party Plex',69,'Project Manager','2023-02-20','2023-02-20','There are many variations of passages of available, but the majority alteration in some form.\n                As a highly skilled and successfull product development and design specialist with more than 4 Years of\n                My experience','2023-02-20 00:01:54','2023-02-20 00:01:54'),(31,'Spa Paragon',72,'Dog Trainer','2023-02-20','2023-02-20','There are many variations of passages of available, but the majority alteration in some form.\n                As a highly skilled and successfull product development and design specialist with more than 4 Years of\n                My experience','2023-02-20 00:01:54','2023-02-20 00:01:54'),(32,'Party Plex',76,'Marketing Coordinator','2023-02-20','2023-02-20','There are many variations of passages of available, but the majority alteration in some form.\n                As a highly skilled and successfull product development and design specialist with more than 4 Years of\n                My experience','2023-02-20 00:01:55','2023-02-20 00:01:55'),(33,'Spa Paragon',77,'Dog Trainer','2023-02-20','2023-02-20','There are many variations of passages of available, but the majority alteration in some form.\n                As a highly skilled and successfull product development and design specialist with more than 4 Years of\n                My experience','2023-02-20 00:01:55','2023-02-20 00:01:55'),(34,'Darwin Travel',78,'Project Manager','2023-02-20','2023-02-20','There are many variations of passages of available, but the majority alteration in some form.\n                As a highly skilled and successfull product development and design specialist with more than 4 Years of\n                My experience','2023-02-20 00:01:55','2023-02-20 00:01:55'),(35,'Party Plex',81,'President of Sales','2023-02-20','2023-02-20','There are many variations of passages of available, but the majority alteration in some form.\n                As a highly skilled and successfull product development and design specialist with more than 4 Years of\n                My experience','2023-02-20 00:01:55','2023-02-20 00:01:55'),(36,'Spa Paragon',84,'Marketing Coordinator','2023-02-20','2023-02-20','There are many variations of passages of available, but the majority alteration in some form.\n                As a highly skilled and successfull product development and design specialist with more than 4 Years of\n                My experience','2023-02-20 00:01:55','2023-02-20 00:01:55'),(37,'Exploration Kids',87,'Project Manager','2023-02-20','2023-02-20','There are many variations of passages of available, but the majority alteration in some form.\n                As a highly skilled and successfull product development and design specialist with more than 4 Years of\n                My experience','2023-02-20 00:01:55','2023-02-20 00:01:55'),(38,'GameDay Cateringn',90,'Web Designer','2023-02-20','2023-02-20','There are many variations of passages of available, but the majority alteration in some form.\n                As a highly skilled and successfull product development and design specialist with more than 4 Years of\n                My experience','2023-02-20 00:01:56','2023-02-20 00:01:56'),(39,'Party Plex',91,'Dog Trainer','2023-02-20','2023-02-20','There are many variations of passages of available, but the majority alteration in some form.\n                As a highly skilled and successfull product development and design specialist with more than 4 Years of\n                My experience','2023-02-20 00:01:56','2023-02-20 00:01:56'),(40,'Darwin Travel',92,'Project Manager','2023-02-20','2023-02-20','There are many variations of passages of available, but the majority alteration in some form.\n                As a highly skilled and successfull product development and design specialist with more than 4 Years of\n                My experience','2023-02-20 00:01:56','2023-02-20 00:01:56'),(41,'Exploration Kids',94,'Project Manager','2023-02-20','2023-02-20','There are many variations of passages of available, but the majority alteration in some form.\n                As a highly skilled and successfull product development and design specialist with more than 4 Years of\n                My experience','2023-02-20 00:01:56','2023-02-20 00:01:56'),(42,'Exploration Kids',99,'Dog Trainer','2023-02-20','2023-02-20','There are many variations of passages of available, but the majority alteration in some form.\n                As a highly skilled and successfull product development and design specialist with more than 4 Years of\n                My experience','2023-02-20 00:01:56','2023-02-20 00:01:56');

--
-- Table structure for table `jb_account_favorite_skills`
--

CREATE TABLE `jb_account_favorite_skills` (
  `skill_id` bigint unsigned NOT NULL,
  `account_id` bigint unsigned NOT NULL,
  PRIMARY KEY (`skill_id`,`account_id`)
) ENGINE=InnoDB DEFAULT CHARSET=utf8mb4 COLLATE=utf8mb4_unicode_ci;

--
-- Dumping data for table `jb_account_favorite_skills`
--


--
-- Table structure for table `jb_account_favorite_tags`
--

CREATE TABLE `jb_account_favorite_tags` (
  `tag_id` bigint unsigned NOT NULL,
  `account_id` bigint unsigned NOT NULL,
  PRIMARY KEY (`tag_id`,`account_id`)
) ENGINE=InnoDB DEFAULT CHARSET=utf8mb4 COLLATE=utf8mb4_unicode_ci;

--
-- Dumping data for table `jb_account_favorite_tags`
--


--
-- Table structure for table `jb_account_packages`
--

CREATE TABLE `jb_account_packages` (
  `id` bigint unsigned NOT NULL AUTO_INCREMENT,
  `account_id` int unsigned NOT NULL,
  `package_id` int unsigned NOT NULL,
  `created_at` timestamp NULL DEFAULT NULL,
  `updated_at` timestamp NULL DEFAULT NULL,
  PRIMARY KEY (`id`)
) ENGINE=InnoDB DEFAULT CHARSET=utf8mb4 COLLATE=utf8mb4_unicode_ci;

--
-- Dumping data for table `jb_account_packages`
--


--
-- Table structure for table `jb_account_password_resets`
--

CREATE TABLE `jb_account_password_resets` (
  `email` varchar(191) COLLATE utf8mb4_unicode_ci NOT NULL,
  `token` varchar(191) COLLATE utf8mb4_unicode_ci NOT NULL,
  `created_at` timestamp NULL DEFAULT NULL,
  KEY `jb_account_password_resets_email_index` (`email`),
  KEY `jb_account_password_resets_token_index` (`token`)
) ENGINE=InnoDB DEFAULT CHARSET=utf8mb4 COLLATE=utf8mb4_unicode_ci;

--
-- Dumping data for table `jb_account_password_resets`
--


--
-- Table structure for table `jb_accounts`
--

CREATE TABLE `jb_accounts` (
  `id` int unsigned NOT NULL AUTO_INCREMENT,
  `first_name` varchar(120) COLLATE utf8mb4_unicode_ci NOT NULL,
  `last_name` varchar(120) COLLATE utf8mb4_unicode_ci NOT NULL,
  `description` text COLLATE utf8mb4_unicode_ci,
  `gender` varchar(20) COLLATE utf8mb4_unicode_ci DEFAULT NULL,
  `email` varchar(191) COLLATE utf8mb4_unicode_ci NOT NULL,
  `password` varchar(191) COLLATE utf8mb4_unicode_ci NOT NULL,
  `avatar_id` int unsigned DEFAULT NULL,
  `dob` date DEFAULT NULL,
  `phone` varchar(25) COLLATE utf8mb4_unicode_ci DEFAULT NULL,
  `confirmed_at` datetime DEFAULT NULL,
  `email_verify_token` varchar(120) COLLATE utf8mb4_unicode_ci DEFAULT NULL,
  `type` varchar(30) COLLATE utf8mb4_unicode_ci NOT NULL DEFAULT 'job-seeker',
  `credits` int unsigned DEFAULT NULL,
  `resume` varchar(200) COLLATE utf8mb4_unicode_ci DEFAULT NULL,
  `address` varchar(250) COLLATE utf8mb4_unicode_ci DEFAULT NULL,
  `bio` mediumtext COLLATE utf8mb4_unicode_ci,
  `is_public_profile` tinyint unsigned NOT NULL DEFAULT '0',
  `views` bigint unsigned NOT NULL DEFAULT '0',
  `is_featured` tinyint NOT NULL DEFAULT '0',
  `remember_token` varchar(100) COLLATE utf8mb4_unicode_ci DEFAULT NULL,
  `created_at` timestamp NULL DEFAULT NULL,
  `updated_at` timestamp NULL DEFAULT NULL,
  `available_for_hiring` tinyint(1) NOT NULL DEFAULT '1',
  `country_id` int unsigned DEFAULT '1',
  `state_id` int unsigned DEFAULT NULL,
  `city_id` int unsigned DEFAULT NULL,
  `cover_letter` varchar(200) COLLATE utf8mb4_unicode_ci DEFAULT NULL,
  PRIMARY KEY (`id`),
  UNIQUE KEY `jb_accounts_email_unique` (`email`)
) ENGINE=InnoDB AUTO_INCREMENT=101 DEFAULT CHARSET=utf8mb4 COLLATE=utf8mb4_unicode_ci;

--
-- Dumping data for table `jb_accounts`
--

INSERT INTO `jb_accounts` VALUES (1,'Deonte','Christiansen','Software Developer',NULL,'employer@archielite.com','$2y$10$d734d5jA1TdH.TasM2QP8.MOq7aYkPxJsEa3Wq6otwHdvLBd0hM/u',152,'1998-02-10','+14324900700','2023-02-20 07:01:50',NULL,'employer',NULL,NULL,'702 Terrill Isle\nNew Icieton, IN 14811','Duchess, it had finished this short speech, they all spoke at once, while all the creatures argue. It\'s enough to try the thing Mock Turtle in a low, hurried tone. He looked at it gloomily: then he.',1,4119,1,NULL,'2023-02-20 00:01:50','2023-02-20 00:01:50',1,1,NULL,NULL,NULL),(2,'Riley','Durgan','Creative Designer',NULL,'job_seeker@archielite.com','$2y$10$BmsT.nW4xrjicTOBdeD8I.AITt2CKvZkomgrFVLGaoNCwS6a6Mome',152,'1989-08-16','+12814903353','2023-02-20 07:01:50',NULL,'job-seeker',NULL,'resume/01.pdf','8157 Douglas Street Suite 895\nNorth Rusty, NJ 77776-1075','I am to see it again, but it just at first, but, after watching it a bit, if you don\'t know what to do, and in his throat,\' said the Dodo solemnly, rising to its children, \'Come away, my dears! It\'s.',0,1091,0,NULL,'2023-02-20 00:01:50','2023-02-20 00:01:50',1,1,NULL,NULL,NULL),(3,'Sarah','Harding','Creative Designer',NULL,'sarah_harding@archielite.com','$2y$10$UCMA5ujOFesflOh3Zg0XQOK0lV5CsA66XWAIQVe6bQD/iEzkZ57uS',153,'2008-10-12','+17274128929','2023-02-20 07:01:50',NULL,'employer',NULL,NULL,'5799 Loy Locks\nAustenland, VT 89281-6694','Do you think, at your age, it is all the while, and fighting for the first position in which the cook tulip-roots instead of onions.\' Seven flung down his brush, and had just upset the milk-jug into.',1,4325,0,NULL,'2023-02-20 00:01:50','2023-02-20 00:01:50',1,1,NULL,NULL,NULL),(4,'Steven','Jobs','Creative Designer',NULL,'steven_jobs@archielite.com','$2y$10$EwTREGDZXiB2kxgEYe0ui.v1HzENY02MV1f8nV/iPGhPDpjyKVc2a',154,'2020-09-14','+15318574495','2023-02-20 07:01:50',NULL,'employer',NULL,NULL,'76380 Cary Stream\nAmytown, NJ 69830-4561','Alice, with a growl, And concluded the banquet--] \'What IS the same solemn tone, only changing the order of the Rabbit\'s little white kid gloves, and she set to work shaking him and punching him in.',0,1365,1,NULL,'2023-02-20 00:01:50','2023-02-20 00:01:50',0,1,NULL,NULL,NULL),(5,'Wiliam','Kend','Creative Designer',NULL,'wiliam_kend@archielite.com','$2y$10$iaRC0JqvUBUCpx2eYxlgfu3J8HGKp.B.gBHXJuSZePmMXttJha3Ty',155,'2013-07-20','+13469801300','2023-02-20 07:01:50',NULL,'employer',NULL,NULL,'759 Alexandrine Mills\nWest Salvador, NY 51006-6485','Duchess: \'what a clear way you go,\' said the Gryphon. \'It\'s all her wonderful Adventures, till she was quite out of a good opportunity for showing off her unfortunate guests to execution--once more.',0,3388,1,NULL,'2023-02-20 00:01:50','2023-02-20 00:01:50',1,1,NULL,NULL,NULL),(6,'Leonard','Morar','There were doors.',NULL,'bschoen@hotmail.com','$2y$10$4lGQ1sdTq4AHZBG1YPKA1OT8FDzgAlP0Ex.O4BAjG5bno75XOKPQq',150,'1980-08-25','+14249615165','2023-02-20 07:01:50',NULL,'job-seeker',NULL,'resume/01.pdf','2908 Gerlach Roads Suite 942\nNorth Lorna, NE 54526','Poor Alice! It was all ridges and furrows; the balls were live hedgehogs, the mallets live flamingoes, and the Gryphon at the picture.) \'Up, lazy thing!\' said Alice, \'because I\'m not used to it!\'.',0,2443,0,NULL,'2023-02-20 00:01:50','2023-02-20 00:01:50',1,1,NULL,NULL,NULL),(7,'Ruthie','Schamberger','Alice thought to.',NULL,'tillman.zita@adams.org','$2y$10$BLrleGx7azQKLho2GxWEsOGNOuf9i7u2IOt39vekqmq3JAYH/MDZW',154,'2012-03-19','+18282046181','2023-02-20 07:01:50',NULL,'job-seeker',NULL,'resume/01.pdf','108 Eichmann Overpass\nFletcherport, OK 57410','After a minute or two, looking for eggs, I know all sorts of little animals and birds waiting outside. The poor little thing sobbed again (or grunted, it was looking for eggs, as it went, \'One side.',0,3015,0,NULL,'2023-02-20 00:01:50','2023-02-20 00:01:50',1,1,NULL,NULL,NULL),(8,'Dakota','Block','If I or she should.',NULL,'aleffler@walter.com','$2y$10$JTEK0u1SUwnBLNxfHp4cxeL52A5WXx6gydxWnvkjO4iMjioJEhaie',153,'1974-03-11','+13166857891','2023-02-20 07:01:50',NULL,'employer',NULL,NULL,'442 Laura Parkway Apt. 968\nSawaynport, PA 32783','So they had been jumping about like that!\' He got behind Alice as it can talk: at any rate I\'ll never go THERE again!\' said Alice to herself, \'Which way? Which way?\', holding her hand on the.',0,2041,0,NULL,'2023-02-20 00:01:50','2023-02-20 00:01:50',1,1,NULL,NULL,NULL),(9,'Anthony','Fisher','I don\'t remember.',NULL,'sylvester.tremblay@abshire.org','$2y$10$e6ynXGnbpti5onOdVSm3ouAvgJEMnxxo5w/tgeWZvLVp.nifRiNjy',150,'1987-05-03','+12706990486','2023-02-20 07:01:50',NULL,'employer',NULL,NULL,'3410 Mann Ridges Suite 839\nZackerybury, SD 49143','White Rabbit, \'and that\'s a fact.\' Alice did not answer, so Alice went on muttering over the wig, (look at the thought that it was as long as you go to on the Duchess\'s voice died away, even in the.',1,2798,1,NULL,'2023-02-20 00:01:50','2023-02-20 00:01:50',1,1,NULL,NULL,NULL),(10,'Nia','Littel','Gryphon repeated.',NULL,'mohr.sven@smitham.info','$2y$10$bnHYrfF67w/Ny./w7UM/1uNflwoC7V5BA9Y/KQxPplICONAtU5MMu',153,'1993-12-03','+19527122985','2023-02-20 07:01:50',NULL,'job-seeker',NULL,'resume/01.pdf','3258 Maya Points Suite 581\nSouth Juanita, WV 62165-7775','I think I can find them.\' As she said to herself in the pool a little hot tea upon its nose. The Dormouse shook its head impatiently, and said, without opening its eyes, for it was written to.',0,3161,0,NULL,'2023-02-20 00:01:50','2023-02-20 00:01:50',0,1,NULL,NULL,NULL),(11,'Seamus','Heaney','Alice in a day is.',NULL,'reilly.lura@gmail.com','$2y$10$x.mERHQE2BaGxp/Dm6.XyeeAVJ4D91mxJGOIKCm7kmGMeE4UgNjU2',150,'1982-10-07','+13125433955','2023-02-20 07:01:50',NULL,'job-seeker',NULL,'resume/01.pdf','629 Schmitt River Apt. 438\nPort Ikefurt, WY 25190-7641','Alice said with some difficulty, as it could go, and broke off a bit of mushroom, and her eyes immediately met those of a water-well,\' said the Dormouse; \'VERY ill.\' Alice tried to get dry again.',1,257,1,NULL,'2023-02-20 00:01:50','2023-02-20 00:01:50',0,1,NULL,NULL,NULL),(12,'Richard','Armstrong','Alice. \'And where.',NULL,'rodriguez.cale@smitham.info','$2y$10$26vghTZpqXCkehBIqvzru.JVFAj2LQIyWAtq23cadzObnr2oc9kbG',150,'1973-09-24','+19286617526','2023-02-20 07:01:50',NULL,'job-seeker',NULL,'resume/01.pdf','482 Hackett Street\nSouth Moseburgh, CO 89886-0640','Mock Turtle, and said to the voice of the court. All this time the Queen to-day?\' \'I should think it was,\' said the Mock Turtle in a tone of this was not here before,\' said the Hatter: \'let\'s all.',0,3105,1,NULL,'2023-02-20 00:01:50','2023-02-20 00:01:50',0,1,NULL,NULL,NULL),(13,'Cristopher','Jacobi','Sir, With no jury.',NULL,'glover.kenyatta@buckridge.biz','$2y$10$oy9ZwVGdj6LDw46Oxir2O.q9tNZPPaw86X99xAZCPMFmU2wMBa8.u',150,'2008-05-19','+13255360142','2023-02-20 07:01:50',NULL,'job-seeker',NULL,'resume/01.pdf','309 Pouros Forks Suite 505\nEast Krystalton, NJ 53377-1440','And yet you incessantly stand on their backs was the White Rabbit put on his spectacles and looked at Alice, as she came in with a little door into that beautiful garden--how IS that to be a.',0,3885,1,NULL,'2023-02-20 00:01:50','2023-02-20 00:01:50',1,1,NULL,NULL,NULL),(14,'Johnson','Ward','Alice. \'I wonder.',NULL,'brown.harris@gmail.com','$2y$10$UGjwgLVBTa6ZPrdNSs51a.XNfH5N8Mhq0MA.76s043SQhpFAxidS.',153,'1985-04-27','+17377148632','2023-02-20 07:01:50',NULL,'job-seeker',NULL,'resume/01.pdf','99400 Holden Roads Suite 040\nLoweport, NJ 27590','For this must ever be A secret, kept from all the way to fly up into the garden, called out to be no doubt that it felt quite strange at first; but she could guess, she was now about two feet high.',0,656,0,NULL,'2023-02-20 00:01:50','2023-02-20 00:01:50',0,1,NULL,NULL,NULL),(15,'Jess','Kuphal','Wonderland, though.',NULL,'marquardt.elenor@gmail.com','$2y$10$E3mcM5y2LMwZ3MYzL/aG3e8BQdXeJxijbKmoshqGtdP4B7UIOJECm',152,'2012-01-15','+18725722934','2023-02-20 07:01:50',NULL,'employer',NULL,NULL,'77122 Feil Island Apt. 937\nKirlinchester, IA 97235','THAT. Then again--\"BEFORE SHE HAD THIS FIT--\" you never had fits, my dear, and that if something wasn\'t done about it just now.\' \'It\'s the Cheshire Cat, she was holding, and she grew no larger.',1,4943,1,NULL,'2023-02-20 00:01:50','2023-02-20 00:01:50',0,1,NULL,NULL,NULL),(16,'Eugene','Ortiz','I\'m afraid, sir\'.',NULL,'rolfson.hilma@yahoo.com','$2y$10$6/scGXFBjjzZFUteVtJSx.5DynJcqBvWcZSeHZZRtp1mWaIw1./CO',153,'1984-10-30','+16124091687','2023-02-20 07:01:51',NULL,'job-seeker',NULL,'resume/01.pdf','3021 Beer Lock Suite 780\nLake Emmalee, CO 29074','All on a bough of a muchness?\' \'Really, now you ask me,\' said Alice, \'I\'ve often seen them so often, you know.\' It was, no doubt: only Alice did not feel encouraged to ask his neighbour to tell.',0,1242,0,NULL,'2023-02-20 00:01:51','2023-02-20 00:01:51',0,1,NULL,NULL,NULL),(17,'Pamela','Keeling','Duchess said to a.',NULL,'cheyanne49@yahoo.com','$2y$10$e.UZQb6glI9lY5KlKjDbg..6zIjkPTlbS7Qr7N9opJx5PTlV1b0dy',154,'1995-02-12','+12314972856','2023-02-20 07:01:51',NULL,'employer',NULL,NULL,'501 Kris Roads Suite 948\nNorth Bethany, MA 15572-3281','Alice would not allow without knowing how old it was, even before she had tired herself out with trying, the poor little thing sat down and looked at Alice. \'I\'M not a moment to be beheaded!\' \'What.',1,1159,0,NULL,'2023-02-20 00:01:51','2023-02-20 00:01:51',1,1,NULL,NULL,NULL),(18,'Angelo','Williamson','Mock Turtle with a.',NULL,'uemard@balistreri.com','$2y$10$E.1OaoqMq9tZ1SMF4fiPIuY705zLK.uf1XHfBXTOJggPmzQ3v4Lz.',151,'2012-09-28','+18579992041','2023-02-20 07:01:51',NULL,'job-seeker',NULL,'resume/01.pdf','661 Arnoldo Course\nPort Libbieburgh, WY 00284','Because he knows it teases.\' CHORUS. (In which the words came very queer to ME.\' \'You!\' said the Cat. \'I don\'t believe there\'s an atom of meaning in them, after all. \"--SAID I COULD NOT SWIM--\" you.',0,4461,0,NULL,'2023-02-20 00:01:51','2023-02-20 00:01:51',1,1,NULL,NULL,NULL),(19,'Olen','Franecki','Alice ventured to.',NULL,'botsford.gustave@klocko.info','$2y$10$HJLy5KC4Lac2xPflayCAEOguAXMUZManqPUIQ6mXrdjpoRKa1Jn16',154,'2007-02-09','+15852569392','2023-02-20 07:01:51',NULL,'employer',NULL,NULL,'35145 Hand Lake Apt. 874\nMoenbury, MI 14071','Down, down, down. There was a general clapping of hands at this: it was written to nobody, which isn\'t usual, you know.\' \'And what an ignorant little girl she\'ll think me for a few minutes she heard.',1,415,1,NULL,'2023-02-20 00:01:51','2023-02-20 00:01:51',1,1,NULL,NULL,NULL),(20,'Alexandra','McKenzie','Dinah, and saying.',NULL,'miller61@fay.com','$2y$10$at502Me9fmP4Xv6TmAJzh.XmWhH62NDehy84fbqBOwWN.ois03zxK',150,'1996-07-18','+19737365187','2023-02-20 07:01:51',NULL,'employer',NULL,NULL,'578 Elnora Glen\nWest Anibalview, GA 58618-0953','March Hare. Alice was not easy to take MORE than nothing.\' \'Nobody asked YOUR opinion,\' said Alice. \'That\'s the judge,\' she said to herself, as she went on. \'I do,\' Alice said very politely, \'if I.',0,2975,1,NULL,'2023-02-20 00:01:51','2023-02-20 00:01:51',1,1,NULL,NULL,NULL),(21,'Anibal','Langosh','Her first idea was.',NULL,'rosamond95@hotmail.com','$2y$10$QrR8.8eTsbynmlFn6hqxvOM0n8WflaNkXXIyqd0KY7dtXnWolapTe',150,'1982-04-01','+19259097253','2023-02-20 07:01:51',NULL,'job-seeker',NULL,'resume/01.pdf','9972 Annalise Road\nLibbiebury, AL 24077','Cat, \'if you only kept on good terms with him, he\'d do almost anything you liked with the Queen put on his spectacles and looked at the March Hare meekly replied. \'Yes, but I shall think nothing of.',0,1075,1,NULL,'2023-02-20 00:01:51','2023-02-20 00:01:51',1,1,NULL,NULL,NULL),(22,'Nathanael','Rosenbaum','She felt that she.',NULL,'brempel@ondricka.biz','$2y$10$XhbR2pVEjcRyCXclBgvDluGh7llrIe0eNhUzgCSTt/orgpo01ygtm',150,'1999-09-26','+14143199394','2023-02-20 07:01:51',NULL,'employer',NULL,NULL,'7532 Eli Trace\nWilkinsonburgh, TX 90579-5950','Alice had no reason to be trampled under its feet, ran round the court and got behind Alice as it was over at last, more calmly, though still sobbing a little sharp bark just over her head struck.',0,3196,0,NULL,'2023-02-20 00:01:51','2023-02-20 00:01:51',1,1,NULL,NULL,NULL),(23,'Ellen','Aufderhar','Alice again. \'No.',NULL,'francesca.walter@gmail.com','$2y$10$MzveQySxHZXx5JeRqXUmMu3T/PvCJLy.XzZgZ6w.xU5/hi8AWbPpm',154,'1976-07-14','+12704177854','2023-02-20 07:01:51',NULL,'job-seeker',NULL,'resume/01.pdf','2385 Ariel Ridges\nWest Jensenshire, AR 53613','Will you, won\'t you, will you join the dance?\"\' \'Thank you, it\'s a French mouse, come over with fright. \'Oh, I beg your pardon!\' she exclaimed in a court of justice before, but she gained courage as.',1,2249,1,NULL,'2023-02-20 00:01:51','2023-02-20 00:01:51',0,1,NULL,NULL,NULL),(24,'Taylor','Beatty','Next came an angry.',NULL,'harvey.green@lindgren.biz','$2y$10$BYQrlH9GGwligUmO59OK3uWl5afb1uMLz5M66J3NwPxL7mZsgOKaq',151,'1975-04-23','+17545989743','2023-02-20 07:01:51',NULL,'employer',NULL,NULL,'118 Elliot Port Suite 764\nBarrowsfort, VT 56448-1576','Alice looked up, and there they lay sprawling about, reminding her very much at this, that she let the jury--\' \'If any one left alive!\' She was walking by the pope, was soon submitted to by the.',0,2930,0,NULL,'2023-02-20 00:01:51','2023-02-20 00:01:51',1,1,NULL,NULL,NULL),(25,'Earlene','Block','While the Owl and.',NULL,'katlyn.koch@dooley.com','$2y$10$3Wx9uh1gyeJwktur3HFINuCw.s2BJAU3qgQjcxOFjSJGbjLVTFypa',150,'1980-08-25','+15855899491','2023-02-20 07:01:51',NULL,'employer',NULL,NULL,'203 Marquardt Mountains Apt. 057\nErikfurt, KS 10345','I am to see if he wasn\'t going to remark myself.\' \'Have you guessed the riddle yet?\' the Hatter continued, \'in this way:-- \"Up above the world am I? Ah, THAT\'S the great wonder is, that I\'m doubtful.',1,1354,0,NULL,'2023-02-20 00:01:51','2023-02-20 00:01:51',1,1,NULL,NULL,NULL),(26,'Wellington','Stehr','The Panther took.',NULL,'lila.cummerata@hotmail.com','$2y$10$s26ylg0x4MVzjyddGtqeBuPaXydLKVWpq82TVPqMniCwq9izB7RPW',152,'1973-08-09','+19867354537','2023-02-20 07:01:51',NULL,'employer',NULL,NULL,'40102 Sanford Forge Suite 938\nNew Russelshire, AR 98568','CHORUS. (In which the March Hare will be When they take us up and walking off to other parts of the e--e--evening, Beautiful, beautiful Soup!\' CHAPTER XI. Who Stole the Tarts? The King laid his hand.',1,2287,0,NULL,'2023-02-20 00:01:51','2023-02-20 00:01:51',1,1,NULL,NULL,NULL),(27,'Kaylie','Daugherty','I can\'t see you?\'.',NULL,'marmstrong@damore.com','$2y$10$ANZFnScX1F/6tvq4hTX6I.oqV6tZbo2f7lRcqA/wcOiGbR8W1VWqK',153,'1998-04-19','+18316357055','2023-02-20 07:01:51',NULL,'job-seeker',NULL,'resume/01.pdf','84069 Haley Divide Suite 800\nNorth Joshua, WI 10412-9161','DOTH THE LITTLE BUSY BEE,\" but it is.\' \'I quite forgot you didn\'t sign it,\' said the Caterpillar. \'Well, perhaps you haven\'t found it very nice, (it had, in fact, I didn\'t know it was good practice.',0,1613,0,NULL,'2023-02-20 00:01:51','2023-02-20 00:01:51',1,1,NULL,NULL,NULL),(28,'Rosemarie','Douglas','Dormouse go on for.',NULL,'roberts.alexander@gmail.com','$2y$10$gzVtOQNhqOCXTtIWeEgPT.Spi1zwLu.U7u3IIs4h7yD7RRTLB8b0O',153,'1987-10-02','+17264140013','2023-02-20 07:01:51',NULL,'job-seeker',NULL,'resume/01.pdf','1083 Bertha Estate Suite 272\nKoreyshire, NY 85145-6718','Oh, my dear paws! Oh my fur and whiskers! She\'ll get me executed, as sure as ferrets are ferrets! Where CAN I have done that, you know,\' the Hatter replied. \'Of course it is,\' said the Mock Turtle.',0,900,1,NULL,'2023-02-20 00:01:51','2023-02-20 00:01:51',0,1,NULL,NULL,NULL),(29,'Coleman','Dare','Then followed the.',NULL,'egoyette@yahoo.com','$2y$10$8dROxsNgsSWgtQ65...GTOG87YbLzxDTKyeWuBo.F1R/WwoBLZq5K',153,'1982-12-27','+18573004196','2023-02-20 07:01:51',NULL,'employer',NULL,NULL,'892 Enid Villages\nDoyleborough, NC 24715','The Dormouse slowly opened his eyes. He looked at it uneasily, shaking it every now and then the different branches of Arithmetic--Ambition, Distraction, Uglification, and Derision.\' \'I never said I.',1,4046,0,NULL,'2023-02-20 00:01:51','2023-02-20 00:01:51',0,1,NULL,NULL,NULL),(30,'Dejah','Goyette','Hatter: \'let\'s all.',NULL,'farrell.joe@hessel.com','$2y$10$juswf.PGQFL11bt0q1AFMOgvUupfoI9MOtPJDukWZ8QY.L2eHfSc6',154,'1988-05-26','+14794679168','2023-02-20 07:01:51',NULL,'employer',NULL,NULL,'771 Keebler Spurs Apt. 965\nDickichester, KS 09558','I didn\'t know it to make it stop. \'Well, I\'d hardly finished the guinea-pigs!\' thought Alice. \'I\'m glad I\'ve seen that done,\' thought Alice. \'I\'m a--I\'m a--\' \'Well! WHAT are you?\' said Alice, \'I\'ve.',1,4430,1,NULL,'2023-02-20 00:01:51','2023-02-20 00:01:51',1,1,NULL,NULL,NULL),(31,'Carey','Emard','Lizard, who seemed.',NULL,'yherzog@yahoo.com','$2y$10$sgc0Xhq/i5rqyx6MoqVOw.N6VJfP/4PsvIfqilYJm3OSEDBpCazXu',153,'2006-02-08','+14322746060','2023-02-20 07:01:51',NULL,'employer',NULL,NULL,'179 Hansen Road Suite 602\nPort Alannatown, SD 87484','I suppose it doesn\'t mind.\' The table was a dead silence. \'It\'s a mineral, I THINK,\' said Alice. \'Off with her head!\' Alice glanced rather anxiously at the bottom of the ground.\' So she sat still.',0,1883,0,NULL,'2023-02-20 00:01:51','2023-02-20 00:01:51',0,1,NULL,NULL,NULL),(32,'Arno','Purdy','Bill! I wouldn\'t.',NULL,'goldner.maudie@yahoo.com','$2y$10$KUpatEVKUIdJBhrfmeR7K.zkJXpZs.fVVDVgG87GVIYsuQHXkgfEm',151,'2011-12-05','+13525342631','2023-02-20 07:01:52',NULL,'job-seeker',NULL,'resume/01.pdf','14278 Vivienne Manor\nEast Aldafurt, DC 96634-8770','I wonder what you\'re talking about,\' said Alice. \'Come, let\'s try the patience of an oyster!\' \'I wish I hadn\'t gone down that rabbit-hole--and yet--and yet--it\'s rather curious, you know, upon the.',0,223,0,NULL,'2023-02-20 00:01:52','2023-02-20 00:01:52',0,1,NULL,NULL,NULL),(33,'Wallace','Lubowitz','Footman\'s head: it.',NULL,'barrows.hiram@yahoo.com','$2y$10$n8RfQJabPmPrutOxVGkyxewrzLnYmKeMLSWqpAr2mLOYT4eB2S.Q2',153,'2007-02-26','+14069948649','2023-02-20 07:01:52',NULL,'employer',NULL,NULL,'8820 Ullrich Parks\nGradybury, MI 96386','Would not, could not, would not open any of them. \'I\'m sure I\'m not looking for eggs, as it turned round and get ready to play croquet with the time,\' she said, as politely as she spoke--fancy.',1,3195,0,NULL,'2023-02-20 00:01:52','2023-02-20 00:01:52',1,1,NULL,NULL,NULL),(34,'Roderick','Treutel','Alice, and she had.',NULL,'kilback.mekhi@yahoo.com','$2y$10$kHO3ar9EKzljItjWJd4W5.5qKU1ONKUPxugAtWzcYqnF9/h.rHLEW',151,'2007-09-13','+15856299137','2023-02-20 07:01:52',NULL,'employer',NULL,NULL,'307 Jacobs Summit Apt. 886\nRatkeburgh, RI 47787-8386','Two. Two began in a dreamy sort of knot, and then sat upon it.) \'I\'m glad I\'ve seen that done,\' thought Alice. \'Now we shall have somebody to talk nonsense. The Queen\'s argument was, that she had.',0,1505,0,NULL,'2023-02-20 00:01:52','2023-02-20 00:01:52',1,1,NULL,NULL,NULL),(35,'Patsy','Pacocha','Alice opened the.',NULL,'everardo.dietrich@hotmail.com','$2y$10$oyIXq40kNm4C2mgqOFRR7uE5ooI9vX6U/nx1A2K8j8U1MlniZzjCu',153,'1971-05-27','+16145154236','2023-02-20 07:01:52',NULL,'job-seeker',NULL,'resume/01.pdf','55710 Cartwright Parkways Apt. 885\nDachfurt, OK 19595-8944','March--just before HE went mad, you know--\' She had not long to doubt, for the pool rippling to the door, she ran off as hard as it went, \'One side of WHAT? The other guests had taken his watch out.',1,1804,0,NULL,'2023-02-20 00:01:52','2023-02-20 00:01:52',1,1,NULL,NULL,NULL),(36,'Alberta','Auer','Said cunning old.',NULL,'hjacobi@armstrong.com','$2y$10$KXH/uORDdGsneYpWmVCyYO0TpHPUreG6GIG0EjYwN1gSw0rQL9zUu',152,'1970-06-30','+15612259803','2023-02-20 07:01:52',NULL,'job-seeker',NULL,'resume/01.pdf','24850 Dante Falls Apt. 107\nPort Meganemouth, WA 60548-6560','Said the mouse doesn\'t get out.\" Only I don\'t like it, yer honour, at all, at all!\' \'Do as I do,\' said the King: \'leave out that part.\' \'Well, at any rate, the Dormouse denied nothing, being fast.',0,3516,0,NULL,'2023-02-20 00:01:52','2023-02-20 00:01:52',0,1,NULL,NULL,NULL),(37,'Rhett','Reilly','Dormouse went on.',NULL,'jaylin.johnson@schinner.com','$2y$10$aJcwnvzAKpK6418aak5/d..bgvRgdFxqDjKsAIDUCj3.jxTAXWSIu',150,'1993-11-12','+18437927365','2023-02-20 07:01:52',NULL,'employer',NULL,NULL,'58353 Thiel Isle\nRohanbury, WI 02695-5761','Forty-two. ALL PERSONS MORE THAN A MILE HIGH TO LEAVE THE COURT.\' Everybody looked at the mouth with strings: into this they slipped the guinea-pig, head first, and then, \'we went to school in the.',1,3456,0,NULL,'2023-02-20 00:01:52','2023-02-20 00:01:52',0,1,NULL,NULL,NULL),(38,'Hosea','Schinner','I think?\' \'I had.',NULL,'avery19@yahoo.com','$2y$10$Jt7Ol7FbQsDCy8VN1g4DPeySl04cGsQkFHdR.Y.pDfeHj/XNc4MGi',153,'2009-08-07','+12729649856','2023-02-20 07:01:52',NULL,'employer',NULL,NULL,'821 Rhiannon Field\nEast Fayeborough, VA 55198','King, and the roof was thatched with fur. It was as much as she could remember them, all these changes are! I\'m never sure what I\'m going to begin at HIS time of life. The King\'s argument was, that.',0,4273,0,NULL,'2023-02-20 00:01:52','2023-02-20 00:01:52',0,1,NULL,NULL,NULL),(39,'Morton','Oberbrunner','Let me think: was.',NULL,'block.lexi@stokes.org','$2y$10$wEY6TVhi9zwvQO8mEZeKPeBnrVrK6rfqnrbs5YVDNvIxDVO0nY8p2',153,'1996-05-21','+17409270713','2023-02-20 07:01:52',NULL,'employer',NULL,NULL,'158 Wiegand Crescent\nMateochester, OH 24058','In a minute or two she stood looking at them with large eyes full of smoke from one minute to another! However, I\'ve got to see the Mock Turtle angrily: \'really you are very dull!\' \'You ought to be.',0,1735,1,NULL,'2023-02-20 00:01:52','2023-02-20 00:01:52',1,1,NULL,NULL,NULL),(40,'Anita','Conroy','Lizard, who seemed.',NULL,'leone.bins@hotmail.com','$2y$10$/oPN/zk0IGy4AFlKj/8W5.iLtar.cEUTvHVG9lUfXam1lXCaaOO22',151,'2003-03-31','+13416876250','2023-02-20 07:01:52',NULL,'job-seeker',NULL,'resume/01.pdf','6041 Hollis Crest\nConstancemouth, IL 53399','Gryphon only answered \'Come on!\' cried the Gryphon. \'How the creatures order one about, and crept a little startled when she went out, but it all is! I\'ll try if I shall have to go from here?\' \'That.',0,4746,0,NULL,'2023-02-20 00:01:52','2023-02-20 00:01:52',1,1,NULL,NULL,NULL),(41,'Zola','Auer','Mock Turtle said.',NULL,'roscoe74@metz.com','$2y$10$Lw7slliRlhUD3GX3sPDysefMbD3F863gpJv9CtpL3pb2ULsfPJv/G',154,'2008-12-06','+13855384785','2023-02-20 07:01:52',NULL,'employer',NULL,NULL,'323 Haley Mount\nKozeystad, SC 76635','Alice: \'she\'s so extremely--\' Just then she noticed that one of the busy farm-yard--while the lowing of the Mock Turtle drew a long way. So they got their tails in their mouths. So they had at the.',1,4512,0,NULL,'2023-02-20 00:01:52','2023-02-20 00:01:52',0,1,NULL,NULL,NULL),(42,'General','Witting','Alice in a hoarse.',NULL,'bblick@ziemann.biz','$2y$10$EEoGQxMCNfIbxi4Mq63VQu6InAbaZa/wOfBLO.U2E2LBJsq8X1BTi',150,'2005-03-02','+13516021057','2023-02-20 07:01:52',NULL,'job-seeker',NULL,'resume/01.pdf','771 Shanie Glens Apt. 091\nPort Brandyn, CT 73765-7669','Gryphon: \'I went to the Mock Turtle with a whiting. Now you know.\' \'Not the same size for ten minutes together!\' \'Can\'t remember WHAT things?\' said the Cat. \'I don\'t know the way wherever she wanted.',0,3570,0,NULL,'2023-02-20 00:01:52','2023-02-20 00:01:52',1,1,NULL,NULL,NULL),(43,'Vesta','McGlynn','Hatter were having.',NULL,'mschuppe@gmail.com','$2y$10$BhzJnDdWMce7LzXEZYt/Me9fFRE4fMhOTiaAG9KCYNpx04EEHGEvW',153,'2014-09-11','+14244692187','2023-02-20 07:01:52',NULL,'employer',NULL,NULL,'6324 Dannie Burg\nHeidiport, MA 05135','Duchess said after a minute or two sobs choked his voice. \'Same as if she were looking over their heads. She felt that there was not quite like the look of things at all, as the large birds.',0,688,0,NULL,'2023-02-20 00:01:52','2023-02-20 00:01:52',0,1,NULL,NULL,NULL),(44,'Jeanie','Bruen','Hatter went on to.',NULL,'hschultz@hotmail.com','$2y$10$iyRT6Yz0YOxc.XBBjf5OGOkRmtkirNjG988Z/1o6G4ybsyq2Si/mu',153,'2004-12-12','+13605038010','2023-02-20 07:01:52',NULL,'employer',NULL,NULL,'805 Kuphal River\nNorth Henrietteside, SC 41322','Queen in front of the trees upon her knee, and looking anxiously round to see what would be like, \'--for they haven\'t got much evidence YET,\' she said to herself. \'Of the mushroom,\' said the King.',1,4191,0,NULL,'2023-02-20 00:01:52','2023-02-20 00:01:52',0,1,NULL,NULL,NULL),(45,'Barney','Mitchell','I only knew how to.',NULL,'lakin.earnestine@kessler.com','$2y$10$q9A/EsdxPtA1yP20UnYIp.4C3b5pbQqLvdeqK3xv1xov9KBw2zBuy',152,'1978-09-20','+14157681279','2023-02-20 07:01:52',NULL,'job-seeker',NULL,'resume/01.pdf','836 Walton Mountains\nSouth Jaquelineside, FL 15160','The Queen smiled and passed on. \'Who ARE you doing out here? Run home this moment, I tell you!\' said Alice. \'Come, let\'s hear some of the sort!\' said Alice. \'And where HAVE my shoulders got to? And.',0,2962,1,NULL,'2023-02-20 00:01:52','2023-02-20 00:01:52',0,1,NULL,NULL,NULL),(46,'Verna','Williamson','Cat. \'Do you know.',NULL,'allene.herman@oreilly.com','$2y$10$B4RPiKv.RjF7mx4lX7v/6.0rNdpjn4V0vHKDgJ3.YIGvBHOkHVFKW',151,'2008-04-09','+13184822460','2023-02-20 07:01:53',NULL,'employer',NULL,NULL,'6876 Christian Meadows\nMattieton, VT 93881','Alice to herself. At this the White Rabbit, who was trembling down to her usual height. It was high time you were INSIDE, you might do something better with the Queen, tossing her head struck.',0,1656,1,NULL,'2023-02-20 00:01:53','2023-02-20 00:01:53',0,1,NULL,NULL,NULL),(47,'Christophe','Hahn','Rabbit was no one.',NULL,'toy.steuber@waelchi.com','$2y$10$rkUbhT3EJ7/ackdEXxSteOz9WnkL/Bed3Z6WGhVWkgDR2Bj7dD7OK',153,'2004-06-14','+18287130193','2023-02-20 07:01:53',NULL,'employer',NULL,NULL,'1826 Greenholt Crescent Apt. 791\nBartolettifort, CT 05806','Alice. \'Well, then,\' the Cat remarked. \'Don\'t be impertinent,\' said the sage, as he spoke, and added \'It isn\'t mine,\' said the youth, \'and your jaws are too weak For anything tougher than suet; Yet.',1,4725,1,NULL,'2023-02-20 00:01:53','2023-02-20 00:01:53',1,1,NULL,NULL,NULL),(48,'Brionna','Rowe','Alice. \'Oh, don\'t.',NULL,'gilda08@jaskolski.com','$2y$10$jvN0OrOq994ptB5Cgnm9sOTtHG5YxteKrjWULZeWRq4Wa/C3aHeGO',154,'1974-02-28','+13615413588','2023-02-20 07:01:53',NULL,'job-seeker',NULL,'resume/01.pdf','851 Wintheiser Vista\nLake Juana, CA 97048','I wonder if I shall never get to the general conclusion, that wherever you go on? It\'s by far the most interesting, and perhaps after all it might end, you know,\' said Alice more boldly: \'you know.',0,3557,0,NULL,'2023-02-20 00:01:53','2023-02-20 00:01:53',0,1,NULL,NULL,NULL),(49,'April','Barton','The Mouse did not.',NULL,'pacocha.trey@reinger.biz','$2y$10$Va3YJdK9WXkqCzNhM8kC9eUnd5oxY6SCI1RYipihBytG.G4TU7PQW',154,'1971-05-17','+14694735215','2023-02-20 07:01:53',NULL,'employer',NULL,NULL,'1034 Gorczany Extension\nPort Major, MS 45300-3302','Alice, timidly; \'some of the words \'DRINK ME,\' but nevertheless she uncorked it and put it to annoy, Because he knows it teases.\' CHORUS. (In which the March Hare: she thought it would feel very.',0,614,1,NULL,'2023-02-20 00:01:53','2023-02-20 00:01:53',0,1,NULL,NULL,NULL),(50,'Amara','Gerlach','Alice guessed in a.',NULL,'lwalker@hotmail.com','$2y$10$xBeGZNLWZfC8sYDlnEJlQOQHFr.Z8JgX1d.sL9KApxGfY0V3osM7i',154,'2011-07-09','+17438577717','2023-02-20 07:01:53',NULL,'employer',NULL,NULL,'31817 Reinger Forges\nAllyland, AZ 15178','Said his father; \'don\'t give yourself airs! Do you think, at your age, it is to find it out, we should all have our heads cut off, you know. Please, Ma\'am, is this New Zealand or Australia?\' (and.',1,4402,1,NULL,'2023-02-20 00:01:53','2023-02-20 00:01:53',0,1,NULL,NULL,NULL),(51,'Marco','Schiller','How puzzling all.',NULL,'ctowne@gmail.com','$2y$10$/4wG1sCkthQ5IOiXptMqL.Ln7lpngMAT.4AE0hGNGruZt7l0gX1Gq',153,'2007-11-02','+14587122318','2023-02-20 07:01:53',NULL,'job-seeker',NULL,'resume/01.pdf','66896 Hoppe Spurs\nAshlystad, CO 05585-0990','Alice looked very anxiously into her face. \'Very,\' said Alice: \'I don\'t like them!\' When the sands are all pardoned.\' \'Come, THAT\'S a good deal frightened at the thought that SOMEBODY ought to be.',0,677,1,NULL,'2023-02-20 00:01:53','2023-02-20 00:01:53',1,1,NULL,NULL,NULL),(52,'Kellie','Wolff','And then, turning.',NULL,'hermann.trey@hotmail.com','$2y$10$z5X4mtMdTrIVDmoYP0jx/.UvmtIl8KyrJcBapXZx4f1PYUP7R9YMW',154,'2021-11-04','+16056939585','2023-02-20 07:01:53',NULL,'employer',NULL,NULL,'1817 Shanny Springs\nNew Medaland, MO 89442','Alice. The King laid his hand upon her knee, and looking at them with one eye; \'I seem to be\"--or if you\'d like it put the Dormouse denied nothing, being fast asleep. \'After that,\' continued the.',1,2461,0,NULL,'2023-02-20 00:01:53','2023-02-20 00:01:53',1,1,NULL,NULL,NULL),(53,'Damien','Wyman','Soup, so rich and.',NULL,'akreiger@gmail.com','$2y$10$W3UsGrVVC.vTzcWC/XrYAufFaSdYmYEiOgpJ/ha21VUVpLHD6R/Sm',154,'1973-12-11','+14808610058','2023-02-20 07:01:53',NULL,'job-seeker',NULL,'resume/01.pdf','5218 Alba Skyway Apt. 493\nKilbackport, UT 88119-8566','Alice thought), and it sat down again in a great letter, nearly as she spoke, but no result seemed to Alice as he spoke. \'A cat may look at the sudden change, but very glad to get hold of it; and as.',0,3442,1,NULL,'2023-02-20 00:01:53','2023-02-20 00:01:53',0,1,NULL,NULL,NULL),(54,'Maegan','Kshlerin','I can\'t see you?\'.',NULL,'uwillms@bartoletti.com','$2y$10$SCQpYxjUKNEzUSQqB2EcBeN03YOWa1bmkR0OrVtvvdYpOWR0u2CRC',154,'1975-01-29','+17434300650','2023-02-20 07:01:53',NULL,'job-seeker',NULL,'resume/01.pdf','86398 Carroll Path\nCaylastad, MN 10530','Alice to herself, \'I wonder what you\'re talking about,\' said Alice. \'Then you keep moving round, I suppose?\' said Alice. \'Of course not,\' said the Mock Turtle. \'Certainly not!\' said Alice to.',1,4977,0,NULL,'2023-02-20 00:01:53','2023-02-20 00:01:53',0,1,NULL,NULL,NULL),(55,'Dortha','Nader','GAVE HER ONE, THEY.',NULL,'summer.eichmann@rau.info','$2y$10$nFJK6YGMfXo9TyGUQ7DHAeqvxS0aB2bKlL6T4tm20/ZpBalEXbVV2',154,'2017-08-09','+13479830766','2023-02-20 07:01:53',NULL,'employer',NULL,NULL,'5784 Ward Extension\nGerholdview, AR 92723-4209','And the moral of that is--\"The more there is of mine, the less there is of mine, the less there is of mine, the less there is of mine, the less there is of yours.\"\' \'Oh, I beg your pardon!\' said the.',0,2920,1,NULL,'2023-02-20 00:01:53','2023-02-20 00:01:53',0,1,NULL,NULL,NULL),(56,'Alana','Hagenes','Please, Ma\'am, is.',NULL,'sstanton@yahoo.com','$2y$10$0m1nxK0QHHLMa7KqGY00hOaqrzVgNbmcqrZnuPzKKQqJTls48i0xK',153,'1986-04-16','+17434064410','2023-02-20 07:01:53',NULL,'employer',NULL,NULL,'7349 Mraz Lock\nAnjaliview, OH 48812-5071','However, this bottle was a dead silence instantly, and Alice thought she might as well go back, and barking hoarsely all the jurymen on to the baby, the shriek of the tale was something like it,\'.',0,1541,1,NULL,'2023-02-20 00:01:53','2023-02-20 00:01:53',0,1,NULL,NULL,NULL),(57,'Sheldon','Strosin','I suppose?\' \'Yes,\'.',NULL,'beer.neil@gmail.com','$2y$10$Z1YiIrWekeg1qZ3oecm3OOa821p5a3jq2JX4gNFdm2PEZf3cyohw.',154,'2002-07-04','+17573425693','2023-02-20 07:01:53',NULL,'employer',NULL,NULL,'851 Will Tunnel\nO\'Connerport, KS 02230-4871','I should be raving mad after all! I almost wish I hadn\'t mentioned Dinah!\' she said to Alice. \'Only a thimble,\' said Alice in a more subdued tone, and everybody laughed, \'Let the jury eagerly wrote.',0,4880,0,NULL,'2023-02-20 00:01:53','2023-02-20 00:01:53',1,1,NULL,NULL,NULL),(58,'Xander','Marvin','Alice was more and.',NULL,'zmcglynn@yahoo.com','$2y$10$zsUTo6v6ihaXxoPThMQj0eDrFqF9HDER7XxR6BkAhsCeikGhT0I8q',151,'2013-10-10','+15864396323','2023-02-20 07:01:53',NULL,'employer',NULL,NULL,'7190 Sonia Flats\nPort Eloy, SC 58449-9024','I like being that person, I\'ll come up: if not, I\'ll stay down here till I\'m somebody else\"--but, oh dear!\' cried Alice, with a teacup in one hand and a pair of the players to be no use in crying.',0,3723,1,NULL,'2023-02-20 00:01:53','2023-02-20 00:01:53',0,1,NULL,NULL,NULL),(59,'Samir','Roob','There were doors.',NULL,'steuber.orlo@gmail.com','$2y$10$V5OezaUfi20LMxlkUbflzOPmEhBSN2x3btKGxYF1cRmDhLLgifS3m',154,'1990-05-06','+18286130972','2023-02-20 07:01:53',NULL,'employer',NULL,NULL,'9575 Neoma Fords Apt. 477\nJohnstonmouth, SC 33265','Caterpillar The Caterpillar and Alice was beginning to end,\' said the March Hare interrupted in a voice sometimes choked with sobs, to sing you a couple?\' \'You are old,\' said the Dodo, \'the best way.',0,1355,0,NULL,'2023-02-20 00:01:53','2023-02-20 00:01:53',1,1,NULL,NULL,NULL),(60,'Emiliano','Roob','For some minutes.',NULL,'tdare@roberts.net','$2y$10$g6UV650q5Kv.fCTck7GwmOkhe.b8nOsh..wgqRIs1ZLdVstV68ZDC',154,'2001-08-01','+13143079142','2023-02-20 07:01:54',NULL,'job-seeker',NULL,'resume/01.pdf','762 Arlo Summit\nMerlinland, KY 63245-8593','Knave, \'I didn\'t mean it!\' pleaded poor Alice. \'But you\'re so easily offended!\' \'You\'ll get used up.\' \'But what am I to do?\' said Alice. \'Why, you don\'t explain it as well as I do,\' said the White.',1,4115,1,NULL,'2023-02-20 00:01:54','2023-02-20 00:01:54',1,1,NULL,NULL,NULL),(61,'Natalie','Moen','Queen, in a bit.\'.',NULL,'cody.trantow@hotmail.com','$2y$10$mnqOtDQ3ojHaU53gqyT6GuGotouq2PqC9bJA7ZKWDKXHXuJyLO7t6',150,'1972-05-04','+17753905189','2023-02-20 07:01:54',NULL,'employer',NULL,NULL,'37563 Carley Meadows Apt. 948\nPort Percivalport, KS 14631','Rabbit\'s voice; and the constant heavy sobbing of the miserable Mock Turtle. Alice was not easy to take MORE than nothing.\' \'Nobody asked YOUR opinion,\' said Alice. \'It goes on, you know,\' said the.',1,2235,1,NULL,'2023-02-20 00:01:54','2023-02-20 00:01:54',1,1,NULL,NULL,NULL),(62,'Janae','Abbott','Alice. \'Stand up.',NULL,'wvon@watsica.com','$2y$10$OicnEn/kq7MJjfK4VsllIuly35SE0ztcorXyII6fXH6.qGNtMiQx.',153,'2006-07-02','+18287138803','2023-02-20 07:01:54',NULL,'job-seeker',NULL,'resume/01.pdf','7006 Fadel Green Suite 948\nLake Aliza, MO 64101','Mock Turtle sighed deeply, and drew the back of one flapper across his eyes. \'I wasn\'t asleep,\' he said do. Alice looked round, eager to see if she meant to take MORE than nothing.\' \'Nobody asked.',1,2838,0,NULL,'2023-02-20 00:01:54','2023-02-20 00:01:54',0,1,NULL,NULL,NULL),(63,'Cecil','Murphy','But she waited for.',NULL,'henry10@kilback.com','$2y$10$Mwnb9gxr4o0SEqVkn8ayXOdrGkBivswbkVPYCprpElPtSN46/V.66',154,'1996-08-17','+12203300800','2023-02-20 07:01:54',NULL,'employer',NULL,NULL,'4211 Zoie Row Suite 249\nNew Sister, MS 69234','Dormouse fell asleep instantly, and Alice heard it before,\' said the Lory. Alice replied thoughtfully. \'They have their tails fast in their mouths; and the March Hare went on. Her listeners were.',1,1099,1,NULL,'2023-02-20 00:01:54','2023-02-20 00:01:54',0,1,NULL,NULL,NULL),(64,'Baby','Witting','I growl when I\'m.',NULL,'mckayla.trantow@hotmail.com','$2y$10$TzaBf0RDYD4sH6xUl5s79ueL2IwMM.klDkjrj1TKFctCRHA9Isb0i',154,'2002-10-09','+18573037397','2023-02-20 07:01:54',NULL,'job-seeker',NULL,'resume/01.pdf','40828 Jadyn Corner Apt. 387\nNorth Effie, MD 15320-3300','Alice thought decidedly uncivil. \'But perhaps he can\'t help it,\' she said to herself; \'I should like to go after that savage Queen: so she felt that there was a little of it?\' said the Gryphon.',0,1616,0,NULL,'2023-02-20 00:01:54','2023-02-20 00:01:54',0,1,NULL,NULL,NULL),(65,'Oda','Turcotte','I know I do!\' said.',NULL,'fisher.alivia@howe.org','$2y$10$/YWk1Vf.gWoBcINuquzcr.NVaJd3/K59mZ.AwvVrIyOm9V80Mhh9a',151,'1983-06-09','+19524843387','2023-02-20 07:01:54',NULL,'employer',NULL,NULL,'3157 Carissa Mills Apt. 574\nWest Marianhaven, DE 07034','Alice was soon left alone. \'I wish I had it written up somewhere.\' Down, down, down. There was a real nose; also its eyes again, to see what was going on within--a constant howling and sneezing, and.',0,4309,0,NULL,'2023-02-20 00:01:54','2023-02-20 00:01:54',1,1,NULL,NULL,NULL),(66,'Marcia','Kassulke','I\'ll set Dinah at.',NULL,'mia.cartwright@thompson.org','$2y$10$PqGB4NySNfJ8jcm9ZXSJVeobkuSdsAg1KbIThwoBmbGbA6rDsEpIy',150,'1999-07-01','+12815195131','2023-02-20 07:01:54',NULL,'job-seeker',NULL,'resume/01.pdf','653 Anibal Turnpike\nNew Jazmin, CO 50308-8146','Alice. \'And where HAVE my shoulders got to? And oh, I wish you wouldn\'t keep appearing and vanishing so suddenly: you make one repeat lessons!\' thought Alice; but she felt that it might end, you.',0,1309,0,NULL,'2023-02-20 00:01:54','2023-02-20 00:01:54',1,1,NULL,NULL,NULL),(67,'Wendy','Oberbrunner','Alice, and, after.',NULL,'mae53@sipes.net','$2y$10$K7nlqHQw1niryaL/0yic3.tsNhTLqnhpycxH0jw9IHCYXI/x/kw2i',154,'2015-05-09','+15202415250','2023-02-20 07:01:54',NULL,'job-seeker',NULL,'resume/01.pdf','70329 Astrid Fall Suite 789\nSouth Chadrick, CT 54727-8391','THE KING AND QUEEN OF HEARTS. Alice was thoroughly puzzled. \'Does the boots and shoes!\' she repeated in a sorrowful tone; \'at least there\'s no name signed at the stick, and made a snatch in the.',0,4880,1,NULL,'2023-02-20 00:01:54','2023-02-20 00:01:54',1,1,NULL,NULL,NULL),(68,'Shanon','Metz','Gryphon, and the.',NULL,'floyd59@yahoo.com','$2y$10$x7zLwohhcFozpG6ZhEVsIueZ8elLabloUsz01Hj8pnaz2G.rpDXFe',150,'2022-05-31','+16806144371','2023-02-20 07:01:54',NULL,'employer',NULL,NULL,'15616 Sydni Union Apt. 969\nLockmanville, WY 44772','I don\'t understand. Where did they live at the door-- Pray, what is the same words as before, \'and things are \"much of a globe of goldfish she had known them all her coaxing. Hardly knowing what she.',1,4841,1,NULL,'2023-02-20 00:01:54','2023-02-20 00:01:54',1,1,NULL,NULL,NULL),(69,'Kale','Kuhn','Alice thought to.',NULL,'vbruen@hotmail.com','$2y$10$7r.W4zBjpc/cy0KPFcZO/ewep1CWKWHEEKSuTXPuIRud.PYDVy2cm',152,'1970-08-18','+13163770030','2023-02-20 07:01:54',NULL,'job-seeker',NULL,'resume/01.pdf','2298 Schaefer Courts Apt. 001\nSouth Maxmouth, SD 85046','Gryphon, \'that they WOULD go with Edgar Atheling to meet William and offer him the crown. William\'s conduct at first was moderate. But the insolence of his great wig.\' The judge, by the end of his.',0,3439,1,NULL,'2023-02-20 00:01:54','2023-02-20 00:01:54',1,1,NULL,NULL,NULL),(70,'Celestine','Kessler','This of course, to.',NULL,'dickinson.edna@gmail.com','$2y$10$iVmi5Hv4ONeO4aQgySJ/6ew5bQzIAN/a7R31Gi.HAVO7CcOAmfhfS',150,'2003-02-22','+18068040685','2023-02-20 07:01:54',NULL,'employer',NULL,NULL,'88927 Lehner Meadow Suite 492\nNorth Berthatown, MT 34093','Caterpillar. \'Is that the pebbles were all writing very busily on slates. \'What are you thinking of?\' \'I beg pardon, your Majesty,\' said the Gryphon. \'Do you mean \"purpose\"?\' said Alice. \'Why not?\'.',1,2239,1,NULL,'2023-02-20 00:01:54','2023-02-20 00:01:54',1,1,NULL,NULL,NULL),(71,'Yolanda','Kuhn','Alice. \'You must.',NULL,'erich.lynch@gmail.com','$2y$10$opnrgDh/sILdBA7YbTS1O.lxZZYMRfSe.diHhPOfSdaANUcEbdNhS',151,'1981-07-18','+13147710674','2023-02-20 07:01:54',NULL,'employer',NULL,NULL,'937 Brian Orchard\nNorth Elvie, MN 00823-1578','Lory, with a trumpet in one hand and a Canary called out \'The Queen! The Queen!\' and the White Rabbit, jumping up and to stand on your shoes and stockings for you now, dears? I\'m sure she\'s the best.',1,1283,0,NULL,'2023-02-20 00:01:54','2023-02-20 00:01:54',1,1,NULL,NULL,NULL),(72,'Gregory','D\'Amore','After these came.',NULL,'ywindler@gmail.com','$2y$10$Hz2xG1NfX2HwTW1Agy0UVOLJWD0eieMQgqT6GpKbLITJY1o2c3udm',150,'2006-06-27','+16286406789','2023-02-20 07:01:54',NULL,'job-seeker',NULL,'resume/01.pdf','337 Emilio Brook Apt. 369\nSchmelerstad, NE 79844','How the Owl had the dish as its share of the shelves as she picked up a little nervous about it while the Mock Turtle in a tone of great relief. \'Call the first sentence in her head, she tried to.',0,4502,0,NULL,'2023-02-20 00:01:54','2023-02-20 00:01:54',0,1,NULL,NULL,NULL),(73,'Chelsea','Gibson','At last the Dodo.',NULL,'cbarton@bruen.com','$2y$10$tI29Kdn5IToeJC7iBu1E7eJ5awJv43hXegTR9DU54yG6PpgTu9./i',152,'2022-03-03','+15208458030','2023-02-20 07:01:54',NULL,'employer',NULL,NULL,'95287 Dejuan Row Suite 392\nKerlukefort, VA 47275','Queen was silent. The Dormouse had closed its eyes again, to see its meaning. \'And just as well as I get SOMEWHERE,\' Alice added as an unusually large saucepan flew close by it, and then she looked.',0,4235,0,NULL,'2023-02-20 00:01:54','2023-02-20 00:01:54',0,1,NULL,NULL,NULL),(74,'Jacynthe','Nitzsche','There was nothing.',NULL,'vkautzer@yahoo.com','$2y$10$A09XsVi.bcGvRJ0.TLwPP.6uGoA.Cg9IxcTwoQmUJqFYEaqZji29m',150,'1980-04-02','+13419751558','2023-02-20 07:01:54',NULL,'employer',NULL,NULL,'347 Borer Rapids\nEast Katelynhaven, WA 89502','I grow at a king,\' said Alice. \'Well, I shan\'t go, at any rate,\' said Alice: \'three inches is such a puzzled expression that she tipped over the jury-box with the bones and the fall was over.',1,586,0,NULL,'2023-02-20 00:01:54','2023-02-20 00:01:54',1,1,NULL,NULL,NULL),(75,'Evie','Bosco','THE KING AND QUEEN.',NULL,'christina80@yahoo.com','$2y$10$iK02OD5kR8a8f/rsYWlYkOGbYpLi4z00rwrCE1lVjmCunOK0reEKS',152,'2002-08-31','+18544456923','2023-02-20 07:01:54',NULL,'employer',NULL,NULL,'1126 Fahey Drive\nLindview, PA 22742-9376','Duchess\'s voice died away, even in the sand with wooden spades, then a great hurry; \'this paper has just been picked up.\' \'What\'s in it?\' said the Pigeon the opportunity of adding, \'You\'re looking.',1,2785,0,NULL,'2023-02-20 00:01:54','2023-02-20 00:01:54',0,1,NULL,NULL,NULL),(76,'Madie','Haley','Cat seemed to have.',NULL,'vkilback@yahoo.com','$2y$10$JGqWd.mG7qo9FFtkUWcmteyrGBFojgBk0TI0mGrVicbeVfvmh5Yrq',152,'1973-03-30','+12765591596','2023-02-20 07:01:55',NULL,'job-seeker',NULL,'resume/01.pdf','69226 Mueller Ridge Suite 859\nTaliaton, OR 72942','Mock Turtle, and said nothing. \'Perhaps it hasn\'t one,\' Alice ventured to remark. \'Tut, tut, child!\' said the Mock Turtle, who looked at her, and the three were all locked; and when she looked down.',1,1941,0,NULL,'2023-02-20 00:01:55','2023-02-20 00:01:55',0,1,NULL,NULL,NULL),(77,'Moshe','Kertzmann','I don\'t care which.',NULL,'enola05@conn.info','$2y$10$y7R/qy6GgZcFnXrDNR2Sg.3G2bjc9/3rEkDdiF6fbVJI6Ax0cGQ.2',150,'1991-03-14','+13478020850','2023-02-20 07:01:55',NULL,'job-seeker',NULL,'resume/01.pdf','8796 Weber Station\nLake Margot, IA 33904','Mystery,\' the Mock Turtle yawned and shut his eyes.--\'Tell her about the whiting!\' \'Oh, as to size,\' Alice hastily replied; \'at least--at least I know all the things get used up.\' \'But what am I to.',1,3190,1,NULL,'2023-02-20 00:01:55','2023-02-20 00:01:55',0,1,NULL,NULL,NULL),(78,'Vella','Mayert','Alice very meekly.',NULL,'ucorwin@gmail.com','$2y$10$TATYaN5z/OwCQ/7VFC.gJeTNC739B1a16Z9GdezqADC4QzJPR/gru',152,'2007-07-22','+17249938845','2023-02-20 07:01:55',NULL,'job-seeker',NULL,'resume/01.pdf','69391 Myles Isle\nSouth Stefan, IL 57163','Take your choice!\' The Duchess took her choice, and was going to do anything but sit with its head, it WOULD twist itself round and get ready to agree to everything that Alice had been to her, still.',1,3359,0,NULL,'2023-02-20 00:01:55','2023-02-20 00:01:55',1,1,NULL,NULL,NULL),(79,'Graciela','Stokes','WOULD not remember.',NULL,'kihn.danyka@klein.com','$2y$10$EkXMRUdCmWJ7eMfScaLMyecE2J5goh4G8Znq5Q1c2orKeM1llGe2W',153,'1981-09-24','+13806839649','2023-02-20 07:01:55',NULL,'employer',NULL,NULL,'94335 Considine Court\nWest Ryleybury, ND 61960','Then it got down off the fire, and at last it sat for a minute, while Alice thought decidedly uncivil. \'But perhaps it was too slippery; and when she got up this morning? I almost wish I hadn\'t.',0,2181,1,NULL,'2023-02-20 00:01:55','2023-02-20 00:01:55',0,1,NULL,NULL,NULL),(80,'Corene','Glover','Gryphon. \'I mean.',NULL,'akling@waters.com','$2y$10$nTqcqIybD.3IAzWCbruKRe8pGQ8lpzpUGPQkWgt3tHDIaYCuBYzB2',150,'2005-07-27','+14636450304','2023-02-20 07:01:55',NULL,'employer',NULL,NULL,'446 Sarai Fort\nDeckowberg, WY 55221-8443','Stop this moment, and fetch me a pair of white kid gloves while she ran, as well wait, as she said to the waving of the Mock Turtle recovered his voice, and, with tears again as quickly as she had.',1,3827,1,NULL,'2023-02-20 00:01:55','2023-02-20 00:01:55',0,1,NULL,NULL,NULL),(81,'Zoie','Feest','Alice more boldly.',NULL,'mankunding@yahoo.com','$2y$10$s2yQHRJcckuZ9UieY2Q.cudQvAG6QHmcTohIYFt/A5apwVDVOkdXS',154,'1977-06-29','+15102606608','2023-02-20 07:01:55',NULL,'job-seeker',NULL,'resume/01.pdf','90887 Mohr Landing Suite 406\nPort Viola, LA 93742','There was no one listening, this time, and was a very humble tone, going down on their slates, and she went on, \'--likely to win, that it\'s hardly worth while finishing the game.\' The Queen turned.',0,4409,1,NULL,'2023-02-20 00:01:55','2023-02-20 00:01:55',1,1,NULL,NULL,NULL),(82,'Karolann','Parisian','You see the earth.',NULL,'darion70@langosh.com','$2y$10$y7r4wjmQgdaAd8pQ9Kph5Ono8lN33lKM7SfkuOjH3atzYu3qyB.be',151,'2011-12-02','+12839970722','2023-02-20 07:01:55',NULL,'employer',NULL,NULL,'145 Sipes Glens Suite 045\nDavischester, ID 41129','Oh, how I wish you wouldn\'t squeeze so.\' said the Hatter: \'I\'m on the ground near the house down!\' said the King. Here one of the cakes, and was just in time to avoid shrinking away altogether.',1,135,1,NULL,'2023-02-20 00:01:55','2023-02-20 00:01:55',0,1,NULL,NULL,NULL),(83,'Oscar','Weimann','Alice did not look.',NULL,'polly.mcclure@yundt.net','$2y$10$lWgQdTHstG1xkgAmQvzX3eay7rRsQGOkyJesvHHbQVwzZz4pyKSaK',154,'2013-03-10','+12796949714','2023-02-20 07:01:55',NULL,'employer',NULL,NULL,'26764 Parisian Ford Suite 959\nWalkerside, WY 63231','Alice, and tried to fancy what the moral of that dark hall, and wander about among those beds of bright flowers and those cool fountains, but she gained courage as she spoke. \'I must be shutting up.',1,4955,1,NULL,'2023-02-20 00:01:55','2023-02-20 00:01:55',1,1,NULL,NULL,NULL),(84,'Christophe','O\'Keefe','HEARTS. Alice was.',NULL,'kmante@gmail.com','$2y$10$8DxESpjasOlcwfiIbRzxtOnEiH/jUaZ2Y6vBzmPwaHav.HORZleqe',153,'1996-09-18','+13239191867','2023-02-20 07:01:55',NULL,'job-seeker',NULL,'resume/01.pdf','531 Wayne Alley Apt. 982\nNorth Zora, MN 30927-0849','WHAT? The other side of WHAT? The other guests had taken advantage of the room again, no wonder she felt sure she would have appeared to them she heard a little anxiously. \'Yes,\' said Alice, \'we.',1,180,1,NULL,'2023-02-20 00:01:55','2023-02-20 00:01:55',1,1,NULL,NULL,NULL),(85,'Tony','Klocko','Then they both sat.',NULL,'pollich.amara@hotmail.com','$2y$10$lRxsRhwbEng49cTeqMgHGuO7DO.nzWaBwNAQ.gJ3sGUg2Y9yCIkcG',150,'1979-12-30','+18483882025','2023-02-20 07:01:55',NULL,'employer',NULL,NULL,'30649 Hagenes Bypass Apt. 157\nDooleyhaven, MI 85308-8436','Owl, as a drawing of a candle is like after the rest of the moment they saw Alice coming. \'There\'s PLENTY of room!\' said Alice to find that the way I ought to go after that into a sort of lullaby to.',0,462,1,NULL,'2023-02-20 00:01:55','2023-02-20 00:01:55',1,1,NULL,NULL,NULL),(86,'Arianna','Batz','I think?\' \'I had.',NULL,'ibrahim.beier@gmail.com','$2y$10$9eODLQIylVJ95FCQYQBuiu2OaFmtz2llRYlT.pgJUQ7N.8FKCdDUC',150,'1984-11-05','+19542054618','2023-02-20 07:01:55',NULL,'employer',NULL,NULL,'790 Welch Forges\nWest Reginaldview, AZ 83671-3086','Let me see: I\'ll give them a railway station.) However, she did not look at them--\'I wish they\'d get the trial one way up as the jury wrote it down into its face was quite surprised to see its.',0,4485,0,NULL,'2023-02-20 00:01:55','2023-02-20 00:01:55',1,1,NULL,NULL,NULL),(87,'Francisco','Kertzmann','Gryphon. \'Turn a.',NULL,'charlie.cassin@hoppe.org','$2y$10$CtnKM2J1ZluulAsTG1IQSuNPZYX6FMIKprKv4Zc.T5papjfagDHBa',153,'2021-11-22','+18135341769','2023-02-20 07:01:55',NULL,'job-seeker',NULL,'resume/01.pdf','2980 Hickle Hill Suite 404\nWeissnatberg, AR 14274','I didn\'t know it to the garden at once; but, alas for poor Alice! when she noticed that one of the song. \'What trial is it?\' The Gryphon lifted up both its paws in surprise. \'What! Never heard of.',0,3890,1,NULL,'2023-02-20 00:01:55','2023-02-20 00:01:55',1,1,NULL,NULL,NULL),(88,'Tiffany','Kreiger','I\'ve said as yet.\'.',NULL,'reina04@legros.info','$2y$10$cGff5TbQgd/c8Xu6MdukpOrYQW.aYDEe76Znu0vr9ccEcQOqvp6xy',151,'1974-06-22','+19472741492','2023-02-20 07:01:55',NULL,'employer',NULL,NULL,'84824 Destiney Meadows\nHoppeburgh, OK 83264','Mouse to Alice a little of it?\' said the Gryphon, \'you first form into a cucumber-frame, or something of the ground.\' So she stood watching them, and considered a little, and then all the right.',0,1549,1,NULL,'2023-02-20 00:01:55','2023-02-20 00:01:55',1,1,NULL,NULL,NULL),(89,'Johnny','Kshlerin','And mentioned me.',NULL,'schneider.adam@stamm.biz','$2y$10$tFzryH7Cy.0PoiyUy7OCOOJtOYMBhzJ/cxxIa.z/icD6iCcf2KptK',152,'2001-03-21','+18608847296','2023-02-20 07:01:55',NULL,'employer',NULL,NULL,'684 Nina Stravenue Suite 275\nNorth Brooklynshire, LA 13103-7454','The Fish-Footman began by taking the little glass table. \'Now, I\'ll manage better this time,\' she said this, she looked up, but it said nothing. \'Perhaps it hasn\'t one,\' Alice ventured to taste it.',1,3046,0,NULL,'2023-02-20 00:01:55','2023-02-20 00:01:55',1,1,NULL,NULL,NULL),(90,'Justen','Stokes','I can say.\' This.',NULL,'altenwerth.kenna@koch.com','$2y$10$O2a8QXGVEUgP0ogkFi4x5.VzLFZhzzkfdPZK/9UriHDyl2zmRjDIG',152,'1991-06-06','+18507563880','2023-02-20 07:01:56',NULL,'job-seeker',NULL,'resume/01.pdf','523 Ratke Terrace\nSouth Sidneyton, CT 90534-1553','Queen till she was quite impossible to say \"HOW DOTH THE LITTLE BUSY BEE,\" but it all came different!\' Alice replied in an undertone to the jury, in a trembling voice:-- \'I passed by his face only.',0,1662,1,NULL,'2023-02-20 00:01:56','2023-02-20 00:01:56',1,1,NULL,NULL,NULL),(91,'Dedrick','McCullough','And she\'s such a.',NULL,'cortez.ruecker@pacocha.biz','$2y$10$aQyK32flH5tPD.gTTPdkrO5PTNlHpK2jO0pFz8xJPk7VUiwf/w37i',153,'2010-08-24','+19204847016','2023-02-20 07:01:56',NULL,'job-seeker',NULL,'resume/01.pdf','1379 Koelpin Plains Suite 284\nKrajcikville, AR 37925-9296','Mock Turtle with a teacup in one hand and a long silence after this, and she felt a little girl,\' said Alice, surprised at her as she tucked it away under her arm, that it felt quite relieved to see.',1,3818,0,NULL,'2023-02-20 00:01:56','2023-02-20 00:01:56',1,1,NULL,NULL,NULL),(92,'Fleta','Wolff','Grief, they used.',NULL,'murray.harry@larson.com','$2y$10$sVQ0uwpgXZdf9W4gb0nVLOuunCMGubYSK4/JsZJlAavolKTyLtBTC',152,'2014-03-18','+12533047011','2023-02-20 07:01:56',NULL,'job-seeker',NULL,'resume/01.pdf','5092 Braeden Ridges\nEast Jaylan, AK 61600-8650','I wonder?\' As she said this, she came upon a heap of sticks and dry leaves, and the executioner went off like an honest man.\' There was not a regular rule: you invented it just missed her. Alice.',1,534,1,NULL,'2023-02-20 00:01:56','2023-02-20 00:01:56',0,1,NULL,NULL,NULL),(93,'Haylee','Oberbrunner','King and the other.',NULL,'zemlak.cornell@sanford.com','$2y$10$4WQzw9JK5w8Dbd71qmijZOu.cIP6IVvuLoaO7h9Qbl5RRLAOLJJhi',150,'1986-08-30','+14842729117','2023-02-20 07:01:56',NULL,'employer',NULL,NULL,'8568 Garnet Hill\nDickenston, MA 57841-3941','YOUR table,\' said Alice; \'all I know all sorts of things--I can\'t remember things as I was going to give the prizes?\' quite a new kind of serpent, that\'s all you know about this business?\' the King.',1,428,0,NULL,'2023-02-20 00:01:56','2023-02-20 00:01:56',0,1,NULL,NULL,NULL),(94,'Clotilde','Senger','Gryphon. \'How the.',NULL,'gussie61@yahoo.com','$2y$10$KGkxO7G5pBs693e9ZQnNb.XHvsL2NkJk.QxznllgDKZRQFr7J8DE6',150,'1993-03-04','+14755032553','2023-02-20 07:01:56',NULL,'job-seeker',NULL,'resume/01.pdf','8545 Doyle Ways\nEast Geovany, NC 18984-8933','The Frog-Footman repeated, in the world! Oh, my dear paws! Oh my dear Dinah! I wonder what I eat\" is the capital of Rome, and Rome--no, THAT\'S all wrong, I\'m certain! I must be getting somewhere.',1,270,1,NULL,'2023-02-20 00:01:56','2023-02-20 00:01:56',1,1,NULL,NULL,NULL),(95,'Gia','Stehr','Cat went on, very.',NULL,'lucy52@yahoo.com','$2y$10$6p5QJdWN5o2FTuqMU3hSGOPNliy0ppPc7pyNrcBmluCRPXvC0UH2.',153,'1993-11-17','+19209996232','2023-02-20 07:01:56',NULL,'employer',NULL,NULL,'8862 Sawayn Forges Apt. 611\nSouth Hiram, IL 14478-5337','Alice ventured to ask. \'Suppose we change the subject,\' the March Hare: she thought at first she thought it over afterwards, it occurred to her feet as the March Hare took the thimble, looking as.',1,1222,0,NULL,'2023-02-20 00:01:56','2023-02-20 00:01:56',1,1,NULL,NULL,NULL),(96,'Keanu','Stanton','Her first idea was.',NULL,'katelynn.mante@schowalter.org','$2y$10$MWa139Pt/bQ8oju.QMweJekWVxQxG6iTgR/8zqgh5wncW7F9zQIue',154,'2018-07-05','+13134855342','2023-02-20 07:01:56',NULL,'employer',NULL,NULL,'652 Becker Port Suite 906\nTremblayhaven, LA 96586','I shall be a person of authority over Alice. \'Stand up and rubbed its eyes: then it chuckled. \'What fun!\' said the Caterpillar. Alice said with a round face, and large eyes like a tunnel for some.',0,387,1,NULL,'2023-02-20 00:01:56','2023-02-20 00:01:56',1,1,NULL,NULL,NULL),(97,'Oren','Weber','I\'d only been the.',NULL,'ikrajcik@gusikowski.com','$2y$10$IsxzkBfCECB/1SKO9YRvcOYm7ayARtTxj1GxgngaRcchbZKbHYT.6',153,'2006-10-04','+12673096762','2023-02-20 07:01:56',NULL,'employer',NULL,NULL,'16431 Wiegand Viaduct\nSouth Juliethaven, ME 66489','YOUR business, Two!\' said Seven. \'Yes, it IS his business!\' said Five, in a low voice, to the general conclusion, that wherever you go to on the table. \'Have some wine,\' the March Hare took the.',1,2810,1,NULL,'2023-02-20 00:01:56','2023-02-20 00:01:56',0,1,NULL,NULL,NULL),(98,'Carlie','Ebert','Latin Grammar, \'A.',NULL,'lemuel37@hotmail.com','$2y$10$Kbol42z2gO2oYlnI63Jzlu.gtl9VhIMmcDSQGcAZTv36rvmsdfvE2',153,'2014-07-17','+16312601810','2023-02-20 07:01:56',NULL,'employer',NULL,NULL,'8386 Karine Wells\nPort Ephraim, ND 65697-7895','Queen turned angrily away from her as she went back to my right size for ten minutes together!\' \'Can\'t remember WHAT things?\' said the Queen. \'Their heads are gone, if it had finished this short.',1,3463,1,NULL,'2023-02-20 00:01:56','2023-02-20 00:01:56',1,1,NULL,NULL,NULL),(99,'Leanne','Macejkovic','Knave, \'I didn\'t.',NULL,'leta.stark@yahoo.com','$2y$10$h9cnen0nDkQb/fT1RLeXg.fYszAFfl1lxa0ftfXTYLMKcA15yF4KK',154,'1971-01-29','+18788802537','2023-02-20 07:01:56',NULL,'job-seeker',NULL,'resume/01.pdf','8634 Denesik Ports\nNew Alicia, AR 99925','If she should chance to be full of the officers: but the Rabbit say, \'A barrowful of WHAT?\' thought Alice; \'I might as well as she went on. \'Or would you like the tone of great relief. \'Call the.',0,4633,0,NULL,'2023-02-20 00:01:56','2023-02-20 00:01:56',1,1,NULL,NULL,NULL),(100,'Marilyne','King','And when I got up.',NULL,'swift.harmon@yahoo.com','$2y$10$knVnxBS5ESpxwScVhfbnROhqUWb/9j0Dh8BaQOdYh1Yw1bh8nowdW',153,'1970-11-27','+12012595708','2023-02-20 07:01:56',NULL,'employer',NULL,NULL,'3490 Tiana Motorway\nMannhaven, HI 78998-0750','I don\'t put my arm round your waist,\' the Duchess said in a sort of lullaby to it as far as they would die. \'The trial cannot proceed,\' said the Gryphon. \'Do you mean \"purpose\"?\' said Alice. \'Oh.',0,1630,1,NULL,'2023-02-20 00:01:56','2023-02-20 00:01:56',0,1,NULL,NULL,NULL);

--
-- Table structure for table `jb_analytics`
--

CREATE TABLE `jb_analytics` (
  `id` bigint unsigned NOT NULL AUTO_INCREMENT,
  `job_id` int unsigned NOT NULL,
  `country` varchar(10) COLLATE utf8mb4_unicode_ci DEFAULT NULL,
  `country_full` varchar(50) COLLATE utf8mb4_unicode_ci DEFAULT NULL,
  `referer` varchar(300) COLLATE utf8mb4_unicode_ci DEFAULT NULL,
  `ip_address` varchar(300) COLLATE utf8mb4_unicode_ci NOT NULL,
  `created_at` timestamp NULL DEFAULT NULL,
  `updated_at` timestamp NULL DEFAULT NULL,
  PRIMARY KEY (`id`)
) ENGINE=InnoDB DEFAULT CHARSET=utf8mb4 COLLATE=utf8mb4_unicode_ci;

--
-- Dumping data for table `jb_analytics`
--


--
-- Table structure for table `jb_applications`
--

CREATE TABLE `jb_applications` (
  `id` bigint unsigned NOT NULL AUTO_INCREMENT,
  `first_name` varchar(120) COLLATE utf8mb4_unicode_ci DEFAULT NULL,
  `last_name` varchar(120) COLLATE utf8mb4_unicode_ci DEFAULT NULL,
  `phone` varchar(20) COLLATE utf8mb4_unicode_ci DEFAULT NULL,
  `email` varchar(60) COLLATE utf8mb4_unicode_ci NOT NULL,
  `message` text COLLATE utf8mb4_unicode_ci,
  `job_id` int unsigned NOT NULL,
  `resume` varchar(255) COLLATE utf8mb4_unicode_ci DEFAULT NULL,
  `cover_letter` varchar(255) COLLATE utf8mb4_unicode_ci DEFAULT NULL,
  `account_id` int unsigned DEFAULT NULL,
  `is_external_apply` tinyint(1) NOT NULL DEFAULT '0',
  `status` varchar(60) COLLATE utf8mb4_unicode_ci NOT NULL DEFAULT 'pending',
  `created_at` timestamp NULL DEFAULT NULL,
  `updated_at` timestamp NULL DEFAULT NULL,
  PRIMARY KEY (`id`)
) ENGINE=InnoDB AUTO_INCREMENT=21 DEFAULT CHARSET=utf8mb4 COLLATE=utf8mb4_unicode_ci;

--
-- Dumping data for table `jb_applications`
--

INSERT INTO `jb_applications` VALUES (1,'Kale','Kuhn','+13163770030','vbruen@hotmail.com','Alice had been anything near the door, and tried to beat time when she went on, \'you see, a dog growls when it\'s angry, and wags its tail about in the other. \'I beg your pardon!\' said the Queen, who.',44,'resume/01.pdf','resume/01.pdf',69,0,'checked','2023-02-20 00:01:57','2023-02-20 00:01:57'),(2,'Leonard','Morar','+14249615165','bschoen@hotmail.com','What happened to you? Tell us all about as it didn\'t sound at all anxious to have changed since her swim in the flurry of the e--e--evening, Beautiful, beautiful Soup!\' CHAPTER XI. Who Stole the.',43,'resume/01.pdf','resume/01.pdf',6,0,'checked','2023-02-20 00:01:57','2023-02-20 00:01:57'),(3,'Johnson','Ward','+17377148632','brown.harris@gmail.com','OUTSIDE.\' He unfolded the paper as he could think of nothing else to say a word, but slowly followed her back to the little golden key, and when she looked back once or twice, half hoping that the.',45,'resume/01.pdf','resume/01.pdf',14,1,'checked','2023-02-20 00:01:57','2023-02-20 00:01:57'),(4,'Dedrick','McCullough','+19204847016','cortez.ruecker@pacocha.biz','I shall never get to twenty at that rate! However, the Multiplication Table doesn\'t signify: let\'s try Geography. London is the driest thing I ever was at in all my life!\' She had quite a chorus of.',40,'resume/01.pdf','resume/01.pdf',91,1,'checked','2023-02-20 00:01:57','2023-02-20 00:01:57'),(5,'Nia','Littel','+19527122985','mohr.sven@smitham.info','There was nothing on it except a little feeble, squeaking voice, (\'That\'s Bill,\' thought Alice,) \'Well, I should say \"With what porpoise?\"\' \'Don\'t you mean by that?\' said the King. \'Nearly two miles.',30,'resume/01.pdf','resume/01.pdf',10,0,'checked','2023-02-20 00:01:57','2023-02-20 00:01:57'),(6,'Clotilde','Senger','+14755032553','gussie61@yahoo.com','Hatter. \'You MUST remember,\' remarked the King, and the shrill voice of thunder, and people began running when they liked, so that they could not make out who I am! But I\'d better take him his fan.',48,'resume/01.pdf','resume/01.pdf',94,1,'checked','2023-02-20 00:01:57','2023-02-20 00:01:57'),(7,'Gregory','D\'Amore','+16286406789','ywindler@gmail.com','Footman went on for some minutes. The Caterpillar and Alice was silent. The King turned pale, and shut his note-book hastily. \'Consider your verdict,\' the King said to the beginning again?\' Alice.',7,'resume/01.pdf','resume/01.pdf',72,1,'checked','2023-02-20 00:01:57','2023-02-20 00:01:57'),(8,'Brionna','Rowe','+13615413588','gilda08@jaskolski.com','For some minutes it seemed quite natural); but when the Rabbit in a loud, indignant voice, but she was talking. Alice could bear: she got up, and began to cry again, for really I\'m quite tired of.',46,'resume/01.pdf','resume/01.pdf',48,0,'checked','2023-02-20 00:01:57','2023-02-20 00:01:57'),(9,'Ruthie','Schamberger','+18282046181','tillman.zita@adams.org','Sir, With no jury or judge, would be worth the trouble of getting up and rubbed its eyes: then it watched the Queen shouted at the Caterpillar\'s making such VERY short remarks, and she heard a voice.',2,'resume/01.pdf','resume/01.pdf',7,1,'checked','2023-02-20 00:01:57','2023-02-20 00:01:57'),(10,'Arno','Purdy','+13525342631','goldner.maudie@yahoo.com','Alice replied very gravely. \'What else have you executed on the other birds tittered audibly. \'What I was a large crowd collected round it: there were TWO little shrieks, and more puzzled, but she.',38,'resume/01.pdf','resume/01.pdf',32,1,'checked','2023-02-20 00:01:57','2023-02-20 00:01:57'),(11,'Angelo','Williamson','+18579992041','uemard@balistreri.com','White Rabbit blew three blasts on the top of his Normans--\" How are you getting on now, my dear?\' it continued, turning to Alice. \'What IS the fun?\' said Alice. \'Exactly so,\' said Alice. \'Come.',12,'resume/01.pdf','resume/01.pdf',18,1,'checked','2023-02-20 00:01:57','2023-02-20 00:01:57'),(12,'Alberta','Auer','+15612259803','hjacobi@armstrong.com','I must sugar my hair.\" As a duck with its legs hanging down, but generally, just as the rest of it had been, it suddenly appeared again. \'By-the-bye, what became of the e--e--evening, Beautiful.',19,'resume/01.pdf','resume/01.pdf',36,1,'checked','2023-02-20 00:01:57','2023-02-20 00:01:57'),(13,'Richard','Armstrong','+19286617526','rodriguez.cale@smitham.info','I wonder?\' As she said to herself \'That\'s quite enough--I hope I shan\'t go, at any rate, there\'s no room to grow to my jaw, Has lasted the rest waited in silence. Alice noticed with some difficulty.',41,'resume/01.pdf','resume/01.pdf',12,0,'checked','2023-02-20 00:01:57','2023-02-20 00:01:57'),(14,'Wendy','Oberbrunner','+15202415250','mae53@sipes.net','Alice. \'And where HAVE my shoulders got to? And oh, my poor little Lizard, Bill, was in managing her flamingo: she succeeded in curving it down into its nest. Alice crouched down among the leaves.',16,'resume/01.pdf','resume/01.pdf',67,0,'checked','2023-02-20 00:01:57','2023-02-20 00:01:57'),(15,'Emiliano','Roob','+13143079142','tdare@roberts.net','I\'m not particular as to bring but one; Bill\'s got to grow up again! Let me see--how IS it to be two people! Why, there\'s hardly room for her. \'Yes!\' shouted Alice. \'Come on, then!\' roared the.',18,'resume/01.pdf','resume/01.pdf',60,0,'checked','2023-02-20 00:01:57','2023-02-20 00:01:57'),(16,'Marco','Schiller','+14587122318','ctowne@gmail.com','Alice remarked. \'Right, as usual,\' said the Cat, and vanished. Alice was just possible it had no idea what to say \'creatures,\' you see, as they lay on the floor: in another minute there was no time.',25,'resume/01.pdf','resume/01.pdf',51,1,'checked','2023-02-20 00:01:57','2023-02-20 00:01:57'),(17,'Janae','Abbott','+18287138803','wvon@watsica.com','Some of the ground, Alice soon began talking to herself, \'after such a dreadful time.\' So Alice got up this morning, but I don\'t take this child away with me,\' thought Alice, \'as all the things I.',1,'resume/01.pdf','resume/01.pdf',62,0,'checked','2023-02-20 00:01:57','2023-02-20 00:01:57'),(18,'Leanne','Macejkovic','+18788802537','leta.stark@yahoo.com','Still she went back to the other: he came trotting along in a deep voice, \'What are they doing?\' Alice whispered to the Cheshire Cat, she was playing against herself, for she was terribly frightened.',13,'resume/01.pdf','resume/01.pdf',99,1,'checked','2023-02-20 00:01:57','2023-02-20 00:01:57'),(19,'Anita','Conroy','+13416876250','leone.bins@hotmail.com','Alice, \'and why it is right?\' \'In my youth,\' said his father, \'I took to the Gryphon. \'The reason is,\' said the White Rabbit read:-- \'They told me he was gone, and, by the end of every line: \'Speak.',26,'resume/01.pdf','resume/01.pdf',40,0,'checked','2023-02-20 00:01:57','2023-02-20 00:01:57'),(20,'Maegan','Kshlerin','+17434300650','uwillms@bartoletti.com','Alice looked round, eager to see what the next thing is, to get in?\' asked Alice again, for really I\'m quite tired of this. I vote the young man said, \'And your hair has become very white; And yet I.',47,'resume/01.pdf','resume/01.pdf',54,1,'checked','2023-02-20 00:01:57','2023-02-20 00:01:57');

--
-- Table structure for table `jb_career_levels`
--

CREATE TABLE `jb_career_levels` (
  `id` bigint unsigned NOT NULL AUTO_INCREMENT,
  `name` varchar(120) COLLATE utf8mb4_unicode_ci NOT NULL,
  `order` tinyint NOT NULL DEFAULT '0',
  `is_default` tinyint unsigned NOT NULL DEFAULT '0',
  `status` varchar(60) COLLATE utf8mb4_unicode_ci NOT NULL DEFAULT 'published',
  `created_at` timestamp NULL DEFAULT NULL,
  `updated_at` timestamp NULL DEFAULT NULL,
  PRIMARY KEY (`id`)
) ENGINE=InnoDB AUTO_INCREMENT=6 DEFAULT CHARSET=utf8mb4 COLLATE=utf8mb4_unicode_ci;

--
-- Dumping data for table `jb_career_levels`
--

INSERT INTO `jb_career_levels` VALUES (1,'Department Head',0,0,'published','2023-02-20 00:01:48','2023-02-20 00:01:48'),(2,'Entry Level',0,0,'published','2023-02-20 00:01:48','2023-02-20 00:01:48'),(3,'Experienced Professional',0,0,'published','2023-02-20 00:01:48','2023-02-20 00:01:48'),(4,'GM / CEO / Country Head / President',0,0,'published','2023-02-20 00:01:48','2023-02-20 00:01:48'),(5,'Intern/Student',0,0,'published','2023-02-20 00:01:48','2023-02-20 00:01:48');

--
-- Table structure for table `jb_career_levels_translations`
--

CREATE TABLE `jb_career_levels_translations` (
  `lang_code` varchar(191) COLLATE utf8mb4_unicode_ci NOT NULL,
  `jb_career_levels_id` int NOT NULL,
  `name` varchar(255) COLLATE utf8mb4_unicode_ci DEFAULT NULL,
  PRIMARY KEY (`lang_code`,`jb_career_levels_id`)
) ENGINE=InnoDB DEFAULT CHARSET=utf8mb4 COLLATE=utf8mb4_unicode_ci;

--
-- Dumping data for table `jb_career_levels_translations`
--


--
-- Table structure for table `jb_categories`
--

CREATE TABLE `jb_categories` (
  `id` bigint unsigned NOT NULL AUTO_INCREMENT,
  `name` varchar(120) COLLATE utf8mb4_unicode_ci NOT NULL,
  `description` varchar(400) COLLATE utf8mb4_unicode_ci DEFAULT NULL,
  `order` tinyint NOT NULL DEFAULT '0',
  `is_default` tinyint unsigned NOT NULL DEFAULT '0',
  `is_featured` tinyint NOT NULL DEFAULT '0',
  `status` varchar(60) COLLATE utf8mb4_unicode_ci NOT NULL DEFAULT 'published',
  `created_at` timestamp NULL DEFAULT NULL,
  `updated_at` timestamp NULL DEFAULT NULL,
  PRIMARY KEY (`id`)
) ENGINE=InnoDB AUTO_INCREMENT=11 DEFAULT CHARSET=utf8mb4 COLLATE=utf8mb4_unicode_ci;

--
-- Dumping data for table `jb_categories`
--

INSERT INTO `jb_categories` VALUES (1,'Content Writer',NULL,0,0,1,'published','2023-02-20 00:01:49','2023-02-20 00:01:49'),(2,'Market Research',NULL,1,0,1,'published','2023-02-20 00:01:49','2023-02-20 00:01:49'),(3,'Marketing & Sale',NULL,2,0,1,'published','2023-02-20 00:01:49','2023-02-20 00:01:49'),(4,'Customer Help',NULL,3,0,1,'published','2023-02-20 00:01:49','2023-02-20 00:01:49'),(5,'Finance',NULL,4,0,1,'published','2023-02-20 00:01:49','2023-02-20 00:01:49'),(6,'Software',NULL,5,0,1,'published','2023-02-20 00:01:49','2023-02-20 00:01:49'),(7,'Human Resource',NULL,6,0,1,'published','2023-02-20 00:01:49','2023-02-20 00:01:49'),(8,'Management',NULL,7,0,1,'published','2023-02-20 00:01:49','2023-02-20 00:01:49'),(9,'Retail & Products',NULL,8,0,0,'published','2023-02-20 00:01:49','2023-02-20 00:01:49'),(10,'Security Analyst',NULL,9,0,0,'published','2023-02-20 00:01:49','2023-02-20 00:01:49');

--
-- Table structure for table `jb_categories_translations`
--

CREATE TABLE `jb_categories_translations` (
  `lang_code` varchar(191) COLLATE utf8mb4_unicode_ci NOT NULL,
  `jb_categories_id` int NOT NULL,
  `name` varchar(255) COLLATE utf8mb4_unicode_ci DEFAULT NULL,
  `description` varchar(400) COLLATE utf8mb4_unicode_ci DEFAULT NULL,
  PRIMARY KEY (`lang_code`,`jb_categories_id`)
) ENGINE=InnoDB DEFAULT CHARSET=utf8mb4 COLLATE=utf8mb4_unicode_ci;

--
-- Dumping data for table `jb_categories_translations`
--

INSERT INTO `jb_categories_translations` VALUES ('vi',1,'Nguời viết nội dung',NULL),('vi',2,'Nghiên cứu thị trường',NULL),('vi',3,'Tiếp thị',NULL),('vi',4,'Chăm sóc khách hàng',NULL),('vi',5,'Tài chính kế toán',NULL),('vi',6,'Kỹ thuật phần mềm',NULL),('vi',7,'Quản lý nhân sự',NULL),('vi',8,'Quản lý',NULL),('vi',9,'Bán hàng',NULL),('vi',10,'Phân thích bảo mật',NULL);

--
-- Table structure for table `jb_companies`
--

CREATE TABLE `jb_companies` (
  `id` int unsigned NOT NULL AUTO_INCREMENT,
  `name` varchar(120) COLLATE utf8mb4_unicode_ci DEFAULT NULL,
  `email` varchar(60) COLLATE utf8mb4_unicode_ci DEFAULT NULL,
  `description` varchar(400) COLLATE utf8mb4_unicode_ci DEFAULT NULL,
  `content` mediumtext COLLATE utf8mb4_unicode_ci,
  `website` varchar(120) COLLATE utf8mb4_unicode_ci DEFAULT NULL,
  `logo` varchar(120) COLLATE utf8mb4_unicode_ci DEFAULT NULL,
  `latitude` varchar(25) COLLATE utf8mb4_unicode_ci DEFAULT NULL,
  `longitude` varchar(25) COLLATE utf8mb4_unicode_ci DEFAULT NULL,
  `address` varchar(250) COLLATE utf8mb4_unicode_ci DEFAULT NULL,
  `country_id` int unsigned DEFAULT '1',
  `state_id` int unsigned DEFAULT NULL,
  `city_id` int unsigned DEFAULT NULL,
  `postal_code` varchar(30) COLLATE utf8mb4_unicode_ci DEFAULT NULL,
  `phone` varchar(30) COLLATE utf8mb4_unicode_ci DEFAULT NULL,
  `year_founded` int unsigned DEFAULT NULL,
  `ceo` varchar(120) COLLATE utf8mb4_unicode_ci DEFAULT NULL,
  `number_of_offices` int unsigned DEFAULT NULL,
  `number_of_employees` varchar(60) COLLATE utf8mb4_unicode_ci DEFAULT NULL,
  `annual_revenue` varchar(60) COLLATE utf8mb4_unicode_ci DEFAULT NULL,
  `cover_image` varchar(120) COLLATE utf8mb4_unicode_ci DEFAULT NULL,
  `facebook` varchar(255) COLLATE utf8mb4_unicode_ci DEFAULT NULL,
  `twitter` varchar(255) COLLATE utf8mb4_unicode_ci DEFAULT NULL,
  `linkedin` varchar(255) COLLATE utf8mb4_unicode_ci DEFAULT NULL,
  `instagram` varchar(255) COLLATE utf8mb4_unicode_ci DEFAULT NULL,
  `is_featured` tinyint NOT NULL DEFAULT '0',
  `status` varchar(60) COLLATE utf8mb4_unicode_ci NOT NULL DEFAULT 'published',
  `views` bigint unsigned NOT NULL DEFAULT '0',
  `created_at` timestamp NULL DEFAULT NULL,
  `updated_at` timestamp NULL DEFAULT NULL,
  PRIMARY KEY (`id`)
) ENGINE=InnoDB AUTO_INCREMENT=21 DEFAULT CHARSET=utf8mb4 COLLATE=utf8mb4_unicode_ci;

--
-- Dumping data for table `jb_companies`
--

INSERT INTO `jb_companies` VALUES (1,'LinkedIn',NULL,'Incidunt incidunt ut nesciunt iusto vitae deserunt deserunt. Ab quo unde dolorum non quia cum. Vel voluptatem repellendus voluptas et et.','<p class=\"text-muted\"> Objectively pursue diverse catalysts for change for interoperable meta-services. Distinctively re-engineer\n                revolutionary meta-services and premium architectures. Intrinsically incubate intuitive opportunities and\n                real-time potentialities. Appropriately communicate one-to-one technology.</p>\n\n            <p class=\"text-muted\">Intrinsically incubate intuitive opportunities and real-time potentialities Appropriately communicate\n                one-to-one technology.</p>\n\n            <p class=\"text-muted\"> Exercitation photo booth stumptown tote bag Banksy, elit small batch freegan sed. Craft beer elit\n                seitan exercitation, photo booth et 8-bit kale chips proident chillwave deep v laborum. Aliquip veniam delectus, Marfa\n                eiusmod Pinterest in do umami readymade swag.</p>','https://www.linkedin.com/','companies/1.png','-37.81411','144.96328','2371 Edyth Springs\nLukasland, NH 94061-1715',3,3,3,NULL,'+17605422962',2022,'John Doe',5,'5','5M',NULL,NULL,NULL,NULL,NULL,1,'published',0,'2023-02-20 00:01:49','2023-02-20 00:01:49'),(2,'Adobe Illustrator',NULL,'Eos ad quis provident harum sed inventore autem. Rerum excepturi recusandae ipsa aliquam sed eos. A nihil ad assumenda voluptatem aut aliquid numquam nihil.','<p class=\"text-muted\"> Objectively pursue diverse catalysts for change for interoperable meta-services. Distinctively re-engineer\n                revolutionary meta-services and premium architectures. Intrinsically incubate intuitive opportunities and\n                real-time potentialities. Appropriately communicate one-to-one technology.</p>\n\n            <p class=\"text-muted\">Intrinsically incubate intuitive opportunities and real-time potentialities Appropriately communicate\n                one-to-one technology.</p>\n\n            <p class=\"text-muted\"> Exercitation photo booth stumptown tote bag Banksy, elit small batch freegan sed. Craft beer elit\n                seitan exercitation, photo booth et 8-bit kale chips proident chillwave deep v laborum. Aliquip veniam delectus, Marfa\n                eiusmod Pinterest in do umami readymade swag.</p>','https://www.adobe.com/','companies/2.png','40.7128','-74.0060','1349 Eleanore Plains\nEast Lesly, PA 76483-8908',4,4,4,NULL,'+14047797772',1996,'Jeff Werner',4,'1','2M',NULL,NULL,NULL,NULL,NULL,1,'published',0,'2023-02-20 00:01:49','2023-02-20 00:01:49'),(3,'Bing Search',NULL,'Accusantium alias aspernatur dolores ipsum rerum repellendus. Rerum reiciendis deleniti voluptate officia sequi. Autem reprehenderit error dolorem impedit et. Ab qui aut nesciunt.','<p class=\"text-muted\"> Objectively pursue diverse catalysts for change for interoperable meta-services. Distinctively re-engineer\n                revolutionary meta-services and premium architectures. Intrinsically incubate intuitive opportunities and\n                real-time potentialities. Appropriately communicate one-to-one technology.</p>\n\n            <p class=\"text-muted\">Intrinsically incubate intuitive opportunities and real-time potentialities Appropriately communicate\n                one-to-one technology.</p>\n\n            <p class=\"text-muted\"> Exercitation photo booth stumptown tote bag Banksy, elit small batch freegan sed. Craft beer elit\n                seitan exercitation, photo booth et 8-bit kale chips proident chillwave deep v laborum. Aliquip veniam delectus, Marfa\n                eiusmod Pinterest in do umami readymade swag.</p>','https://www.bing.com/','companies/3.png','35.658517','139.744233','369 Elvera Key\nPort Antoinetteside, TX 00418-3752',5,5,5,NULL,'+16788631902',2009,'Nakamura',5,'3','2M',NULL,NULL,NULL,NULL,NULL,1,'published',0,'2023-02-20 00:01:49','2023-02-20 00:01:49'),(4,'Dailymotion',NULL,'Sint cupiditate eos nulla voluptatem sunt officiis sapiente. Maiores est velit velit molestias iusto. Ea occaecati enim omnis velit mollitia.','<p class=\"text-muted\"> Objectively pursue diverse catalysts for change for interoperable meta-services. Distinctively re-engineer\n                revolutionary meta-services and premium architectures. Intrinsically incubate intuitive opportunities and\n                real-time potentialities. Appropriately communicate one-to-one technology.</p>\n\n            <p class=\"text-muted\">Intrinsically incubate intuitive opportunities and real-time potentialities Appropriately communicate\n                one-to-one technology.</p>\n\n            <p class=\"text-muted\"> Exercitation photo booth stumptown tote bag Banksy, elit small batch freegan sed. Craft beer elit\n                seitan exercitation, photo booth et 8-bit kale chips proident chillwave deep v laborum. Aliquip veniam delectus, Marfa\n                eiusmod Pinterest in do umami readymade swag.</p>','https://www.dailymotion.com/','companies/4.png','37.774929','-122.419416','252 Balistreri Corners\nUllrichborough, PA 08199-0862',4,4,4,NULL,'+17079201623',2017,'John Doe',8,'2','4M',NULL,NULL,NULL,NULL,NULL,1,'published',0,'2023-02-20 00:01:49','2023-02-20 00:01:49'),(5,'Linkedin',NULL,'Voluptates molestiae adipisci non cumque reiciendis nesciunt. Nostrum dolores exercitationem voluptatibus sit ab repudiandae. Et beatae perspiciatis aut.','<p class=\"text-muted\"> Objectively pursue diverse catalysts for change for interoperable meta-services. Distinctively re-engineer\n                revolutionary meta-services and premium architectures. Intrinsically incubate intuitive opportunities and\n                real-time potentialities. Appropriately communicate one-to-one technology.</p>\n\n            <p class=\"text-muted\">Intrinsically incubate intuitive opportunities and real-time potentialities Appropriately communicate\n                one-to-one technology.</p>\n\n            <p class=\"text-muted\"> Exercitation photo booth stumptown tote bag Banksy, elit small batch freegan sed. Craft beer elit\n                seitan exercitation, photo booth et 8-bit kale chips proident chillwave deep v laborum. Aliquip veniam delectus, Marfa\n                eiusmod Pinterest in do umami readymade swag.</p>','https://www.linkedin.com/','companies/5.png','10.848','106.638','89533 Haag Island Suite 578\nLake Guiseppe, WY 83752-5034',2,2,2,NULL,'+15808571077',1984,'John Doe',4,'5','8M',NULL,NULL,NULL,NULL,NULL,1,'published',0,'2023-02-20 00:01:49','2023-02-20 00:01:49'),(6,'Quora JSC',NULL,'Ab in provident totam mollitia ex pariatur laborum. Autem esse corporis ut autem. Neque at laudantium ea eum. Voluptas et repudiandae quasi blanditiis enim ratione cumque.','<p class=\"text-muted\"> Objectively pursue diverse catalysts for change for interoperable meta-services. Distinctively re-engineer\n                revolutionary meta-services and premium architectures. Intrinsically incubate intuitive opportunities and\n                real-time potentialities. Appropriately communicate one-to-one technology.</p>\n\n            <p class=\"text-muted\">Intrinsically incubate intuitive opportunities and real-time potentialities Appropriately communicate\n                one-to-one technology.</p>\n\n            <p class=\"text-muted\"> Exercitation photo booth stumptown tote bag Banksy, elit small batch freegan sed. Craft beer elit\n                seitan exercitation, photo booth et 8-bit kale chips proident chillwave deep v laborum. Aliquip veniam delectus, Marfa\n                eiusmod Pinterest in do umami readymade swag.</p>','https://www.quora.com/','companies/6.png','10.848','106.633','23823 Robel Mission\nEast Destin, UT 95934-7796',4,4,4,NULL,'+19376059562',1991,'John Doe',5,'2','9M',NULL,NULL,NULL,NULL,NULL,1,'published',0,'2023-02-20 00:01:49','2023-02-20 00:01:49'),(7,'Nintendo',NULL,'Magnam vel quis eius. Cupiditate facilis non in voluptatem. Dolorum officia facilis enim dicta. Harum temporibus alias voluptas debitis nesciunt aut beatae.','<p class=\"text-muted\"> Objectively pursue diverse catalysts for change for interoperable meta-services. Distinctively re-engineer\n                revolutionary meta-services and premium architectures. Intrinsically incubate intuitive opportunities and\n                real-time potentialities. Appropriately communicate one-to-one technology.</p>\n\n            <p class=\"text-muted\">Intrinsically incubate intuitive opportunities and real-time potentialities Appropriately communicate\n                one-to-one technology.</p>\n\n            <p class=\"text-muted\"> Exercitation photo booth stumptown tote bag Banksy, elit small batch freegan sed. Craft beer elit\n                seitan exercitation, photo booth et 8-bit kale chips proident chillwave deep v laborum. Aliquip veniam delectus, Marfa\n                eiusmod Pinterest in do umami readymade swag.</p>','https://www.nintendo.com/','companies/7.png','37.3317','-122.0312','31482 Eliezer Glen\nEast Elian, ND 65873',5,5,5,NULL,'+14459027556',1993,'Steve Jobs',8,'3','1M',NULL,NULL,NULL,NULL,NULL,1,'published',0,'2023-02-20 00:01:49','2023-02-20 00:01:49'),(8,'Periscope',NULL,'In ratione ut molestias numquam voluptatem voluptas facere. Est iste tenetur odit excepturi eos aut laborum. Accusantium modi aut accusantium nesciunt non possimus ducimus.','<p class=\"text-muted\"> Objectively pursue diverse catalysts for change for interoperable meta-services. Distinctively re-engineer\n                revolutionary meta-services and premium architectures. Intrinsically incubate intuitive opportunities and\n                real-time potentialities. Appropriately communicate one-to-one technology.</p>\n\n            <p class=\"text-muted\">Intrinsically incubate intuitive opportunities and real-time potentialities Appropriately communicate\n                one-to-one technology.</p>\n\n            <p class=\"text-muted\"> Exercitation photo booth stumptown tote bag Banksy, elit small batch freegan sed. Craft beer elit\n                seitan exercitation, photo booth et 8-bit kale chips proident chillwave deep v laborum. Aliquip veniam delectus, Marfa\n                eiusmod Pinterest in do umami readymade swag.</p>','https://www.pscp.tv/','companies/8.png','10.823','106.633','16332 Annabelle Parks\nStrackeville, CO 49884',5,5,5,NULL,'+17315313058',1989,'John Doe',5,'6','4M',NULL,NULL,NULL,NULL,NULL,1,'published',0,'2023-02-20 00:01:49','2023-02-20 00:01:49'),(9,'NewSum',NULL,'Enim neque et itaque hic. Voluptatem libero adipisci culpa quos sapiente aut omnis nisi. Architecto soluta ipsa voluptatem placeat fugiat deserunt. Velit est ex qui modi similique magni rerum.','<p class=\"text-muted\"> Objectively pursue diverse catalysts for change for interoperable meta-services. Distinctively re-engineer\n                revolutionary meta-services and premium architectures. Intrinsically incubate intuitive opportunities and\n                real-time potentialities. Appropriately communicate one-to-one technology.</p>\n\n            <p class=\"text-muted\">Intrinsically incubate intuitive opportunities and real-time potentialities Appropriately communicate\n                one-to-one technology.</p>\n\n            <p class=\"text-muted\"> Exercitation photo booth stumptown tote bag Banksy, elit small batch freegan sed. Craft beer elit\n                seitan exercitation, photo booth et 8-bit kale chips proident chillwave deep v laborum. Aliquip veniam delectus, Marfa\n                eiusmod Pinterest in do umami readymade swag.</p>','https://newsum.us/','companies/4.png','10.823','106.633','589 Quentin Heights Suite 512\nHermannchester, OR 60797',2,2,2,NULL,'+15807005381',2014,'John Doe',2,'5','9M',NULL,NULL,NULL,NULL,NULL,1,'published',0,'2023-02-20 00:01:49','2023-02-20 00:01:49'),(10,'PowerHome',NULL,'Quasi dolor alias rerum et blanditiis. Est repudiandae sint tempore est iusto. Et magni quo omnis quibusdam est deserunt quia. Vero aut velit sunt inventore et exercitationem.','<p class=\"text-muted\"> Objectively pursue diverse catalysts for change for interoperable meta-services. Distinctively re-engineer\n                revolutionary meta-services and premium architectures. Intrinsically incubate intuitive opportunities and\n                real-time potentialities. Appropriately communicate one-to-one technology.</p>\n\n            <p class=\"text-muted\">Intrinsically incubate intuitive opportunities and real-time potentialities Appropriately communicate\n                one-to-one technology.</p>\n\n            <p class=\"text-muted\"> Exercitation photo booth stumptown tote bag Banksy, elit small batch freegan sed. Craft beer elit\n                seitan exercitation, photo booth et 8-bit kale chips proident chillwave deep v laborum. Aliquip veniam delectus, Marfa\n                eiusmod Pinterest in do umami readymade swag.</p>','https://www.pscp.tv/','companies/5.png','10.823','106.633','25239 Simonis Oval Apt. 820\nPort Coopermouth, DC 93912-3843',3,3,3,NULL,'+12243055761',2011,'John Doe',8,'4','6M',NULL,NULL,NULL,NULL,NULL,1,'published',0,'2023-02-20 00:01:49','2023-02-20 00:01:49'),(11,'Whop.com',NULL,'Animi est voluptate consequatur ducimus nihil dolor. Ad hic illo reiciendis autem repellat perferendis odit. Nostrum id est suscipit aut eius in.','<p class=\"text-muted\"> Objectively pursue diverse catalysts for change for interoperable meta-services. Distinctively re-engineer\n                revolutionary meta-services and premium architectures. Intrinsically incubate intuitive opportunities and\n                real-time potentialities. Appropriately communicate one-to-one technology.</p>\n\n            <p class=\"text-muted\">Intrinsically incubate intuitive opportunities and real-time potentialities Appropriately communicate\n                one-to-one technology.</p>\n\n            <p class=\"text-muted\"> Exercitation photo booth stumptown tote bag Banksy, elit small batch freegan sed. Craft beer elit\n                seitan exercitation, photo booth et 8-bit kale chips proident chillwave deep v laborum. Aliquip veniam delectus, Marfa\n                eiusmod Pinterest in do umami readymade swag.</p>','https://whop.com/','companies/6.png','10.823','106.633','8502 Claire Crest\nOrnfurt, AZ 65468-5081',3,3,3,NULL,'+16626008311',2000,'John Doe',2,'5','1M',NULL,NULL,NULL,NULL,NULL,1,'published',0,'2023-02-20 00:01:49','2023-02-20 00:01:49'),(12,'Greenwood',NULL,'Eum maxime vitae officia voluptas culpa. Quo et nulla quia consequatur.','<p class=\"text-muted\"> Objectively pursue diverse catalysts for change for interoperable meta-services. Distinctively re-engineer\n                revolutionary meta-services and premium architectures. Intrinsically incubate intuitive opportunities and\n                real-time potentialities. Appropriately communicate one-to-one technology.</p>\n\n            <p class=\"text-muted\">Intrinsically incubate intuitive opportunities and real-time potentialities Appropriately communicate\n                one-to-one technology.</p>\n\n            <p class=\"text-muted\"> Exercitation photo booth stumptown tote bag Banksy, elit small batch freegan sed. Craft beer elit\n                seitan exercitation, photo booth et 8-bit kale chips proident chillwave deep v laborum. Aliquip veniam delectus, Marfa\n                eiusmod Pinterest in do umami readymade swag.</p>','https://www.greenwoodjs.io/','companies/7.png','10.823','106.633','63552 Kaia Ville\nSouth Cordeliamouth, NC 82567',3,3,3,NULL,'+13526149847',1994,'John Doe',5,'4','4M',NULL,NULL,NULL,NULL,NULL,1,'published',0,'2023-02-20 00:01:49','2023-02-20 00:01:49'),(13,'Kentucky',NULL,'Vitae veniam possimus qui accusamus odio. Quia aut iusto et rerum ipsam dicta aut. Aut et totam est ea eum repudiandae. Omnis dolorum sequi aut repudiandae consequatur quo voluptatum voluptates.','<p class=\"text-muted\"> Objectively pursue diverse catalysts for change for interoperable meta-services. Distinctively re-engineer\n                revolutionary meta-services and premium architectures. Intrinsically incubate intuitive opportunities and\n                real-time potentialities. Appropriately communicate one-to-one technology.</p>\n\n            <p class=\"text-muted\">Intrinsically incubate intuitive opportunities and real-time potentialities Appropriately communicate\n                one-to-one technology.</p>\n\n            <p class=\"text-muted\"> Exercitation photo booth stumptown tote bag Banksy, elit small batch freegan sed. Craft beer elit\n                seitan exercitation, photo booth et 8-bit kale chips proident chillwave deep v laborum. Aliquip veniam delectus, Marfa\n                eiusmod Pinterest in do umami readymade swag.</p>','https://www.kentucky.gov/','companies/8.png','10.823','106.633','21259 Darian Station Apt. 428\nMurazikshire, IN 14693-1949',5,5,5,NULL,'+17704404693',1987,'John Doe',8,'7','3M',NULL,NULL,NULL,NULL,NULL,1,'published',0,'2023-02-20 00:01:49','2023-02-20 00:01:49'),(14,'Equity',NULL,'Ipsum eos veniam quia et quidem. In cupiditate molestiae earum et. Tempore saepe nam velit et aperiam rem sit odio.','<p class=\"text-muted\"> Objectively pursue diverse catalysts for change for interoperable meta-services. Distinctively re-engineer\n                revolutionary meta-services and premium architectures. Intrinsically incubate intuitive opportunities and\n                real-time potentialities. Appropriately communicate one-to-one technology.</p>\n\n            <p class=\"text-muted\">Intrinsically incubate intuitive opportunities and real-time potentialities Appropriately communicate\n                one-to-one technology.</p>\n\n            <p class=\"text-muted\"> Exercitation photo booth stumptown tote bag Banksy, elit small batch freegan sed. Craft beer elit\n                seitan exercitation, photo booth et 8-bit kale chips proident chillwave deep v laborum. Aliquip veniam delectus, Marfa\n                eiusmod Pinterest in do umami readymade swag.</p>','https://www.equity.org.uk/','companies/6.png','10.823','106.633','357 Harrison Ways Apt. 425\nTownefort, MA 71437',4,4,4,NULL,'+13348552148',1971,'John Doe',1,'6','6M',NULL,NULL,NULL,NULL,NULL,1,'published',0,'2023-02-20 00:01:49','2023-02-20 00:01:49'),(15,'Honda',NULL,'Cumque sunt omnis quas quae quod. Est animi vel qui quisquam vel dolor. Non repudiandae vel reprehenderit voluptatem.','<p class=\"text-muted\"> Objectively pursue diverse catalysts for change for interoperable meta-services. Distinctively re-engineer\n                revolutionary meta-services and premium architectures. Intrinsically incubate intuitive opportunities and\n                real-time potentialities. Appropriately communicate one-to-one technology.</p>\n\n            <p class=\"text-muted\">Intrinsically incubate intuitive opportunities and real-time potentialities Appropriately communicate\n                one-to-one technology.</p>\n\n            <p class=\"text-muted\"> Exercitation photo booth stumptown tote bag Banksy, elit small batch freegan sed. Craft beer elit\n                seitan exercitation, photo booth et 8-bit kale chips proident chillwave deep v laborum. Aliquip veniam delectus, Marfa\n                eiusmod Pinterest in do umami readymade swag.</p>','https://www.honda.com/','companies/9.png','10.823','106.633','753 Cummings Via Apt. 324\nPort Ebbaport, RI 65943',5,5,5,NULL,'+12707227590',2018,'John Doe',7,'4','3M',NULL,NULL,NULL,NULL,NULL,1,'published',0,'2023-02-20 00:01:49','2023-02-20 00:01:49'),(16,'Toyota',NULL,'Dignissimos occaecati qui et mollitia aliquam. Facilis porro laboriosam quis. Qui neque laboriosam ut sed. Omnis aut numquam facere repellat. Doloremque blanditiis laborum vel.','<p class=\"text-muted\"> Objectively pursue diverse catalysts for change for interoperable meta-services. Distinctively re-engineer\n                revolutionary meta-services and premium architectures. Intrinsically incubate intuitive opportunities and\n                real-time potentialities. Appropriately communicate one-to-one technology.</p>\n\n            <p class=\"text-muted\">Intrinsically incubate intuitive opportunities and real-time potentialities Appropriately communicate\n                one-to-one technology.</p>\n\n            <p class=\"text-muted\"> Exercitation photo booth stumptown tote bag Banksy, elit small batch freegan sed. Craft beer elit\n                seitan exercitation, photo booth et 8-bit kale chips proident chillwave deep v laborum. Aliquip veniam delectus, Marfa\n                eiusmod Pinterest in do umami readymade swag.</p>','https://www.toyota.com/','companies/5.png','10.823','106.633','9588 Abshire Curve Apt. 068\nNew Shauntown, NE 47578',3,3,3,NULL,'+15025453593',2015,'John Doe',3,'8','2M',NULL,NULL,NULL,NULL,NULL,0,'published',0,'2023-02-20 00:01:49','2023-02-20 00:01:49'),(17,'Lexus',NULL,'Provident minima consequatur sed facere non vel repellendus vero. Delectus quae sit dignissimos. Ut ad et odit consequatur earum consequatur dolore aut.','<p class=\"text-muted\"> Objectively pursue diverse catalysts for change for interoperable meta-services. Distinctively re-engineer\n                revolutionary meta-services and premium architectures. Intrinsically incubate intuitive opportunities and\n                real-time potentialities. Appropriately communicate one-to-one technology.</p>\n\n            <p class=\"text-muted\">Intrinsically incubate intuitive opportunities and real-time potentialities Appropriately communicate\n                one-to-one technology.</p>\n\n            <p class=\"text-muted\"> Exercitation photo booth stumptown tote bag Banksy, elit small batch freegan sed. Craft beer elit\n                seitan exercitation, photo booth et 8-bit kale chips proident chillwave deep v laborum. Aliquip veniam delectus, Marfa\n                eiusmod Pinterest in do umami readymade swag.</p>','https://www.pscp.tv/','companies/3.png','10.823','106.633','377 Adaline Drives\nSouth Marjolaineport, CO 21105',1,1,1,NULL,'+17694254108',2022,'John Doe',3,'8','3M',NULL,NULL,NULL,NULL,NULL,0,'published',0,'2023-02-20 00:01:49','2023-02-20 00:01:49'),(18,'Ondo',NULL,'Et voluptatibus qui aliquam iure ullam eaque amet. Tempore aut aliquid voluptate. Expedita delectus nihil deserunt atque.','<p class=\"text-muted\"> Objectively pursue diverse catalysts for change for interoperable meta-services. Distinctively re-engineer\n                revolutionary meta-services and premium architectures. Intrinsically incubate intuitive opportunities and\n                real-time potentialities. Appropriately communicate one-to-one technology.</p>\n\n            <p class=\"text-muted\">Intrinsically incubate intuitive opportunities and real-time potentialities Appropriately communicate\n                one-to-one technology.</p>\n\n            <p class=\"text-muted\"> Exercitation photo booth stumptown tote bag Banksy, elit small batch freegan sed. Craft beer elit\n                seitan exercitation, photo booth et 8-bit kale chips proident chillwave deep v laborum. Aliquip veniam delectus, Marfa\n                eiusmod Pinterest in do umami readymade swag.</p>','https://ondo.mn/','companies/6.png','10.823','106.633','875 Elza Island Apt. 769\nLake Eusebio, DE 15888-8310',3,3,3,NULL,'+15592030066',1989,'John Doe',3,'3','1M',NULL,NULL,NULL,NULL,NULL,0,'published',0,'2023-02-20 00:01:49','2023-02-20 00:01:49'),(19,'Square',NULL,'Nam dicta sint distinctio eum et sunt et. Est perspiciatis ut facilis qui sint quis suscipit repellat. Sunt adipisci in aut aut modi. Molestiae nobis aut quisquam quidem unde.','<p class=\"text-muted\"> Objectively pursue diverse catalysts for change for interoperable meta-services. Distinctively re-engineer\n                revolutionary meta-services and premium architectures. Intrinsically incubate intuitive opportunities and\n                real-time potentialities. Appropriately communicate one-to-one technology.</p>\n\n            <p class=\"text-muted\">Intrinsically incubate intuitive opportunities and real-time potentialities Appropriately communicate\n                one-to-one technology.</p>\n\n            <p class=\"text-muted\"> Exercitation photo booth stumptown tote bag Banksy, elit small batch freegan sed. Craft beer elit\n                seitan exercitation, photo booth et 8-bit kale chips proident chillwave deep v laborum. Aliquip veniam delectus, Marfa\n                eiusmod Pinterest in do umami readymade swag.</p>','https://squareup.com/','companies/2.png','10.823','106.633','62566 Stevie Flats Suite 312\nWest Maritza, NV 25347-8942',2,2,2,NULL,'+16465620828',1984,'John Doe',1,'6','8M',NULL,NULL,NULL,NULL,NULL,0,'published',0,'2023-02-20 00:01:49','2023-02-20 00:01:49'),(20,'Vista',NULL,'Nesciunt minima amet in corporis. Et suscipit iste modi impedit. Quis esse magni et. Debitis quasi qui et assumenda facere non perferendis temporibus.','<p class=\"text-muted\"> Objectively pursue diverse catalysts for change for interoperable meta-services. Distinctively re-engineer\n                revolutionary meta-services and premium architectures. Intrinsically incubate intuitive opportunities and\n                real-time potentialities. Appropriately communicate one-to-one technology.</p>\n\n            <p class=\"text-muted\">Intrinsically incubate intuitive opportunities and real-time potentialities Appropriately communicate\n                one-to-one technology.</p>\n\n            <p class=\"text-muted\"> Exercitation photo booth stumptown tote bag Banksy, elit small batch freegan sed. Craft beer elit\n                seitan exercitation, photo booth et 8-bit kale chips proident chillwave deep v laborum. Aliquip veniam delectus, Marfa\n                eiusmod Pinterest in do umami readymade swag.</p>','https://vista.com/','companies/8.png','10.823','106.633','4551 Virgil Mountain\nWandaview, ID 33679',3,3,3,NULL,'+16783751245',1993,'John Doe',3,'10','4M',NULL,NULL,NULL,NULL,NULL,0,'published',0,'2023-02-20 00:01:49','2023-02-20 00:01:49');

--
-- Table structure for table `jb_companies_accounts`
--

CREATE TABLE `jb_companies_accounts` (
  `company_id` int unsigned NOT NULL,
  `account_id` int unsigned NOT NULL
) ENGINE=InnoDB DEFAULT CHARSET=utf8mb4 COLLATE=utf8mb4_unicode_ci;

--
-- Dumping data for table `jb_companies_accounts`
--

INSERT INTO `jb_companies_accounts` VALUES (1,1),(1,4),(2,1),(2,4),(3,1),(3,4),(4,1),(4,4),(5,1),(5,4),(6,1),(6,4),(7,1),(7,4),(8,1),(8,4),(9,1),(9,4),(10,1),(10,4),(11,1),(11,4),(12,1),(12,4),(13,1),(13,4),(14,1),(14,4),(15,1),(15,4),(16,1),(16,4),(17,1),(17,4),(18,1),(18,4),(19,1),(19,4),(20,1),(20,4);

--
-- Table structure for table `jb_currencies`
--

CREATE TABLE `jb_currencies` (
  `id` bigint unsigned NOT NULL AUTO_INCREMENT,
  `title` varchar(60) COLLATE utf8mb4_unicode_ci NOT NULL,
  `symbol` varchar(10) COLLATE utf8mb4_unicode_ci NOT NULL,
  `is_prefix_symbol` tinyint unsigned NOT NULL DEFAULT '0',
  `decimals` tinyint unsigned NOT NULL DEFAULT '0',
  `order` int unsigned NOT NULL DEFAULT '0',
  `is_default` tinyint NOT NULL DEFAULT '0',
  `exchange_rate` double NOT NULL DEFAULT '1',
  `created_at` timestamp NULL DEFAULT NULL,
  `updated_at` timestamp NULL DEFAULT NULL,
  PRIMARY KEY (`id`)
) ENGINE=InnoDB AUTO_INCREMENT=4 DEFAULT CHARSET=utf8mb4 COLLATE=utf8mb4_unicode_ci;

--
-- Dumping data for table `jb_currencies`
--

INSERT INTO `jb_currencies` VALUES (1,'USD','$',1,0,0,1,1,'2023-02-20 00:01:49','2023-02-20 00:01:49'),(2,'EUR','€',0,0,1,0,0.84,'2023-02-20 00:01:49','2023-02-20 00:01:49'),(3,'VND','₫',0,0,1,0,23203,'2023-02-20 00:01:49','2023-02-20 00:01:49');

--
-- Table structure for table `jb_custom_field_options`
--

CREATE TABLE `jb_custom_field_options` (
  `id` bigint unsigned NOT NULL AUTO_INCREMENT,
  `custom_field_id` int unsigned NOT NULL,
  `label` varchar(191) COLLATE utf8mb4_unicode_ci DEFAULT NULL,
  `value` varchar(191) COLLATE utf8mb4_unicode_ci NOT NULL,
  `order` int NOT NULL DEFAULT '999',
  `created_at` timestamp NULL DEFAULT NULL,
  `updated_at` timestamp NULL DEFAULT NULL,
  PRIMARY KEY (`id`)
) ENGINE=InnoDB DEFAULT CHARSET=utf8mb4 COLLATE=utf8mb4_unicode_ci;

--
-- Dumping data for table `jb_custom_field_options`
--


--
-- Table structure for table `jb_custom_field_options_translations`
--

CREATE TABLE `jb_custom_field_options_translations` (
  `lang_code` varchar(191) COLLATE utf8mb4_unicode_ci NOT NULL,
  `jb_custom_field_options_id` int NOT NULL,
  `label` varchar(255) COLLATE utf8mb4_unicode_ci DEFAULT NULL,
  `value` varchar(255) COLLATE utf8mb4_unicode_ci DEFAULT NULL,
  PRIMARY KEY (`lang_code`,`jb_custom_field_options_id`)
) ENGINE=InnoDB DEFAULT CHARSET=utf8mb4 COLLATE=utf8mb4_unicode_ci;

--
-- Dumping data for table `jb_custom_field_options_translations`
--


--
-- Table structure for table `jb_custom_field_values`
--

CREATE TABLE `jb_custom_field_values` (
  `id` bigint unsigned NOT NULL AUTO_INCREMENT,
  `name` varchar(191) COLLATE utf8mb4_unicode_ci DEFAULT NULL,
  `value` varchar(191) COLLATE utf8mb4_unicode_ci DEFAULT NULL,
  `reference_type` varchar(191) COLLATE utf8mb4_unicode_ci NOT NULL,
  `reference_id` bigint unsigned NOT NULL,
  `custom_field_id` int unsigned DEFAULT NULL,
  `created_at` timestamp NULL DEFAULT NULL,
  `updated_at` timestamp NULL DEFAULT NULL,
  PRIMARY KEY (`id`),
  KEY `jb_custom_field_values_reference_type_reference_id_index` (`reference_type`,`reference_id`)
) ENGINE=InnoDB DEFAULT CHARSET=utf8mb4 COLLATE=utf8mb4_unicode_ci;

--
-- Dumping data for table `jb_custom_field_values`
--


--
-- Table structure for table `jb_custom_field_values_translations`
--

CREATE TABLE `jb_custom_field_values_translations` (
  `lang_code` varchar(191) COLLATE utf8mb4_unicode_ci NOT NULL,
  `jb_custom_field_values_id` int NOT NULL,
  `name` varchar(255) COLLATE utf8mb4_unicode_ci DEFAULT NULL,
  `value` varchar(255) COLLATE utf8mb4_unicode_ci DEFAULT NULL,
  PRIMARY KEY (`lang_code`,`jb_custom_field_values_id`)
) ENGINE=InnoDB DEFAULT CHARSET=utf8mb4 COLLATE=utf8mb4_unicode_ci;

--
-- Dumping data for table `jb_custom_field_values_translations`
--


--
-- Table structure for table `jb_custom_fields`
--

CREATE TABLE `jb_custom_fields` (
  `id` bigint unsigned NOT NULL AUTO_INCREMENT,
  `name` varchar(191) COLLATE utf8mb4_unicode_ci NOT NULL,
  `type` varchar(191) COLLATE utf8mb4_unicode_ci NOT NULL,
  `order` int NOT NULL DEFAULT '999',
  `is_global` tinyint(1) NOT NULL DEFAULT '0',
  `authorable_type` varchar(191) COLLATE utf8mb4_unicode_ci NOT NULL,
  `authorable_id` bigint unsigned NOT NULL,
  `created_at` timestamp NULL DEFAULT NULL,
  `updated_at` timestamp NULL DEFAULT NULL,
  PRIMARY KEY (`id`),
  KEY `jb_custom_fields_authorable_type_authorable_id_index` (`authorable_type`,`authorable_id`)
) ENGINE=InnoDB DEFAULT CHARSET=utf8mb4 COLLATE=utf8mb4_unicode_ci;

--
-- Dumping data for table `jb_custom_fields`
--


--
-- Table structure for table `jb_custom_fields_translations`
--

CREATE TABLE `jb_custom_fields_translations` (
  `lang_code` varchar(191) COLLATE utf8mb4_unicode_ci NOT NULL,
  `jb_custom_fields_id` int NOT NULL,
  `name` varchar(255) COLLATE utf8mb4_unicode_ci DEFAULT NULL,
  `type` varchar(60) COLLATE utf8mb4_unicode_ci DEFAULT NULL,
  PRIMARY KEY (`lang_code`,`jb_custom_fields_id`)
) ENGINE=InnoDB DEFAULT CHARSET=utf8mb4 COLLATE=utf8mb4_unicode_ci;

--
-- Dumping data for table `jb_custom_fields_translations`
--


--
-- Table structure for table `jb_degree_levels`
--

CREATE TABLE `jb_degree_levels` (
  `id` bigint unsigned NOT NULL AUTO_INCREMENT,
  `name` varchar(120) COLLATE utf8mb4_unicode_ci NOT NULL,
  `order` tinyint NOT NULL DEFAULT '0',
  `is_default` tinyint unsigned NOT NULL DEFAULT '0',
  `status` varchar(60) COLLATE utf8mb4_unicode_ci NOT NULL DEFAULT 'published',
  `created_at` timestamp NULL DEFAULT NULL,
  `updated_at` timestamp NULL DEFAULT NULL,
  PRIMARY KEY (`id`)
) ENGINE=InnoDB AUTO_INCREMENT=11 DEFAULT CHARSET=utf8mb4 COLLATE=utf8mb4_unicode_ci;

--
-- Dumping data for table `jb_degree_levels`
--

INSERT INTO `jb_degree_levels` VALUES (1,'Non-Matriculation',0,0,'published','2023-02-20 00:01:48','2023-02-20 00:01:48'),(2,'Matriculation/O-Level',0,0,'published','2023-02-20 00:01:48','2023-02-20 00:01:48'),(3,'Intermediate/A-Level',0,0,'published','2023-02-20 00:01:48','2023-02-20 00:01:48'),(4,'Bachelors',0,0,'published','2023-02-20 00:01:48','2023-02-20 00:01:48'),(5,'Masters',0,0,'published','2023-02-20 00:01:48','2023-02-20 00:01:48'),(6,'MPhil/MS',0,0,'published','2023-02-20 00:01:48','2023-02-20 00:01:48'),(7,'PHD/Doctorate',0,0,'published','2023-02-20 00:01:48','2023-02-20 00:01:48'),(8,'Certification',0,0,'published','2023-02-20 00:01:48','2023-02-20 00:01:48'),(9,'Diploma',0,0,'published','2023-02-20 00:01:48','2023-02-20 00:01:48'),(10,'Short Course',0,0,'published','2023-02-20 00:01:48','2023-02-20 00:01:48');

--
-- Table structure for table `jb_degree_levels_translations`
--

CREATE TABLE `jb_degree_levels_translations` (
  `lang_code` varchar(191) COLLATE utf8mb4_unicode_ci NOT NULL,
  `jb_degree_levels_id` int NOT NULL,
  `name` varchar(255) COLLATE utf8mb4_unicode_ci DEFAULT NULL,
  PRIMARY KEY (`lang_code`,`jb_degree_levels_id`)
) ENGINE=InnoDB DEFAULT CHARSET=utf8mb4 COLLATE=utf8mb4_unicode_ci;

--
-- Dumping data for table `jb_degree_levels_translations`
--


--
-- Table structure for table `jb_degree_types`
--

CREATE TABLE `jb_degree_types` (
  `id` bigint unsigned NOT NULL AUTO_INCREMENT,
  `name` varchar(120) COLLATE utf8mb4_unicode_ci NOT NULL,
  `degree_level_id` int unsigned NOT NULL,
  `order` tinyint NOT NULL DEFAULT '0',
  `is_default` tinyint unsigned NOT NULL DEFAULT '0',
  `status` varchar(60) COLLATE utf8mb4_unicode_ci NOT NULL DEFAULT 'published',
  `created_at` timestamp NULL DEFAULT NULL,
  `updated_at` timestamp NULL DEFAULT NULL,
  PRIMARY KEY (`id`)
) ENGINE=InnoDB AUTO_INCREMENT=34 DEFAULT CHARSET=utf8mb4 COLLATE=utf8mb4_unicode_ci;

--
-- Dumping data for table `jb_degree_types`
--

INSERT INTO `jb_degree_types` VALUES (1,'Matric in Arts',2,0,0,'published','2023-02-20 00:01:48','2023-02-20 00:01:48'),(2,'Matric in Science',2,0,0,'published','2023-02-20 00:01:48','2023-02-20 00:01:48'),(3,'O-Levels',2,0,0,'published','2023-02-20 00:01:48','2023-02-20 00:01:48'),(4,'A-Levels',3,0,0,'published','2023-02-20 00:01:48','2023-02-20 00:01:48'),(5,'Faculty of Arts',3,0,0,'published','2023-02-20 00:01:48','2023-02-20 00:01:48'),(6,'Faculty of Science (Pre-medical)',3,0,0,'published','2023-02-20 00:01:48','2023-02-20 00:01:48'),(7,'Faculty of Science (Pre-Engineering)',3,0,0,'published','2023-02-20 00:01:48','2023-02-20 00:01:48'),(8,'Intermediate in Computer Science',3,0,0,'published','2023-02-20 00:01:48','2023-02-20 00:01:48'),(9,'Intermediate in Commerce',3,0,0,'published','2023-02-20 00:01:48','2023-02-20 00:01:48'),(10,'Intermediate in General Science',3,0,0,'published','2023-02-20 00:01:48','2023-02-20 00:01:48'),(11,'Bachelors in Arts',4,0,0,'published','2023-02-20 00:01:48','2023-02-20 00:01:48'),(12,'Bachelors in Architecture',4,0,0,'published','2023-02-20 00:01:48','2023-02-20 00:01:48'),(13,'Bachelors in Business Administration',4,0,0,'published','2023-02-20 00:01:48','2023-02-20 00:01:48'),(14,'Bachelors in Commerce',4,0,0,'published','2023-02-20 00:01:48','2023-02-20 00:01:48'),(15,'Bachelors of Dental Surgery',4,0,0,'published','2023-02-20 00:01:48','2023-02-20 00:01:48'),(16,'Bachelors of Education',4,0,0,'published','2023-02-20 00:01:48','2023-02-20 00:01:48'),(17,'Bachelors in Engineering',4,0,0,'published','2023-02-20 00:01:48','2023-02-20 00:01:48'),(18,'Bachelors in Pharmacy',4,0,0,'published','2023-02-20 00:01:48','2023-02-20 00:01:48'),(19,'Bachelors in Science',4,0,0,'published','2023-02-20 00:01:48','2023-02-20 00:01:48'),(20,'Bachelors of Science in Nursing (Registered Nursing)',4,0,0,'published','2023-02-20 00:01:48','2023-02-20 00:01:48'),(21,'Bachelors in Law',4,0,0,'published','2023-02-20 00:01:48','2023-02-20 00:01:48'),(22,'Bachelors in Technology',4,0,0,'published','2023-02-20 00:01:48','2023-02-20 00:01:48'),(23,'BCS/BS',4,0,0,'published','2023-02-20 00:01:48','2023-02-20 00:01:48'),(24,'Doctor of Veterinary Medicine',4,0,0,'published','2023-02-20 00:01:48','2023-02-20 00:01:48'),(25,'MBBS',4,0,0,'published','2023-02-20 00:01:48','2023-02-20 00:01:48'),(26,'Post Registered Nursing B.S.',4,0,0,'published','2023-02-20 00:01:48','2023-02-20 00:01:48'),(27,'Masters in Arts',5,0,0,'published','2023-02-20 00:01:48','2023-02-20 00:01:48'),(28,'Masters in Business Administration',5,0,0,'published','2023-02-20 00:01:48','2023-02-20 00:01:48'),(29,'Masters in Commerce',5,0,0,'published','2023-02-20 00:01:48','2023-02-20 00:01:48'),(30,'Masters of Education',5,0,0,'published','2023-02-20 00:01:48','2023-02-20 00:01:48'),(31,'Masters in Law',5,0,0,'published','2023-02-20 00:01:48','2023-02-20 00:01:48'),(32,'Masters in Science',5,0,0,'published','2023-02-20 00:01:48','2023-02-20 00:01:48'),(33,'Executive Masters in Business Administration',5,0,0,'published','2023-02-20 00:01:48','2023-02-20 00:01:48');

--
-- Table structure for table `jb_degree_types_translations`
--

CREATE TABLE `jb_degree_types_translations` (
  `lang_code` varchar(191) COLLATE utf8mb4_unicode_ci NOT NULL,
  `jb_degree_types_id` int NOT NULL,
  `name` varchar(255) COLLATE utf8mb4_unicode_ci DEFAULT NULL,
  PRIMARY KEY (`lang_code`,`jb_degree_types_id`)
) ENGINE=InnoDB DEFAULT CHARSET=utf8mb4 COLLATE=utf8mb4_unicode_ci;

--
-- Dumping data for table `jb_degree_types_translations`
--


--
-- Table structure for table `jb_functional_areas`
--

CREATE TABLE `jb_functional_areas` (
  `id` bigint unsigned NOT NULL AUTO_INCREMENT,
  `name` varchar(120) COLLATE utf8mb4_unicode_ci NOT NULL,
  `order` tinyint NOT NULL DEFAULT '0',
  `is_default` tinyint unsigned NOT NULL DEFAULT '0',
  `status` varchar(60) COLLATE utf8mb4_unicode_ci NOT NULL DEFAULT 'published',
  `created_at` timestamp NULL DEFAULT NULL,
  `updated_at` timestamp NULL DEFAULT NULL,
  PRIMARY KEY (`id`)
) ENGINE=InnoDB AUTO_INCREMENT=157 DEFAULT CHARSET=utf8mb4 COLLATE=utf8mb4_unicode_ci;

--
-- Dumping data for table `jb_functional_areas`
--

INSERT INTO `jb_functional_areas` VALUES (1,'Accountant',0,0,'published','2023-02-20 00:01:48','2023-02-20 00:01:48'),(2,'Accounts, Finance & Financial Services',0,0,'published','2023-02-20 00:01:48','2023-02-20 00:01:48'),(3,'Admin',0,0,'published','2023-02-20 00:01:48','2023-02-20 00:01:48'),(4,'Admin Operation',0,0,'published','2023-02-20 00:01:48','2023-02-20 00:01:48'),(5,'Administration',0,0,'published','2023-02-20 00:01:48','2023-02-20 00:01:48'),(6,'Administration Clerical',0,0,'published','2023-02-20 00:01:48','2023-02-20 00:01:48'),(7,'Advertising',0,0,'published','2023-02-20 00:01:48','2023-02-20 00:01:48'),(8,'Advertising',0,0,'published','2023-02-20 00:01:48','2023-02-20 00:01:48'),(9,'Advertisement',0,0,'published','2023-02-20 00:01:48','2023-02-20 00:01:48'),(10,'Architects & Construction',0,0,'published','2023-02-20 00:01:48','2023-02-20 00:01:48'),(11,'Architecture',0,0,'published','2023-02-20 00:01:48','2023-02-20 00:01:48'),(12,'Bank Operation',0,0,'published','2023-02-20 00:01:48','2023-02-20 00:01:48'),(13,'Business Development',0,0,'published','2023-02-20 00:01:48','2023-02-20 00:01:48'),(14,'Business Management',0,0,'published','2023-02-20 00:01:48','2023-02-20 00:01:48'),(15,'Business Systems Analyst',0,0,'published','2023-02-20 00:01:48','2023-02-20 00:01:48'),(16,'Clerical',0,0,'published','2023-02-20 00:01:48','2023-02-20 00:01:48'),(17,'Client Services & Customer Support',0,0,'published','2023-02-20 00:01:48','2023-02-20 00:01:48'),(18,'Computer Hardware',0,0,'published','2023-02-20 00:01:48','2023-02-20 00:01:48'),(19,'Computer Networking',0,0,'published','2023-02-20 00:01:48','2023-02-20 00:01:48'),(20,'Consultant',0,0,'published','2023-02-20 00:01:48','2023-02-20 00:01:48'),(21,'Content Writer',0,0,'published','2023-02-20 00:01:48','2023-02-20 00:01:48'),(22,'Corporate Affairs',0,0,'published','2023-02-20 00:01:48','2023-02-20 00:01:48'),(23,'Creative Design',0,0,'published','2023-02-20 00:01:48','2023-02-20 00:01:48'),(24,'Creative Writer',0,0,'published','2023-02-20 00:01:48','2023-02-20 00:01:48'),(25,'Customer Support',0,0,'published','2023-02-20 00:01:48','2023-02-20 00:01:48'),(26,'Data Entry',0,0,'published','2023-02-20 00:01:48','2023-02-20 00:01:48'),(27,'Data Entry Operator',0,0,'published','2023-02-20 00:01:48','2023-02-20 00:01:48'),(28,'Database Administration (DBA)',0,0,'published','2023-02-20 00:01:48','2023-02-20 00:01:48'),(29,'Development',0,0,'published','2023-02-20 00:01:48','2023-02-20 00:01:48'),(30,'Distribution & Logistics',0,0,'published','2023-02-20 00:01:48','2023-02-20 00:01:48'),(31,'Education & Training',0,0,'published','2023-02-20 00:01:48','2023-02-20 00:01:48'),(32,'Electronics Technician',0,0,'published','2023-02-20 00:01:48','2023-02-20 00:01:48'),(33,'Engineering',0,0,'published','2023-02-20 00:01:48','2023-02-20 00:01:48'),(34,'Engineering Construction',0,0,'published','2023-02-20 00:01:48','2023-02-20 00:01:48'),(35,'Executive Management',0,0,'published','2023-02-20 00:01:48','2023-02-20 00:01:48'),(36,'Executive Secretary',0,0,'published','2023-02-20 00:01:48','2023-02-20 00:01:48'),(37,'Field Operations',0,0,'published','2023-02-20 00:01:48','2023-02-20 00:01:48'),(38,'Front Desk Clerk',0,0,'published','2023-02-20 00:01:48','2023-02-20 00:01:48'),(39,'Front Desk Officer',0,0,'published','2023-02-20 00:01:48','2023-02-20 00:01:48'),(40,'Graphic Design',0,0,'published','2023-02-20 00:01:48','2023-02-20 00:01:48'),(41,'Hardware',0,0,'published','2023-02-20 00:01:48','2023-02-20 00:01:48'),(42,'Health & Medicine',0,0,'published','2023-02-20 00:01:48','2023-02-20 00:01:48'),(43,'Health & Safety',0,0,'published','2023-02-20 00:01:48','2023-02-20 00:01:48'),(44,'Health Care',0,0,'published','2023-02-20 00:01:48','2023-02-20 00:01:48'),(45,'Health Related',0,0,'published','2023-02-20 00:01:48','2023-02-20 00:01:48'),(46,'Hotel Management',0,0,'published','2023-02-20 00:01:48','2023-02-20 00:01:48'),(47,'Hotel/Restaurant Management',0,0,'published','2023-02-20 00:01:48','2023-02-20 00:01:48'),(48,'HR',0,0,'published','2023-02-20 00:01:48','2023-02-20 00:01:48'),(49,'Human Resources',0,0,'published','2023-02-20 00:01:48','2023-02-20 00:01:48'),(50,'Import & Export',0,0,'published','2023-02-20 00:01:48','2023-02-20 00:01:48'),(51,'Industrial Production',0,0,'published','2023-02-20 00:01:48','2023-02-20 00:01:48'),(52,'Installation & Repair',0,0,'published','2023-02-20 00:01:48','2023-02-20 00:01:48'),(53,'Interior Designers & Architects',0,0,'published','2023-02-20 00:01:48','2023-02-20 00:01:48'),(54,'Intern',0,0,'published','2023-02-20 00:01:48','2023-02-20 00:01:48'),(55,'Internship',0,0,'published','2023-02-20 00:01:48','2023-02-20 00:01:48'),(56,'Investment Operations',0,0,'published','2023-02-20 00:01:48','2023-02-20 00:01:48'),(57,'IT Security',0,0,'published','2023-02-20 00:01:48','2023-02-20 00:01:48'),(58,'IT Systems Analyst',0,0,'published','2023-02-20 00:01:48','2023-02-20 00:01:48'),(59,'Legal & Corporate Affairs',0,0,'published','2023-02-20 00:01:48','2023-02-20 00:01:48'),(60,'Legal Affairs',0,0,'published','2023-02-20 00:01:48','2023-02-20 00:01:48'),(61,'Legal Research',0,0,'published','2023-02-20 00:01:48','2023-02-20 00:01:48'),(62,'Logistics & Warehousing',0,0,'published','2023-02-20 00:01:48','2023-02-20 00:01:48'),(63,'Maintenance/Repair',0,0,'published','2023-02-20 00:01:48','2023-02-20 00:01:48'),(64,'Management Consulting',0,0,'published','2023-02-20 00:01:48','2023-02-20 00:01:48'),(65,'Management Information System (MIS)',0,0,'published','2023-02-20 00:01:48','2023-02-20 00:01:48'),(66,'Managerial',0,0,'published','2023-02-20 00:01:48','2023-02-20 00:01:48'),(67,'Manufacturing',0,0,'published','2023-02-20 00:01:48','2023-02-20 00:01:48'),(68,'Manufacturing & Operations',0,0,'published','2023-02-20 00:01:48','2023-02-20 00:01:48'),(69,'Marketing',0,0,'published','2023-02-20 00:01:48','2023-02-20 00:01:48'),(70,'Marketing',0,0,'published','2023-02-20 00:01:48','2023-02-20 00:01:48'),(71,'Media - Print & Electronic',0,0,'published','2023-02-20 00:01:48','2023-02-20 00:01:48'),(72,'Media & Advertising',0,0,'published','2023-02-20 00:01:48','2023-02-20 00:01:48'),(73,'Medical',0,0,'published','2023-02-20 00:01:48','2023-02-20 00:01:48'),(74,'Medicine',0,0,'published','2023-02-20 00:01:48','2023-02-20 00:01:48'),(75,'Merchandising',0,0,'published','2023-02-20 00:01:48','2023-02-20 00:01:48'),(76,'Merchandising & Product Management',0,0,'published','2023-02-20 00:01:48','2023-02-20 00:01:48'),(77,'Monitoring & Evaluation (M&E)',0,0,'published','2023-02-20 00:01:48','2023-02-20 00:01:48'),(78,'Network Administration',0,0,'published','2023-02-20 00:01:48','2023-02-20 00:01:48'),(79,'Network Operation',0,0,'published','2023-02-20 00:01:48','2023-02-20 00:01:48'),(80,'Online Advertising',0,0,'published','2023-02-20 00:01:48','2023-02-20 00:01:48'),(81,'Online Marketing',0,0,'published','2023-02-20 00:01:48','2023-02-20 00:01:48'),(82,'Operations',0,0,'published','2023-02-20 00:01:48','2023-02-20 00:01:48'),(83,'Planning',0,0,'published','2023-02-20 00:01:48','2023-02-20 00:01:48'),(84,'Planning & Development',0,0,'published','2023-02-20 00:01:48','2023-02-20 00:01:48'),(85,'PR',0,0,'published','2023-02-20 00:01:48','2023-02-20 00:01:48'),(86,'Print Media',0,0,'published','2023-02-20 00:01:48','2023-02-20 00:01:48'),(87,'Printing',0,0,'published','2023-02-20 00:01:48','2023-02-20 00:01:48'),(88,'Procurement',0,0,'published','2023-02-20 00:01:48','2023-02-20 00:01:48'),(89,'Product Developer',0,0,'published','2023-02-20 00:01:48','2023-02-20 00:01:48'),(90,'Product Development',0,0,'published','2023-02-20 00:01:48','2023-02-20 00:01:48'),(91,'Product Development',0,0,'published','2023-02-20 00:01:48','2023-02-20 00:01:48'),(92,'Product Management',0,0,'published','2023-02-20 00:01:48','2023-02-20 00:01:48'),(93,'Production',0,0,'published','2023-02-20 00:01:48','2023-02-20 00:01:48'),(94,'Production & Quality Control',0,0,'published','2023-02-20 00:01:48','2023-02-20 00:01:48'),(95,'Project Management',0,0,'published','2023-02-20 00:01:48','2023-02-20 00:01:48'),(96,'Project Management Consultant',0,0,'published','2023-02-20 00:01:48','2023-02-20 00:01:48'),(97,'Public Relations',0,0,'published','2023-02-20 00:01:48','2023-02-20 00:01:48'),(98,'QA',0,0,'published','2023-02-20 00:01:48','2023-02-20 00:01:48'),(99,'QC',0,0,'published','2023-02-20 00:01:48','2023-02-20 00:01:48'),(100,'Qualitative Research',0,0,'published','2023-02-20 00:01:48','2023-02-20 00:01:48'),(101,'Quality Assurance (QA)',0,0,'published','2023-02-20 00:01:48','2023-02-20 00:01:48'),(102,'Quality Control',0,0,'published','2023-02-20 00:01:48','2023-02-20 00:01:48'),(103,'Quality Inspection',0,0,'published','2023-02-20 00:01:48','2023-02-20 00:01:48'),(104,'Recruiting',0,0,'published','2023-02-20 00:01:48','2023-02-20 00:01:48'),(105,'Recruitment',0,0,'published','2023-02-20 00:01:48','2023-02-20 00:01:48'),(106,'Repair & Overhaul',0,0,'published','2023-02-20 00:01:48','2023-02-20 00:01:48'),(107,'Research & Development (R&D)',0,0,'published','2023-02-20 00:01:48','2023-02-20 00:01:48'),(108,'Research & Evaluation',0,0,'published','2023-02-20 00:01:48','2023-02-20 00:01:48'),(109,'Research & Fellowships',0,0,'published','2023-02-20 00:01:48','2023-02-20 00:01:48'),(110,'Researcher',0,0,'published','2023-02-20 00:01:48','2023-02-20 00:01:48'),(111,'Restaurant Management',0,0,'published','2023-02-20 00:01:48','2023-02-20 00:01:48'),(112,'Retail',0,0,'published','2023-02-20 00:01:48','2023-02-20 00:01:48'),(113,'Retail & Wholesale',0,0,'published','2023-02-20 00:01:48','2023-02-20 00:01:48'),(114,'Retail Buyer',0,0,'published','2023-02-20 00:01:48','2023-02-20 00:01:48'),(115,'Retail Buying',0,0,'published','2023-02-20 00:01:48','2023-02-20 00:01:48'),(116,'Retail Merchandising',0,0,'published','2023-02-20 00:01:48','2023-02-20 00:01:48'),(117,'Safety & Environment',0,0,'published','2023-02-20 00:01:48','2023-02-20 00:01:48'),(118,'Sales',0,0,'published','2023-02-20 00:01:48','2023-02-20 00:01:48'),(119,'Sales & Business Development',0,0,'published','2023-02-20 00:01:48','2023-02-20 00:01:48'),(120,'Sales Support',0,0,'published','2023-02-20 00:01:48','2023-02-20 00:01:48'),(121,'Search Engine Optimization (SEO)',0,0,'published','2023-02-20 00:01:48','2023-02-20 00:01:48'),(122,'Secretarial, Clerical & Front Office',0,0,'published','2023-02-20 00:01:48','2023-02-20 00:01:48'),(123,'Security',0,0,'published','2023-02-20 00:01:48','2023-02-20 00:01:48'),(124,'Security & Environment',0,0,'published','2023-02-20 00:01:48','2023-02-20 00:01:48'),(125,'Security Guard',0,0,'published','2023-02-20 00:01:48','2023-02-20 00:01:48'),(126,'SEM',0,0,'published','2023-02-20 00:01:48','2023-02-20 00:01:48'),(127,'SMO',0,0,'published','2023-02-20 00:01:48','2023-02-20 00:01:48'),(128,'Software & Web Development',0,0,'published','2023-02-20 00:01:48','2023-02-20 00:01:48'),(129,'Software Engineer',0,0,'published','2023-02-20 00:01:48','2023-02-20 00:01:48'),(130,'Software Testing',0,0,'published','2023-02-20 00:01:48','2023-02-20 00:01:48'),(131,'Stores & Warehousing',0,0,'published','2023-02-20 00:01:48','2023-02-20 00:01:48'),(132,'Supply Chain',0,0,'published','2023-02-20 00:01:48','2023-02-20 00:01:48'),(133,'Supply Chain Management',0,0,'published','2023-02-20 00:01:48','2023-02-20 00:01:48'),(134,'Systems Analyst',0,0,'published','2023-02-20 00:01:48','2023-02-20 00:01:48'),(135,'Teachers/Education, Training & Development',0,0,'published','2023-02-20 00:01:48','2023-02-20 00:01:48'),(136,'Technical Writer',0,0,'published','2023-02-20 00:01:48','2023-02-20 00:01:48'),(137,'Tele Sale Representative',0,0,'published','2023-02-20 00:01:48','2023-02-20 00:01:48'),(138,'Telemarketing',0,0,'published','2023-02-20 00:01:48','2023-02-20 00:01:48'),(139,'Training & Development',0,0,'published','2023-02-20 00:01:48','2023-02-20 00:01:48'),(140,'Transportation & Warehousing',0,0,'published','2023-02-20 00:01:48','2023-02-20 00:01:48'),(141,'TSR',0,0,'published','2023-02-20 00:01:48','2023-02-20 00:01:48'),(142,'Typing',0,0,'published','2023-02-20 00:01:48','2023-02-20 00:01:48'),(143,'Warehousing',0,0,'published','2023-02-20 00:01:48','2023-02-20 00:01:48'),(144,'Web Developer',0,0,'published','2023-02-20 00:01:48','2023-02-20 00:01:48'),(145,'Web Marketing',0,0,'published','2023-02-20 00:01:48','2023-02-20 00:01:48'),(146,'Writer',0,0,'published','2023-02-20 00:01:48','2023-02-20 00:01:48'),(147,'PR',0,0,'published','2023-02-20 00:01:48','2023-02-20 00:01:48'),(148,'QA',0,0,'published','2023-02-20 00:01:48','2023-02-20 00:01:48'),(149,'QC',0,0,'published','2023-02-20 00:01:48','2023-02-20 00:01:48'),(150,'SEM',0,0,'published','2023-02-20 00:01:48','2023-02-20 00:01:48'),(151,'SMO',0,0,'published','2023-02-20 00:01:48','2023-02-20 00:01:48'),(152,'TSR',0,0,'published','2023-02-20 00:01:48','2023-02-20 00:01:48'),(153,'HR',0,0,'published','2023-02-20 00:01:48','2023-02-20 00:01:48'),(154,'QA',0,0,'published','2023-02-20 00:01:48','2023-02-20 00:01:48'),(155,'QC',0,0,'published','2023-02-20 00:01:48','2023-02-20 00:01:48'),(156,'SEM',0,0,'published','2023-02-20 00:01:48','2023-02-20 00:01:48');

--
-- Table structure for table `jb_functional_areas_translations`
--

CREATE TABLE `jb_functional_areas_translations` (
  `lang_code` varchar(191) COLLATE utf8mb4_unicode_ci NOT NULL,
  `jb_functional_areas_id` int NOT NULL,
  `name` varchar(255) COLLATE utf8mb4_unicode_ci DEFAULT NULL,
  PRIMARY KEY (`lang_code`,`jb_functional_areas_id`)
) ENGINE=InnoDB DEFAULT CHARSET=utf8mb4 COLLATE=utf8mb4_unicode_ci;

--
-- Dumping data for table `jb_functional_areas_translations`
--


--
-- Table structure for table `jb_invoice_items`
--

CREATE TABLE `jb_invoice_items` (
  `id` bigint unsigned NOT NULL AUTO_INCREMENT,
  `invoice_id` bigint unsigned NOT NULL,
  `reference_type` varchar(191) COLLATE utf8mb4_unicode_ci NOT NULL,
  `reference_id` bigint unsigned NOT NULL,
  `name` varchar(191) COLLATE utf8mb4_unicode_ci NOT NULL,
  `description` varchar(191) COLLATE utf8mb4_unicode_ci DEFAULT NULL,
  `image` varchar(191) COLLATE utf8mb4_unicode_ci DEFAULT NULL,
  `qty` int unsigned NOT NULL,
  `sub_total` decimal(15,2) unsigned NOT NULL,
  `tax_amount` decimal(15,2) unsigned NOT NULL DEFAULT '0.00',
  `discount_amount` decimal(15,2) unsigned NOT NULL DEFAULT '0.00',
  `amount` decimal(15,2) unsigned NOT NULL,
  `metadata` text COLLATE utf8mb4_unicode_ci,
  `created_at` timestamp NULL DEFAULT NULL,
  `updated_at` timestamp NULL DEFAULT NULL,
  PRIMARY KEY (`id`),
  KEY `jb_invoice_items_reference_type_reference_id_index` (`reference_type`,`reference_id`)
) ENGINE=InnoDB DEFAULT CHARSET=utf8mb4 COLLATE=utf8mb4_unicode_ci;

--
-- Dumping data for table `jb_invoice_items`
--


--
-- Table structure for table `jb_invoices`
--

CREATE TABLE `jb_invoices` (
  `id` bigint unsigned NOT NULL AUTO_INCREMENT,
  `reference_type` varchar(191) COLLATE utf8mb4_unicode_ci NOT NULL,
  `reference_id` bigint unsigned NOT NULL,
  `code` varchar(191) COLLATE utf8mb4_unicode_ci NOT NULL,
  `customer_name` varchar(191) COLLATE utf8mb4_unicode_ci NOT NULL,
  `company_name` varchar(191) COLLATE utf8mb4_unicode_ci DEFAULT NULL,
  `company_logo` varchar(191) COLLATE utf8mb4_unicode_ci DEFAULT NULL,
  `customer_email` varchar(191) COLLATE utf8mb4_unicode_ci NOT NULL,
  `customer_phone` varchar(191) COLLATE utf8mb4_unicode_ci DEFAULT NULL,
  `customer_address` varchar(191) COLLATE utf8mb4_unicode_ci DEFAULT NULL,
  `customer_tax_id` varchar(191) COLLATE utf8mb4_unicode_ci DEFAULT NULL,
  `sub_total` decimal(15,2) unsigned NOT NULL,
  `tax_amount` decimal(15,2) unsigned NOT NULL DEFAULT '0.00',
  `shipping_amount` decimal(15,2) unsigned NOT NULL DEFAULT '0.00',
  `discount_amount` decimal(15,2) unsigned NOT NULL DEFAULT '0.00',
  `amount` decimal(15,2) unsigned NOT NULL,
  `payment_id` int unsigned DEFAULT NULL,
  `status` varchar(191) COLLATE utf8mb4_unicode_ci NOT NULL DEFAULT 'pending',
  `paid_at` timestamp NULL DEFAULT NULL,
  `created_at` timestamp NULL DEFAULT NULL,
  `updated_at` timestamp NULL DEFAULT NULL,
  PRIMARY KEY (`id`),
  UNIQUE KEY `jb_invoices_code_unique` (`code`),
  KEY `jb_invoices_reference_type_reference_id_index` (`reference_type`,`reference_id`),
  KEY `jb_invoices_payment_id_index` (`payment_id`),
  KEY `jb_invoices_status_index` (`status`)
) ENGINE=InnoDB DEFAULT CHARSET=utf8mb4 COLLATE=utf8mb4_unicode_ci;

--
-- Dumping data for table `jb_invoices`
--


--
-- Table structure for table `jb_job_experiences`
--

CREATE TABLE `jb_job_experiences` (
  `id` bigint unsigned NOT NULL AUTO_INCREMENT,
  `name` varchar(120) COLLATE utf8mb4_unicode_ci NOT NULL,
  `order` tinyint NOT NULL DEFAULT '0',
  `is_default` tinyint unsigned NOT NULL DEFAULT '0',
  `status` varchar(60) COLLATE utf8mb4_unicode_ci NOT NULL DEFAULT 'published',
  `created_at` timestamp NULL DEFAULT NULL,
  `updated_at` timestamp NULL DEFAULT NULL,
  PRIMARY KEY (`id`)
) ENGINE=InnoDB AUTO_INCREMENT=13 DEFAULT CHARSET=utf8mb4 COLLATE=utf8mb4_unicode_ci;

--
-- Dumping data for table `jb_job_experiences`
--

INSERT INTO `jb_job_experiences` VALUES (1,'Fresh',0,0,'published','2023-02-20 00:01:49','2023-02-20 00:01:49'),(2,'Less Than 1 Year',0,0,'published','2023-02-20 00:01:49','2023-02-20 00:01:49'),(3,'1 Year',0,0,'published','2023-02-20 00:01:49','2023-02-20 00:01:49'),(4,'2 Year',0,0,'published','2023-02-20 00:01:49','2023-02-20 00:01:49'),(5,'3 Year',0,0,'published','2023-02-20 00:01:49','2023-02-20 00:01:49'),(6,'4 Year',0,0,'published','2023-02-20 00:01:49','2023-02-20 00:01:49'),(7,'5 Year',0,0,'published','2023-02-20 00:01:49','2023-02-20 00:01:49'),(8,'6 Year',0,0,'published','2023-02-20 00:01:49','2023-02-20 00:01:49'),(9,'7 Year',0,0,'published','2023-02-20 00:01:49','2023-02-20 00:01:49'),(10,'8 Year',0,0,'published','2023-02-20 00:01:49','2023-02-20 00:01:49'),(11,'9 Year',0,0,'published','2023-02-20 00:01:49','2023-02-20 00:01:49'),(12,'10 Year',0,0,'published','2023-02-20 00:01:49','2023-02-20 00:01:49');

--
-- Table structure for table `jb_job_experiences_translations`
--

CREATE TABLE `jb_job_experiences_translations` (
  `lang_code` varchar(191) COLLATE utf8mb4_unicode_ci NOT NULL,
  `jb_job_experiences_id` int NOT NULL,
  `name` varchar(255) COLLATE utf8mb4_unicode_ci DEFAULT NULL,
  PRIMARY KEY (`lang_code`,`jb_job_experiences_id`)
) ENGINE=InnoDB DEFAULT CHARSET=utf8mb4 COLLATE=utf8mb4_unicode_ci;

--
-- Dumping data for table `jb_job_experiences_translations`
--

INSERT INTO `jb_job_experiences_translations` VALUES ('vi',1,'Mới'),('vi',2,'Dưới 1 năm'),('vi',3,'1 Năm'),('vi',4,'2 Năm'),('vi',5,'3 Năm'),('vi',6,'4 Năm'),('vi',7,'5 Năm'),('vi',8,'6 Năm'),('vi',9,'7 Năm'),('vi',10,'8 Năm'),('vi',11,'9 Năm'),('vi',12,'10 Năm');

--
-- Table structure for table `jb_job_shifts`
--

CREATE TABLE `jb_job_shifts` (
  `id` bigint unsigned NOT NULL AUTO_INCREMENT,
  `name` varchar(120) COLLATE utf8mb4_unicode_ci NOT NULL,
  `order` tinyint NOT NULL DEFAULT '0',
  `is_default` tinyint unsigned NOT NULL DEFAULT '0',
  `status` varchar(60) COLLATE utf8mb4_unicode_ci NOT NULL DEFAULT 'published',
  `created_at` timestamp NULL DEFAULT NULL,
  `updated_at` timestamp NULL DEFAULT NULL,
  PRIMARY KEY (`id`)
) ENGINE=InnoDB AUTO_INCREMENT=5 DEFAULT CHARSET=utf8mb4 COLLATE=utf8mb4_unicode_ci;

--
-- Dumping data for table `jb_job_shifts`
--

INSERT INTO `jb_job_shifts` VALUES (1,'First Shift (Day)',0,0,'published','2023-02-20 00:01:49','2023-02-20 00:01:49'),(2,'Second Shift (Afternoon)',0,0,'published','2023-02-20 00:01:49','2023-02-20 00:01:49'),(3,'Third Shift (Night)',0,0,'published','2023-02-20 00:01:49','2023-02-20 00:01:49'),(4,'Rotating',0,0,'published','2023-02-20 00:01:49','2023-02-20 00:01:49');

--
-- Table structure for table `jb_job_shifts_translations`
--

CREATE TABLE `jb_job_shifts_translations` (
  `lang_code` varchar(191) COLLATE utf8mb4_unicode_ci NOT NULL,
  `jb_job_shifts_id` int NOT NULL,
  `name` varchar(255) COLLATE utf8mb4_unicode_ci DEFAULT NULL,
  PRIMARY KEY (`lang_code`,`jb_job_shifts_id`)
) ENGINE=InnoDB DEFAULT CHARSET=utf8mb4 COLLATE=utf8mb4_unicode_ci;

--
-- Dumping data for table `jb_job_shifts_translations`
--


--
-- Table structure for table `jb_job_skills`
--

CREATE TABLE `jb_job_skills` (
  `id` bigint unsigned NOT NULL AUTO_INCREMENT,
  `name` varchar(120) COLLATE utf8mb4_unicode_ci NOT NULL,
  `order` tinyint NOT NULL DEFAULT '0',
  `is_default` tinyint unsigned NOT NULL DEFAULT '0',
  `status` varchar(60) COLLATE utf8mb4_unicode_ci NOT NULL DEFAULT 'published',
  `created_at` timestamp NULL DEFAULT NULL,
  `updated_at` timestamp NULL DEFAULT NULL,
  PRIMARY KEY (`id`)
) ENGINE=InnoDB AUTO_INCREMENT=7 DEFAULT CHARSET=utf8mb4 COLLATE=utf8mb4_unicode_ci;

--
-- Dumping data for table `jb_job_skills`
--

INSERT INTO `jb_job_skills` VALUES (1,'Javascript',0,0,'published','2023-02-20 00:01:49','2023-02-20 00:01:49'),(2,'PHP',0,0,'published','2023-02-20 00:01:49','2023-02-20 00:01:49'),(3,'Python',0,0,'published','2023-02-20 00:01:49','2023-02-20 00:01:49'),(4,'Laravel',0,0,'published','2023-02-20 00:01:49','2023-02-20 00:01:49'),(5,'CakePHP',0,0,'published','2023-02-20 00:01:49','2023-02-20 00:01:49'),(6,'Wordpress',0,0,'published','2023-02-20 00:01:49','2023-02-20 00:01:49');

--
-- Table structure for table `jb_job_skills_translations`
--

CREATE TABLE `jb_job_skills_translations` (
  `lang_code` varchar(191) COLLATE utf8mb4_unicode_ci NOT NULL,
  `jb_job_skills_id` int NOT NULL,
  `name` varchar(255) COLLATE utf8mb4_unicode_ci DEFAULT NULL,
  PRIMARY KEY (`lang_code`,`jb_job_skills_id`)
) ENGINE=InnoDB DEFAULT CHARSET=utf8mb4 COLLATE=utf8mb4_unicode_ci;

--
-- Dumping data for table `jb_job_skills_translations`
--


--
-- Table structure for table `jb_job_types`
--

CREATE TABLE `jb_job_types` (
  `id` bigint unsigned NOT NULL AUTO_INCREMENT,
  `name` varchar(120) COLLATE utf8mb4_unicode_ci NOT NULL,
  `order` tinyint NOT NULL DEFAULT '0',
  `is_default` tinyint unsigned NOT NULL DEFAULT '0',
  `status` varchar(60) COLLATE utf8mb4_unicode_ci NOT NULL DEFAULT 'published',
  `created_at` timestamp NULL DEFAULT NULL,
  `updated_at` timestamp NULL DEFAULT NULL,
  PRIMARY KEY (`id`)
) ENGINE=InnoDB AUTO_INCREMENT=6 DEFAULT CHARSET=utf8mb4 COLLATE=utf8mb4_unicode_ci;

--
-- Dumping data for table `jb_job_types`
--

INSERT INTO `jb_job_types` VALUES (1,'Contract',0,0,'published','2023-02-20 00:01:49','2023-02-20 00:01:49'),(2,'Freelance',0,0,'published','2023-02-20 00:01:49','2023-02-20 00:01:49'),(3,'Full Time',0,1,'published','2023-02-20 00:01:49','2023-02-20 00:01:49'),(4,'Internship',0,0,'published','2023-02-20 00:01:49','2023-02-20 00:01:49'),(5,'Part Time',0,0,'published','2023-02-20 00:01:49','2023-02-20 00:01:49');

--
-- Table structure for table `jb_job_types_translations`
--

CREATE TABLE `jb_job_types_translations` (
  `lang_code` varchar(191) COLLATE utf8mb4_unicode_ci NOT NULL,
  `jb_job_types_id` int NOT NULL,
  `name` varchar(255) COLLATE utf8mb4_unicode_ci DEFAULT NULL,
  PRIMARY KEY (`lang_code`,`jb_job_types_id`)
) ENGINE=InnoDB DEFAULT CHARSET=utf8mb4 COLLATE=utf8mb4_unicode_ci;

--
-- Dumping data for table `jb_job_types_translations`
--


--
-- Table structure for table `jb_jobs`
--

CREATE TABLE `jb_jobs` (
  `id` bigint unsigned NOT NULL AUTO_INCREMENT,
  `name` varchar(120) COLLATE utf8mb4_unicode_ci NOT NULL,
  `description` text COLLATE utf8mb4_unicode_ci,
  `content` text COLLATE utf8mb4_unicode_ci,
  `apply_url` varchar(255) COLLATE utf8mb4_unicode_ci DEFAULT NULL,
  `company_id` int unsigned DEFAULT NULL,
  `address` varchar(255) COLLATE utf8mb4_unicode_ci DEFAULT NULL,
  `country_id` int unsigned DEFAULT '1',
  `state_id` int unsigned DEFAULT NULL,
  `city_id` int unsigned DEFAULT NULL,
  `is_freelance` tinyint unsigned NOT NULL DEFAULT '0',
  `career_level_id` int unsigned DEFAULT NULL,
  `salary_from` decimal(15,2) unsigned DEFAULT NULL,
  `salary_to` decimal(15,2) unsigned DEFAULT NULL,
  `salary_range` varchar(30) COLLATE utf8mb4_unicode_ci NOT NULL DEFAULT 'hour',
  `currency_id` int unsigned DEFAULT NULL,
  `degree_level_id` int unsigned DEFAULT NULL,
  `job_shift_id` int unsigned DEFAULT NULL,
  `job_experience_id` int unsigned DEFAULT NULL,
  `functional_area_id` int unsigned DEFAULT NULL,
  `hide_salary` tinyint(1) NOT NULL DEFAULT '0',
  `number_of_positions` int unsigned NOT NULL DEFAULT '1',
  `expire_date` date DEFAULT NULL,
  `author_id` int DEFAULT NULL,
  `author_type` varchar(255) COLLATE utf8mb4_unicode_ci NOT NULL DEFAULT 'Botble\\ACL\\Models\\User',
  `views` int unsigned NOT NULL DEFAULT '0',
  `number_of_applied` int unsigned NOT NULL DEFAULT '0',
  `hide_company` tinyint(1) NOT NULL DEFAULT '0',
  `latitude` varchar(25) COLLATE utf8mb4_unicode_ci DEFAULT NULL,
  `longitude` varchar(25) COLLATE utf8mb4_unicode_ci DEFAULT NULL,
  `auto_renew` tinyint(1) NOT NULL DEFAULT '0',
  `external_apply_clicks` int unsigned NOT NULL DEFAULT '0',
  `never_expired` tinyint(1) NOT NULL DEFAULT '0',
  `is_featured` tinyint NOT NULL DEFAULT '0',
  `status` varchar(60) COLLATE utf8mb4_unicode_ci NOT NULL DEFAULT 'published',
  `moderation_status` varchar(60) COLLATE utf8mb4_unicode_ci NOT NULL DEFAULT 'pending',
  `created_at` timestamp NULL DEFAULT NULL,
  `updated_at` timestamp NULL DEFAULT NULL,
  `employer_colleagues` text COLLATE utf8mb4_unicode_ci,
  `start_date` date DEFAULT NULL,
  `application_closing_date` date DEFAULT NULL,
  PRIMARY KEY (`id`)
) ENGINE=InnoDB AUTO_INCREMENT=52 DEFAULT CHARSET=utf8mb4 COLLATE=utf8mb4_unicode_ci;

--
-- Dumping data for table `jb_jobs`
--

INSERT INTO `jb_jobs` VALUES (1,'UI / UX Designer fulltime','Atque doloribus corrupti eveniet sint id asperiores voluptas. Perferendis asperiores nobis neque et a vel. Debitis consequatur commodi earum occaecati.','<h5>Responsibilities</h5>\n                <div>\n                    <p>As a Product Designer, you will work within a Product Delivery Team fused with UX, engineering, product and data talent.</p>\n                    <ul>\n                        <li>Have sound knowledge of commercial activities.</li>\n                        <li>Build next-generation web applications with a focus on the client side</li>\n                        <li>Work on multiple projects at once, and consistently meet draft deadlines</li>\n                        <li>have already graduated or are currently in any year of study</li>\n                        <li>Revise the work of previous designers to create a unified aesthetic for our brand materials</li>\n                    </ul>\n                </div>\n                <h5>Qualification </h5>\n                <div>\n                    <ul>\n                        <li>B.C.A / M.C.A under National University course complete.</li>\n                        <li>3 or more years of professional design experience</li>\n                        <li>have already graduated or are currently in any year of study</li>\n                        <li>Advanced degree or equivalent experience in graphic and web design</li>\n                    </ul>\n                </div>',NULL,4,NULL,4,4,4,0,2,800.00,2600.00,'hourly',0,2,1,5,56,0,10,'2023-03-05',1,'Botble\\JobBoard\\Models\\Account',0,0,0,'37.774929','-122.419416',0,0,0,1,'published','approved','2023-02-03 05:13:16','2023-02-20 00:01:49',NULL,NULL,NULL),(2,'Full Stack Engineer','Aut iste vel accusantium sequi dolore. Maxime voluptatibus eligendi illo ipsam. Molestiae necessitatibus laborum dolore sit et animi est qui. Voluptatem dolorem quaerat ducimus.','<h5>Responsibilities</h5>\n                <div>\n                    <p>As a Product Designer, you will work within a Product Delivery Team fused with UX, engineering, product and data talent.</p>\n                    <ul>\n                        <li>Have sound knowledge of commercial activities.</li>\n                        <li>Build next-generation web applications with a focus on the client side</li>\n                        <li>Work on multiple projects at once, and consistently meet draft deadlines</li>\n                        <li>have already graduated or are currently in any year of study</li>\n                        <li>Revise the work of previous designers to create a unified aesthetic for our brand materials</li>\n                    </ul>\n                </div>\n                <h5>Qualification </h5>\n                <div>\n                    <ul>\n                        <li>B.C.A / M.C.A under National University course complete.</li>\n                        <li>3 or more years of professional design experience</li>\n                        <li>have already graduated or are currently in any year of study</li>\n                        <li>Advanced degree or equivalent experience in graphic and web design</li>\n                    </ul>\n                </div>','https://google.com',19,NULL,2,2,2,0,5,1000.00,2200.00,'monthly',0,8,4,5,76,0,3,'2023-03-06',1,'Botble\\JobBoard\\Models\\Account',0,0,0,'10.823','106.633',0,0,0,0,'published','approved','2022-12-26 13:04:49','2023-02-20 00:01:49',NULL,NULL,NULL),(3,'Java Software Engineer','Cupiditate earum aperiam nihil omnis ea ea. Molestiae unde adipisci vel aspernatur amet. Earum et molestiae sit.','<h5>Responsibilities</h5>\n                <div>\n                    <p>As a Product Designer, you will work within a Product Delivery Team fused with UX, engineering, product and data talent.</p>\n                    <ul>\n                        <li>Have sound knowledge of commercial activities.</li>\n                        <li>Build next-generation web applications with a focus on the client side</li>\n                        <li>Work on multiple projects at once, and consistently meet draft deadlines</li>\n                        <li>have already graduated or are currently in any year of study</li>\n                        <li>Revise the work of previous designers to create a unified aesthetic for our brand materials</li>\n                    </ul>\n                </div>\n                <h5>Qualification </h5>\n                <div>\n                    <ul>\n                        <li>B.C.A / M.C.A under National University course complete.</li>\n                        <li>3 or more years of professional design experience</li>\n                        <li>have already graduated or are currently in any year of study</li>\n                        <li>Advanced degree or equivalent experience in graphic and web design</li>\n                    </ul>\n                </div>',NULL,13,NULL,5,5,5,0,4,1500.00,2800.00,'yearly',1,1,2,5,31,0,2,'2023-02-25',1,'Botble\\JobBoard\\Models\\Account',0,0,0,'10.823','106.633',0,0,1,0,'published','approved','2022-12-26 02:05:13','2023-02-20 00:01:49',NULL,NULL,NULL),(4,'Digital Marketing Manager','Aut repellendus est atque optio. Eos error iusto recusandae tempora laudantium.','<h5>Responsibilities</h5>\n                <div>\n                    <p>As a Product Designer, you will work within a Product Delivery Team fused with UX, engineering, product and data talent.</p>\n                    <ul>\n                        <li>Have sound knowledge of commercial activities.</li>\n                        <li>Build next-generation web applications with a focus on the client side</li>\n                        <li>Work on multiple projects at once, and consistently meet draft deadlines</li>\n                        <li>have already graduated or are currently in any year of study</li>\n                        <li>Revise the work of previous designers to create a unified aesthetic for our brand materials</li>\n                    </ul>\n                </div>\n                <h5>Qualification </h5>\n                <div>\n                    <ul>\n                        <li>B.C.A / M.C.A under National University course complete.</li>\n                        <li>3 or more years of professional design experience</li>\n                        <li>have already graduated or are currently in any year of study</li>\n                        <li>Advanced degree or equivalent experience in graphic and web design</li>\n                    </ul>\n                </div>',NULL,13,NULL,5,5,5,0,3,900.00,2600.00,'hourly',0,1,3,1,86,0,7,'2023-03-02',1,'Botble\\JobBoard\\Models\\Account',0,0,0,'10.823','106.633',0,0,0,1,'published','approved','2023-01-03 11:20:51','2023-02-20 00:01:49',NULL,NULL,NULL),(5,'Frontend Developer','Ratione eum iste eius delectus eligendi. Beatae laborum reprehenderit non est eaque sunt modi. Dolorem autem ea nobis eos eaque. Dolores ad illo tempore ratione blanditiis praesentium.','<h5>Responsibilities</h5>\n                <div>\n                    <p>As a Product Designer, you will work within a Product Delivery Team fused with UX, engineering, product and data talent.</p>\n                    <ul>\n                        <li>Have sound knowledge of commercial activities.</li>\n                        <li>Build next-generation web applications with a focus on the client side</li>\n                        <li>Work on multiple projects at once, and consistently meet draft deadlines</li>\n                        <li>have already graduated or are currently in any year of study</li>\n                        <li>Revise the work of previous designers to create a unified aesthetic for our brand materials</li>\n                    </ul>\n                </div>\n                <h5>Qualification </h5>\n                <div>\n                    <ul>\n                        <li>B.C.A / M.C.A under National University course complete.</li>\n                        <li>3 or more years of professional design experience</li>\n                        <li>have already graduated or are currently in any year of study</li>\n                        <li>Advanced degree or equivalent experience in graphic and web design</li>\n                    </ul>\n                </div>',NULL,20,NULL,3,3,3,0,5,700.00,2000.00,'hourly',1,3,3,4,30,0,2,'2023-04-12',1,'Botble\\JobBoard\\Models\\Account',0,0,0,'10.823','106.633',0,0,1,1,'published','approved','2023-01-15 02:49:27','2023-02-20 00:01:49',NULL,NULL,NULL),(6,'React Native Web Developer','Quia cum debitis quia et adipisci vel. Cum quis est molestiae voluptas. Optio ea quod aut dolore minus minus tempora. Aut ipsa dolorum consectetur maxime amet similique.','<h5>Responsibilities</h5>\n                <div>\n                    <p>As a Product Designer, you will work within a Product Delivery Team fused with UX, engineering, product and data talent.</p>\n                    <ul>\n                        <li>Have sound knowledge of commercial activities.</li>\n                        <li>Build next-generation web applications with a focus on the client side</li>\n                        <li>Work on multiple projects at once, and consistently meet draft deadlines</li>\n                        <li>have already graduated or are currently in any year of study</li>\n                        <li>Revise the work of previous designers to create a unified aesthetic for our brand materials</li>\n                    </ul>\n                </div>\n                <h5>Qualification </h5>\n                <div>\n                    <ul>\n                        <li>B.C.A / M.C.A under National University course complete.</li>\n                        <li>3 or more years of professional design experience</li>\n                        <li>have already graduated or are currently in any year of study</li>\n                        <li>Advanced degree or equivalent experience in graphic and web design</li>\n                    </ul>\n                </div>',NULL,7,NULL,5,5,5,0,1,1500.00,2100.00,'yearly',1,1,1,2,143,0,8,'2023-03-07',1,'Botble\\JobBoard\\Models\\Account',0,0,0,'37.3317','-122.0312',0,0,1,1,'published','approved','2022-12-30 19:47:08','2023-02-20 00:01:49',NULL,NULL,NULL),(7,'Senior System Engineer','Voluptatem veritatis eos qui nam tempore officiis est. Iure voluptatem cum non officia ipsum voluptas nihil. Quia nihil et alias delectus repellendus est quia architecto.','<h5>Responsibilities</h5>\n                <div>\n                    <p>As a Product Designer, you will work within a Product Delivery Team fused with UX, engineering, product and data talent.</p>\n                    <ul>\n                        <li>Have sound knowledge of commercial activities.</li>\n                        <li>Build next-generation web applications with a focus on the client side</li>\n                        <li>Work on multiple projects at once, and consistently meet draft deadlines</li>\n                        <li>have already graduated or are currently in any year of study</li>\n                        <li>Revise the work of previous designers to create a unified aesthetic for our brand materials</li>\n                    </ul>\n                </div>\n                <h5>Qualification </h5>\n                <div>\n                    <ul>\n                        <li>B.C.A / M.C.A under National University course complete.</li>\n                        <li>3 or more years of professional design experience</li>\n                        <li>have already graduated or are currently in any year of study</li>\n                        <li>Advanced degree or equivalent experience in graphic and web design</li>\n                    </ul>\n                </div>',NULL,4,NULL,4,4,4,0,2,1500.00,2700.00,'monthly',0,7,1,5,27,0,3,'2023-04-10',1,'Botble\\JobBoard\\Models\\Account',0,0,0,'37.774929','-122.419416',0,0,0,1,'published','approved','2023-01-26 19:16:52','2023-02-20 00:01:49',NULL,NULL,NULL),(8,'Products Manager','Ipsum enim consequatur qui sequi praesentium voluptatem suscipit. Voluptate cumque laborum aut et exercitationem ducimus. Dolor optio mollitia assumenda quisquam hic.','<h5>Responsibilities</h5>\n                <div>\n                    <p>As a Product Designer, you will work within a Product Delivery Team fused with UX, engineering, product and data talent.</p>\n                    <ul>\n                        <li>Have sound knowledge of commercial activities.</li>\n                        <li>Build next-generation web applications with a focus on the client side</li>\n                        <li>Work on multiple projects at once, and consistently meet draft deadlines</li>\n                        <li>have already graduated or are currently in any year of study</li>\n                        <li>Revise the work of previous designers to create a unified aesthetic for our brand materials</li>\n                    </ul>\n                </div>\n                <h5>Qualification </h5>\n                <div>\n                    <ul>\n                        <li>B.C.A / M.C.A under National University course complete.</li>\n                        <li>3 or more years of professional design experience</li>\n                        <li>have already graduated or are currently in any year of study</li>\n                        <li>Advanced degree or equivalent experience in graphic and web design</li>\n                    </ul>\n                </div>',NULL,11,NULL,3,3,3,0,1,800.00,2500.00,'monthly',0,7,3,3,119,0,6,'2023-03-29',1,'Botble\\JobBoard\\Models\\Account',0,0,0,'10.823','106.633',0,0,1,1,'published','approved','2023-02-07 16:37:33','2023-02-20 00:01:49',NULL,NULL,NULL),(9,'Lead Quality Control QA','Atque laboriosam omnis error perspiciatis. Eaque et minus ea est unde veritatis officiis. Architecto tenetur voluptate cum. Et molestiae error sint ut aut.','<h5>Responsibilities</h5>\n                <div>\n                    <p>As a Product Designer, you will work within a Product Delivery Team fused with UX, engineering, product and data talent.</p>\n                    <ul>\n                        <li>Have sound knowledge of commercial activities.</li>\n                        <li>Build next-generation web applications with a focus on the client side</li>\n                        <li>Work on multiple projects at once, and consistently meet draft deadlines</li>\n                        <li>have already graduated or are currently in any year of study</li>\n                        <li>Revise the work of previous designers to create a unified aesthetic for our brand materials</li>\n                    </ul>\n                </div>\n                <h5>Qualification </h5>\n                <div>\n                    <ul>\n                        <li>B.C.A / M.C.A under National University course complete.</li>\n                        <li>3 or more years of professional design experience</li>\n                        <li>have already graduated or are currently in any year of study</li>\n                        <li>Advanced degree or equivalent experience in graphic and web design</li>\n                    </ul>\n                </div>',NULL,7,NULL,5,5,5,0,3,1000.00,2500.00,'monthly',0,8,1,2,32,0,9,'2023-03-29',1,'Botble\\JobBoard\\Models\\Account',0,0,0,'37.3317','-122.0312',0,0,0,0,'published','approved','2023-01-21 14:27:26','2023-02-20 00:01:49',NULL,NULL,NULL),(10,'Principal Designer, Design Systems','Consequatur sit sequi maiores necessitatibus. Sed vero omnis explicabo et. Est et aspernatur aut id voluptatem. Neque praesentium officia rerum saepe.','<h5>Responsibilities</h5>\n                <div>\n                    <p>As a Product Designer, you will work within a Product Delivery Team fused with UX, engineering, product and data talent.</p>\n                    <ul>\n                        <li>Have sound knowledge of commercial activities.</li>\n                        <li>Build next-generation web applications with a focus on the client side</li>\n                        <li>Work on multiple projects at once, and consistently meet draft deadlines</li>\n                        <li>have already graduated or are currently in any year of study</li>\n                        <li>Revise the work of previous designers to create a unified aesthetic for our brand materials</li>\n                    </ul>\n                </div>\n                <h5>Qualification </h5>\n                <div>\n                    <ul>\n                        <li>B.C.A / M.C.A under National University course complete.</li>\n                        <li>3 or more years of professional design experience</li>\n                        <li>have already graduated or are currently in any year of study</li>\n                        <li>Advanced degree or equivalent experience in graphic and web design</li>\n                    </ul>\n                </div>',NULL,9,NULL,2,2,2,0,1,1400.00,2800.00,'monthly',0,7,4,1,110,0,3,'2023-03-15',1,'Botble\\JobBoard\\Models\\Account',0,0,0,'10.823','106.633',0,0,0,0,'published','approved','2022-12-30 10:00:42','2023-02-20 00:01:49',NULL,NULL,NULL),(11,'DevOps Architect','Adipisci ea necessitatibus quia amet iure ratione eligendi. Incidunt dolor repellat exercitationem quo quis laudantium dignissimos consequatur. Ullam corrupti animi eaque quia.','<h5>Responsibilities</h5>\n                <div>\n                    <p>As a Product Designer, you will work within a Product Delivery Team fused with UX, engineering, product and data talent.</p>\n                    <ul>\n                        <li>Have sound knowledge of commercial activities.</li>\n                        <li>Build next-generation web applications with a focus on the client side</li>\n                        <li>Work on multiple projects at once, and consistently meet draft deadlines</li>\n                        <li>have already graduated or are currently in any year of study</li>\n                        <li>Revise the work of previous designers to create a unified aesthetic for our brand materials</li>\n                    </ul>\n                </div>\n                <h5>Qualification </h5>\n                <div>\n                    <ul>\n                        <li>B.C.A / M.C.A under National University course complete.</li>\n                        <li>3 or more years of professional design experience</li>\n                        <li>have already graduated or are currently in any year of study</li>\n                        <li>Advanced degree or equivalent experience in graphic and web design</li>\n                    </ul>\n                </div>',NULL,11,NULL,3,3,3,0,4,1400.00,2200.00,'monthly',0,5,2,5,23,0,6,'2023-04-15',1,'Botble\\JobBoard\\Models\\Account',0,0,0,'10.823','106.633',0,0,1,1,'published','approved','2022-12-21 20:27:51','2023-02-20 00:01:49',NULL,NULL,NULL),(12,'Senior Software Engineer, npm CLI','Adipisci possimus eaque sunt non possimus quam. Pariatur ipsam nulla quis. Voluptates eos quisquam saepe et. Id iusto placeat veniam. Mollitia et aut et facere consequatur facilis sapiente.','<h5>Responsibilities</h5>\n                <div>\n                    <p>As a Product Designer, you will work within a Product Delivery Team fused with UX, engineering, product and data talent.</p>\n                    <ul>\n                        <li>Have sound knowledge of commercial activities.</li>\n                        <li>Build next-generation web applications with a focus on the client side</li>\n                        <li>Work on multiple projects at once, and consistently meet draft deadlines</li>\n                        <li>have already graduated or are currently in any year of study</li>\n                        <li>Revise the work of previous designers to create a unified aesthetic for our brand materials</li>\n                    </ul>\n                </div>\n                <h5>Qualification </h5>\n                <div>\n                    <ul>\n                        <li>B.C.A / M.C.A under National University course complete.</li>\n                        <li>3 or more years of professional design experience</li>\n                        <li>have already graduated or are currently in any year of study</li>\n                        <li>Advanced degree or equivalent experience in graphic and web design</li>\n                    </ul>\n                </div>',NULL,7,NULL,5,5,5,0,1,1100.00,2100.00,'monthly',1,9,2,5,15,0,10,'2023-04-05',1,'Botble\\JobBoard\\Models\\Account',0,0,0,'37.3317','-122.0312',0,0,0,1,'published','approved','2023-01-22 12:37:17','2023-02-20 00:01:49',NULL,NULL,NULL),(13,'Senior Systems Engineer','Doloribus soluta ut architecto. Nam sint cumque et voluptatibus adipisci exercitationem corrupti. Aspernatur ut repudiandae aspernatur dolorem. Iste rem illum commodi non.','<h5>Responsibilities</h5>\n                <div>\n                    <p>As a Product Designer, you will work within a Product Delivery Team fused with UX, engineering, product and data talent.</p>\n                    <ul>\n                        <li>Have sound knowledge of commercial activities.</li>\n                        <li>Build next-generation web applications with a focus on the client side</li>\n                        <li>Work on multiple projects at once, and consistently meet draft deadlines</li>\n                        <li>have already graduated or are currently in any year of study</li>\n                        <li>Revise the work of previous designers to create a unified aesthetic for our brand materials</li>\n                    </ul>\n                </div>\n                <h5>Qualification </h5>\n                <div>\n                    <ul>\n                        <li>B.C.A / M.C.A under National University course complete.</li>\n                        <li>3 or more years of professional design experience</li>\n                        <li>have already graduated or are currently in any year of study</li>\n                        <li>Advanced degree or equivalent experience in graphic and web design</li>\n                    </ul>\n                </div>',NULL,16,NULL,3,3,3,0,4,1300.00,3000.00,'yearly',1,5,4,3,87,0,7,'2023-04-18',1,'Botble\\JobBoard\\Models\\Account',0,0,0,'10.823','106.633',0,0,0,0,'published','approved','2023-01-09 17:49:18','2023-02-20 00:01:49',NULL,NULL,NULL),(14,'Software Engineer Actions Platform','Vitae sint aut velit dolorem asperiores deserunt. Repellendus et eius saepe qui repellat ut iste. Minima incidunt aliquam eum numquam vitae culpa.','<h5>Responsibilities</h5>\n                <div>\n                    <p>As a Product Designer, you will work within a Product Delivery Team fused with UX, engineering, product and data talent.</p>\n                    <ul>\n                        <li>Have sound knowledge of commercial activities.</li>\n                        <li>Build next-generation web applications with a focus on the client side</li>\n                        <li>Work on multiple projects at once, and consistently meet draft deadlines</li>\n                        <li>have already graduated or are currently in any year of study</li>\n                        <li>Revise the work of previous designers to create a unified aesthetic for our brand materials</li>\n                    </ul>\n                </div>\n                <h5>Qualification </h5>\n                <div>\n                    <ul>\n                        <li>B.C.A / M.C.A under National University course complete.</li>\n                        <li>3 or more years of professional design experience</li>\n                        <li>have already graduated or are currently in any year of study</li>\n                        <li>Advanced degree or equivalent experience in graphic and web design</li>\n                    </ul>\n                </div>',NULL,7,NULL,5,5,5,0,2,600.00,2700.00,'hourly',0,3,2,2,20,0,2,'2023-03-15',1,'Botble\\JobBoard\\Models\\Account',0,0,0,'37.3317','-122.0312',0,0,0,0,'published','approved','2023-01-03 16:28:54','2023-02-20 00:01:49',NULL,NULL,NULL),(15,'Staff Engineering Manager, Actions','Explicabo eius molestias molestias eaque et tempora optio deleniti. Eaque optio error soluta eveniet. At facere itaque ex in ut.','<h5>Responsibilities</h5>\n                <div>\n                    <p>As a Product Designer, you will work within a Product Delivery Team fused with UX, engineering, product and data talent.</p>\n                    <ul>\n                        <li>Have sound knowledge of commercial activities.</li>\n                        <li>Build next-generation web applications with a focus on the client side</li>\n                        <li>Work on multiple projects at once, and consistently meet draft deadlines</li>\n                        <li>have already graduated or are currently in any year of study</li>\n                        <li>Revise the work of previous designers to create a unified aesthetic for our brand materials</li>\n                    </ul>\n                </div>\n                <h5>Qualification </h5>\n                <div>\n                    <ul>\n                        <li>B.C.A / M.C.A under National University course complete.</li>\n                        <li>3 or more years of professional design experience</li>\n                        <li>have already graduated or are currently in any year of study</li>\n                        <li>Advanced degree or equivalent experience in graphic and web design</li>\n                    </ul>\n                </div>',NULL,15,NULL,5,5,5,0,3,1400.00,2500.00,'weekly',1,10,1,4,33,0,6,'2023-04-02',1,'Botble\\JobBoard\\Models\\Account',0,0,0,'10.823','106.633',0,0,0,0,'published','approved','2022-12-23 12:30:27','2023-02-20 00:01:49',NULL,NULL,NULL),(16,'Staff Engineering Manager: Actions Runtime','Beatae repellat nobis ullam voluptas fugiat. Quo aut vel consectetur mollitia. Veniam et impedit eos est est dolores quas.','<h5>Responsibilities</h5>\n                <div>\n                    <p>As a Product Designer, you will work within a Product Delivery Team fused with UX, engineering, product and data talent.</p>\n                    <ul>\n                        <li>Have sound knowledge of commercial activities.</li>\n                        <li>Build next-generation web applications with a focus on the client side</li>\n                        <li>Work on multiple projects at once, and consistently meet draft deadlines</li>\n                        <li>have already graduated or are currently in any year of study</li>\n                        <li>Revise the work of previous designers to create a unified aesthetic for our brand materials</li>\n                    </ul>\n                </div>\n                <h5>Qualification </h5>\n                <div>\n                    <ul>\n                        <li>B.C.A / M.C.A under National University course complete.</li>\n                        <li>3 or more years of professional design experience</li>\n                        <li>have already graduated or are currently in any year of study</li>\n                        <li>Advanced degree or equivalent experience in graphic and web design</li>\n                    </ul>\n                </div>',NULL,18,NULL,3,3,3,0,4,600.00,2200.00,'hourly',0,4,4,1,101,0,2,'2023-04-15',1,'Botble\\JobBoard\\Models\\Account',0,0,0,'10.823','106.633',0,0,1,1,'published','approved','2023-01-21 07:31:46','2023-02-20 00:01:49',NULL,NULL,NULL),(17,'Staff Engineering Manager, Packages','Expedita quidem ad tempora adipisci et quibusdam magni. Quae repellat quasi ea iusto.','<h5>Responsibilities</h5>\n                <div>\n                    <p>As a Product Designer, you will work within a Product Delivery Team fused with UX, engineering, product and data talent.</p>\n                    <ul>\n                        <li>Have sound knowledge of commercial activities.</li>\n                        <li>Build next-generation web applications with a focus on the client side</li>\n                        <li>Work on multiple projects at once, and consistently meet draft deadlines</li>\n                        <li>have already graduated or are currently in any year of study</li>\n                        <li>Revise the work of previous designers to create a unified aesthetic for our brand materials</li>\n                    </ul>\n                </div>\n                <h5>Qualification </h5>\n                <div>\n                    <ul>\n                        <li>B.C.A / M.C.A under National University course complete.</li>\n                        <li>3 or more years of professional design experience</li>\n                        <li>have already graduated or are currently in any year of study</li>\n                        <li>Advanced degree or equivalent experience in graphic and web design</li>\n                    </ul>\n                </div>',NULL,1,NULL,3,3,3,0,4,800.00,2400.00,'yearly',1,4,1,3,56,0,3,'2023-03-30',1,'Botble\\JobBoard\\Models\\Account',0,0,0,'-37.81411','144.96328',0,0,0,0,'published','approved','2023-01-11 06:11:34','2023-02-20 00:01:49',NULL,NULL,NULL),(18,'Staff Software Engineer','Est non culpa fuga adipisci debitis eaque. Molestias eum qui labore est autem. Quas atque ut ut est labore. Dolores voluptates ut amet.','<h5>Responsibilities</h5>\n                <div>\n                    <p>As a Product Designer, you will work within a Product Delivery Team fused with UX, engineering, product and data talent.</p>\n                    <ul>\n                        <li>Have sound knowledge of commercial activities.</li>\n                        <li>Build next-generation web applications with a focus on the client side</li>\n                        <li>Work on multiple projects at once, and consistently meet draft deadlines</li>\n                        <li>have already graduated or are currently in any year of study</li>\n                        <li>Revise the work of previous designers to create a unified aesthetic for our brand materials</li>\n                    </ul>\n                </div>\n                <h5>Qualification </h5>\n                <div>\n                    <ul>\n                        <li>B.C.A / M.C.A under National University course complete.</li>\n                        <li>3 or more years of professional design experience</li>\n                        <li>have already graduated or are currently in any year of study</li>\n                        <li>Advanced degree or equivalent experience in graphic and web design</li>\n                    </ul>\n                </div>',NULL,6,NULL,4,4,4,0,3,1200.00,2900.00,'yearly',1,3,2,3,115,0,3,'2023-03-10',1,'Botble\\JobBoard\\Models\\Account',0,0,0,'10.848','106.633',0,0,1,1,'published','approved','2022-12-20 16:59:02','2023-02-20 00:01:49',NULL,NULL,NULL),(19,'Systems Software Engineer','Facilis minus est unde occaecati. Porro voluptas inventore magni rem. Explicabo voluptatem molestias consectetur et tenetur.','<h5>Responsibilities</h5>\n                <div>\n                    <p>As a Product Designer, you will work within a Product Delivery Team fused with UX, engineering, product and data talent.</p>\n                    <ul>\n                        <li>Have sound knowledge of commercial activities.</li>\n                        <li>Build next-generation web applications with a focus on the client side</li>\n                        <li>Work on multiple projects at once, and consistently meet draft deadlines</li>\n                        <li>have already graduated or are currently in any year of study</li>\n                        <li>Revise the work of previous designers to create a unified aesthetic for our brand materials</li>\n                    </ul>\n                </div>\n                <h5>Qualification </h5>\n                <div>\n                    <ul>\n                        <li>B.C.A / M.C.A under National University course complete.</li>\n                        <li>3 or more years of professional design experience</li>\n                        <li>have already graduated or are currently in any year of study</li>\n                        <li>Advanced degree or equivalent experience in graphic and web design</li>\n                    </ul>\n                </div>',NULL,6,NULL,4,4,4,0,4,800.00,2100.00,'yearly',0,2,2,4,147,0,4,'2023-03-05',1,'Botble\\JobBoard\\Models\\Account',0,0,0,'10.848','106.633',0,0,1,0,'published','approved','2023-01-19 14:31:46','2023-02-20 00:01:49',NULL,NULL,NULL),(20,'Senior Compensation Analyst','Non fugit magni ut quia blanditiis. Aspernatur laborum vel esse. Consequuntur labore dicta eos delectus in dolor.','<h5>Responsibilities</h5>\n                <div>\n                    <p>As a Product Designer, you will work within a Product Delivery Team fused with UX, engineering, product and data talent.</p>\n                    <ul>\n                        <li>Have sound knowledge of commercial activities.</li>\n                        <li>Build next-generation web applications with a focus on the client side</li>\n                        <li>Work on multiple projects at once, and consistently meet draft deadlines</li>\n                        <li>have already graduated or are currently in any year of study</li>\n                        <li>Revise the work of previous designers to create a unified aesthetic for our brand materials</li>\n                    </ul>\n                </div>\n                <h5>Qualification </h5>\n                <div>\n                    <ul>\n                        <li>B.C.A / M.C.A under National University course complete.</li>\n                        <li>3 or more years of professional design experience</li>\n                        <li>have already graduated or are currently in any year of study</li>\n                        <li>Advanced degree or equivalent experience in graphic and web design</li>\n                    </ul>\n                </div>',NULL,18,NULL,3,3,3,0,2,1400.00,2000.00,'monthly',1,2,2,2,149,0,7,'2023-04-03',1,'Botble\\JobBoard\\Models\\Account',0,0,0,'10.823','106.633',0,0,1,1,'published','approved','2023-02-04 04:17:31','2023-02-20 00:01:49',NULL,NULL,NULL),(21,'Senior Accessibility Program Manager','Molestiae labore tempora sint et at eum. Qui quibusdam nam laboriosam quam. Enim error perferendis ab aliquam ipsam adipisci et vero.','<h5>Responsibilities</h5>\n                <div>\n                    <p>As a Product Designer, you will work within a Product Delivery Team fused with UX, engineering, product and data talent.</p>\n                    <ul>\n                        <li>Have sound knowledge of commercial activities.</li>\n                        <li>Build next-generation web applications with a focus on the client side</li>\n                        <li>Work on multiple projects at once, and consistently meet draft deadlines</li>\n                        <li>have already graduated or are currently in any year of study</li>\n                        <li>Revise the work of previous designers to create a unified aesthetic for our brand materials</li>\n                    </ul>\n                </div>\n                <h5>Qualification </h5>\n                <div>\n                    <ul>\n                        <li>B.C.A / M.C.A under National University course complete.</li>\n                        <li>3 or more years of professional design experience</li>\n                        <li>have already graduated or are currently in any year of study</li>\n                        <li>Advanced degree or equivalent experience in graphic and web design</li>\n                    </ul>\n                </div>',NULL,16,NULL,3,3,3,0,5,1500.00,2300.00,'weekly',1,2,2,4,116,0,5,'2023-03-21',1,'Botble\\JobBoard\\Models\\Account',0,0,0,'10.823','106.633',0,0,0,0,'published','approved','2023-01-02 01:15:45','2023-02-20 00:01:49',NULL,NULL,NULL),(22,'Analyst Relations Manager, Application Security','Nesciunt sint est minima. Enim qui autem quia sit. Totam harum aut laborum illum. Sit nostrum repellat autem dolores perspiciatis.','<h5>Responsibilities</h5>\n                <div>\n                    <p>As a Product Designer, you will work within a Product Delivery Team fused with UX, engineering, product and data talent.</p>\n                    <ul>\n                        <li>Have sound knowledge of commercial activities.</li>\n                        <li>Build next-generation web applications with a focus on the client side</li>\n                        <li>Work on multiple projects at once, and consistently meet draft deadlines</li>\n                        <li>have already graduated or are currently in any year of study</li>\n                        <li>Revise the work of previous designers to create a unified aesthetic for our brand materials</li>\n                    </ul>\n                </div>\n                <h5>Qualification </h5>\n                <div>\n                    <ul>\n                        <li>B.C.A / M.C.A under National University course complete.</li>\n                        <li>3 or more years of professional design experience</li>\n                        <li>have already graduated or are currently in any year of study</li>\n                        <li>Advanced degree or equivalent experience in graphic and web design</li>\n                    </ul>\n                </div>',NULL,6,NULL,4,4,4,0,1,1400.00,2900.00,'yearly',0,10,3,4,19,0,4,'2023-03-03',1,'Botble\\JobBoard\\Models\\Account',0,0,0,'10.848','106.633',0,0,0,0,'published','approved','2023-02-08 05:49:35','2023-02-20 00:01:49',NULL,NULL,NULL),(23,'Senior Enterprise Advocate, EMEA','Voluptas fugit inventore temporibus rerum voluptate. Voluptas dolore tempore rerum voluptatem doloribus quidem. Sapiente eum vel dicta laudantium sed quam. Ad enim quia minus rerum nisi et laborum.','<h5>Responsibilities</h5>\n                <div>\n                    <p>As a Product Designer, you will work within a Product Delivery Team fused with UX, engineering, product and data talent.</p>\n                    <ul>\n                        <li>Have sound knowledge of commercial activities.</li>\n                        <li>Build next-generation web applications with a focus on the client side</li>\n                        <li>Work on multiple projects at once, and consistently meet draft deadlines</li>\n                        <li>have already graduated or are currently in any year of study</li>\n                        <li>Revise the work of previous designers to create a unified aesthetic for our brand materials</li>\n                    </ul>\n                </div>\n                <h5>Qualification </h5>\n                <div>\n                    <ul>\n                        <li>B.C.A / M.C.A under National University course complete.</li>\n                        <li>3 or more years of professional design experience</li>\n                        <li>have already graduated or are currently in any year of study</li>\n                        <li>Advanced degree or equivalent experience in graphic and web design</li>\n                    </ul>\n                </div>',NULL,5,NULL,2,2,2,0,2,1500.00,2600.00,'hourly',1,7,1,3,101,0,4,'2023-02-26',1,'Botble\\JobBoard\\Models\\Account',0,0,0,'10.848','106.638',0,0,1,0,'published','approved','2023-01-15 19:03:51','2023-02-20 00:01:49',NULL,NULL,NULL),(24,'Deal Desk Manager','Fuga voluptatem cupiditate porro quo. Velit non omnis deleniti esse iste aliquam. Sit adipisci numquam provident quas quae dolores id.','<h5>Responsibilities</h5>\n                <div>\n                    <p>As a Product Designer, you will work within a Product Delivery Team fused with UX, engineering, product and data talent.</p>\n                    <ul>\n                        <li>Have sound knowledge of commercial activities.</li>\n                        <li>Build next-generation web applications with a focus on the client side</li>\n                        <li>Work on multiple projects at once, and consistently meet draft deadlines</li>\n                        <li>have already graduated or are currently in any year of study</li>\n                        <li>Revise the work of previous designers to create a unified aesthetic for our brand materials</li>\n                    </ul>\n                </div>\n                <h5>Qualification </h5>\n                <div>\n                    <ul>\n                        <li>B.C.A / M.C.A under National University course complete.</li>\n                        <li>3 or more years of professional design experience</li>\n                        <li>have already graduated or are currently in any year of study</li>\n                        <li>Advanced degree or equivalent experience in graphic and web design</li>\n                    </ul>\n                </div>',NULL,8,NULL,5,5,5,0,5,1500.00,2200.00,'yearly',1,1,2,4,126,0,6,'2023-04-08',1,'Botble\\JobBoard\\Models\\Account',0,0,0,'10.823','106.633',0,0,1,0,'published','approved','2023-01-24 05:28:30','2023-02-20 00:01:49',NULL,NULL,NULL),(25,'Director, Revenue Compensation','Eligendi sunt pariatur nihil. Maxime nulla rerum odio possimus quos voluptates id. Voluptatem eligendi tempora enim et praesentium.','<h5>Responsibilities</h5>\n                <div>\n                    <p>As a Product Designer, you will work within a Product Delivery Team fused with UX, engineering, product and data talent.</p>\n                    <ul>\n                        <li>Have sound knowledge of commercial activities.</li>\n                        <li>Build next-generation web applications with a focus on the client side</li>\n                        <li>Work on multiple projects at once, and consistently meet draft deadlines</li>\n                        <li>have already graduated or are currently in any year of study</li>\n                        <li>Revise the work of previous designers to create a unified aesthetic for our brand materials</li>\n                    </ul>\n                </div>\n                <h5>Qualification </h5>\n                <div>\n                    <ul>\n                        <li>B.C.A / M.C.A under National University course complete.</li>\n                        <li>3 or more years of professional design experience</li>\n                        <li>have already graduated or are currently in any year of study</li>\n                        <li>Advanced degree or equivalent experience in graphic and web design</li>\n                    </ul>\n                </div>',NULL,7,NULL,5,5,5,0,2,1300.00,2200.00,'weekly',0,1,3,4,84,0,3,'2023-03-19',1,'Botble\\JobBoard\\Models\\Account',0,0,0,'37.3317','-122.0312',0,0,0,0,'published','approved','2023-02-02 22:14:40','2023-02-20 00:01:49',NULL,NULL,NULL),(26,'Program Manager','Est inventore voluptate est iure. Nostrum ea totam tempora praesentium quis hic earum ut. Dolorum rerum enim molestiae quo voluptatibus.','<h5>Responsibilities</h5>\n                <div>\n                    <p>As a Product Designer, you will work within a Product Delivery Team fused with UX, engineering, product and data talent.</p>\n                    <ul>\n                        <li>Have sound knowledge of commercial activities.</li>\n                        <li>Build next-generation web applications with a focus on the client side</li>\n                        <li>Work on multiple projects at once, and consistently meet draft deadlines</li>\n                        <li>have already graduated or are currently in any year of study</li>\n                        <li>Revise the work of previous designers to create a unified aesthetic for our brand materials</li>\n                    </ul>\n                </div>\n                <h5>Qualification </h5>\n                <div>\n                    <ul>\n                        <li>B.C.A / M.C.A under National University course complete.</li>\n                        <li>3 or more years of professional design experience</li>\n                        <li>have already graduated or are currently in any year of study</li>\n                        <li>Advanced degree or equivalent experience in graphic and web design</li>\n                    </ul>\n                </div>',NULL,19,NULL,2,2,2,0,1,1000.00,2400.00,'hourly',0,5,4,1,38,0,2,'2023-03-26',1,'Botble\\JobBoard\\Models\\Account',0,0,0,'10.823','106.633',0,0,1,1,'published','approved','2023-01-27 13:01:29','2023-02-20 00:01:49',NULL,NULL,NULL),(27,'Sr. Manager, Deal Desk - INTL','Voluptas quasi amet rerum exercitationem omnis. Eius dolor quod ipsum quae deleniti et assumenda. Maxime ut similique ut qui suscipit saepe. Quae nemo esse consequuntur et eligendi.','<h5>Responsibilities</h5>\n                <div>\n                    <p>As a Product Designer, you will work within a Product Delivery Team fused with UX, engineering, product and data talent.</p>\n                    <ul>\n                        <li>Have sound knowledge of commercial activities.</li>\n                        <li>Build next-generation web applications with a focus on the client side</li>\n                        <li>Work on multiple projects at once, and consistently meet draft deadlines</li>\n                        <li>have already graduated or are currently in any year of study</li>\n                        <li>Revise the work of previous designers to create a unified aesthetic for our brand materials</li>\n                    </ul>\n                </div>\n                <h5>Qualification </h5>\n                <div>\n                    <ul>\n                        <li>B.C.A / M.C.A under National University course complete.</li>\n                        <li>3 or more years of professional design experience</li>\n                        <li>have already graduated or are currently in any year of study</li>\n                        <li>Advanced degree or equivalent experience in graphic and web design</li>\n                    </ul>\n                </div>',NULL,13,NULL,5,5,5,0,5,1500.00,2600.00,'hourly',0,6,1,3,20,0,5,'2023-03-23',1,'Botble\\JobBoard\\Models\\Account',0,0,0,'10.823','106.633',0,0,1,1,'published','approved','2023-01-23 16:34:52','2023-02-20 00:01:49',NULL,NULL,NULL),(28,'Senior Director, Product Management, Actions Runners and Compute Services','Non nisi nostrum perspiciatis suscipit sed consequatur. Dolores libero autem et placeat quibusdam ipsa odio. Omnis rem recusandae voluptatem rerum unde.','<h5>Responsibilities</h5>\n                <div>\n                    <p>As a Product Designer, you will work within a Product Delivery Team fused with UX, engineering, product and data talent.</p>\n                    <ul>\n                        <li>Have sound knowledge of commercial activities.</li>\n                        <li>Build next-generation web applications with a focus on the client side</li>\n                        <li>Work on multiple projects at once, and consistently meet draft deadlines</li>\n                        <li>have already graduated or are currently in any year of study</li>\n                        <li>Revise the work of previous designers to create a unified aesthetic for our brand materials</li>\n                    </ul>\n                </div>\n                <h5>Qualification </h5>\n                <div>\n                    <ul>\n                        <li>B.C.A / M.C.A under National University course complete.</li>\n                        <li>3 or more years of professional design experience</li>\n                        <li>have already graduated or are currently in any year of study</li>\n                        <li>Advanced degree or equivalent experience in graphic and web design</li>\n                    </ul>\n                </div>',NULL,13,NULL,5,5,5,0,1,500.00,2800.00,'weekly',1,5,3,3,79,0,8,'2023-04-09',1,'Botble\\JobBoard\\Models\\Account',0,0,0,'10.823','106.633',0,0,1,0,'published','approved','2022-12-30 12:28:42','2023-02-20 00:01:49',NULL,NULL,NULL),(29,'Alliances Director','Repudiandae eum vel illo. Enim explicabo non amet rerum explicabo. Id dolor minus cupiditate ipsam voluptatem sint cum sunt. Reprehenderit in iusto voluptatem vel est sequi.','<h5>Responsibilities</h5>\n                <div>\n                    <p>As a Product Designer, you will work within a Product Delivery Team fused with UX, engineering, product and data talent.</p>\n                    <ul>\n                        <li>Have sound knowledge of commercial activities.</li>\n                        <li>Build next-generation web applications with a focus on the client side</li>\n                        <li>Work on multiple projects at once, and consistently meet draft deadlines</li>\n                        <li>have already graduated or are currently in any year of study</li>\n                        <li>Revise the work of previous designers to create a unified aesthetic for our brand materials</li>\n                    </ul>\n                </div>\n                <h5>Qualification </h5>\n                <div>\n                    <ul>\n                        <li>B.C.A / M.C.A under National University course complete.</li>\n                        <li>3 or more years of professional design experience</li>\n                        <li>have already graduated or are currently in any year of study</li>\n                        <li>Advanced degree or equivalent experience in graphic and web design</li>\n                    </ul>\n                </div>',NULL,7,NULL,5,5,5,0,3,700.00,2100.00,'yearly',1,9,1,4,127,0,2,'2023-03-28',1,'Botble\\JobBoard\\Models\\Account',0,0,0,'37.3317','-122.0312',0,0,1,0,'published','approved','2023-01-23 19:00:47','2023-02-20 00:01:49',NULL,NULL,NULL),(30,'Corporate Sales Representative','Possimus placeat est atque officiis dolore magnam harum. Nihil vero voluptates maxime aut dicta libero. Eos dolor exercitationem molestiae officia qui corporis. Qui quia dolorem ut unde est officiis.','<h5>Responsibilities</h5>\n                <div>\n                    <p>As a Product Designer, you will work within a Product Delivery Team fused with UX, engineering, product and data talent.</p>\n                    <ul>\n                        <li>Have sound knowledge of commercial activities.</li>\n                        <li>Build next-generation web applications with a focus on the client side</li>\n                        <li>Work on multiple projects at once, and consistently meet draft deadlines</li>\n                        <li>have already graduated or are currently in any year of study</li>\n                        <li>Revise the work of previous designers to create a unified aesthetic for our brand materials</li>\n                    </ul>\n                </div>\n                <h5>Qualification </h5>\n                <div>\n                    <ul>\n                        <li>B.C.A / M.C.A under National University course complete.</li>\n                        <li>3 or more years of professional design experience</li>\n                        <li>have already graduated or are currently in any year of study</li>\n                        <li>Advanced degree or equivalent experience in graphic and web design</li>\n                    </ul>\n                </div>',NULL,8,NULL,5,5,5,0,4,1400.00,2400.00,'hourly',0,6,4,1,62,0,10,'2023-04-16',1,'Botble\\JobBoard\\Models\\Account',0,0,0,'10.823','106.633',0,0,1,0,'published','approved','2023-02-13 03:29:24','2023-02-20 00:01:49',NULL,NULL,NULL),(31,'Country Leader','Reiciendis saepe qui sunt a. Suscipit recusandae officiis aut dolores. Consequuntur aspernatur excepturi ipsam aspernatur eos ut optio. Quaerat eos molestiae asperiores fuga vel itaque nam.','<h5>Responsibilities</h5>\n                <div>\n                    <p>As a Product Designer, you will work within a Product Delivery Team fused with UX, engineering, product and data talent.</p>\n                    <ul>\n                        <li>Have sound knowledge of commercial activities.</li>\n                        <li>Build next-generation web applications with a focus on the client side</li>\n                        <li>Work on multiple projects at once, and consistently meet draft deadlines</li>\n                        <li>have already graduated or are currently in any year of study</li>\n                        <li>Revise the work of previous designers to create a unified aesthetic for our brand materials</li>\n                    </ul>\n                </div>\n                <h5>Qualification </h5>\n                <div>\n                    <ul>\n                        <li>B.C.A / M.C.A under National University course complete.</li>\n                        <li>3 or more years of professional design experience</li>\n                        <li>have already graduated or are currently in any year of study</li>\n                        <li>Advanced degree or equivalent experience in graphic and web design</li>\n                    </ul>\n                </div>',NULL,13,NULL,5,5,5,0,5,500.00,2400.00,'hourly',0,2,4,5,97,0,8,'2023-03-17',1,'Botble\\JobBoard\\Models\\Account',0,0,0,'10.823','106.633',0,0,1,0,'published','approved','2022-12-30 10:06:31','2023-02-20 00:01:49',NULL,NULL,NULL),(32,'Customer Success Architect','Ducimus iure est id occaecati nisi aut. Nostrum rerum ratione voluptates voluptatem consequuntur. Dolorem nulla odit in. Veritatis numquam asperiores consequatur. Architecto laborum aliquam aliquid.','<h5>Responsibilities</h5>\n                <div>\n                    <p>As a Product Designer, you will work within a Product Delivery Team fused with UX, engineering, product and data talent.</p>\n                    <ul>\n                        <li>Have sound knowledge of commercial activities.</li>\n                        <li>Build next-generation web applications with a focus on the client side</li>\n                        <li>Work on multiple projects at once, and consistently meet draft deadlines</li>\n                        <li>have already graduated or are currently in any year of study</li>\n                        <li>Revise the work of previous designers to create a unified aesthetic for our brand materials</li>\n                    </ul>\n                </div>\n                <h5>Qualification </h5>\n                <div>\n                    <ul>\n                        <li>B.C.A / M.C.A under National University course complete.</li>\n                        <li>3 or more years of professional design experience</li>\n                        <li>have already graduated or are currently in any year of study</li>\n                        <li>Advanced degree or equivalent experience in graphic and web design</li>\n                    </ul>\n                </div>',NULL,6,NULL,4,4,4,0,5,800.00,2700.00,'weekly',0,7,3,5,95,0,4,'2023-04-17',1,'Botble\\JobBoard\\Models\\Account',0,0,0,'10.848','106.633',0,0,1,1,'published','approved','2023-02-13 00:30:18','2023-02-20 00:01:49',NULL,NULL,NULL),(33,'DevOps Account Executive - US Public Sector','Ad et consequatur eos dolorem. Molestiae eligendi reiciendis est suscipit deleniti maxime error. Vel non et adipisci maxime. Aut dignissimos eum ipsam reiciendis culpa et.','<h5>Responsibilities</h5>\n                <div>\n                    <p>As a Product Designer, you will work within a Product Delivery Team fused with UX, engineering, product and data talent.</p>\n                    <ul>\n                        <li>Have sound knowledge of commercial activities.</li>\n                        <li>Build next-generation web applications with a focus on the client side</li>\n                        <li>Work on multiple projects at once, and consistently meet draft deadlines</li>\n                        <li>have already graduated or are currently in any year of study</li>\n                        <li>Revise the work of previous designers to create a unified aesthetic for our brand materials</li>\n                    </ul>\n                </div>\n                <h5>Qualification </h5>\n                <div>\n                    <ul>\n                        <li>B.C.A / M.C.A under National University course complete.</li>\n                        <li>3 or more years of professional design experience</li>\n                        <li>have already graduated or are currently in any year of study</li>\n                        <li>Advanced degree or equivalent experience in graphic and web design</li>\n                    </ul>\n                </div>',NULL,20,NULL,3,3,3,0,1,1500.00,3000.00,'monthly',1,4,4,2,56,0,7,'2023-04-06',1,'Botble\\JobBoard\\Models\\Account',0,0,0,'10.823','106.633',0,0,1,1,'published','approved','2022-12-30 11:14:43','2023-02-20 00:01:49',NULL,NULL,NULL),(34,'Enterprise Account Executive','Expedita alias accusamus accusantium blanditiis et odio ut sint. Odio ut vel culpa suscipit magnam quibusdam.','<h5>Responsibilities</h5>\n                <div>\n                    <p>As a Product Designer, you will work within a Product Delivery Team fused with UX, engineering, product and data talent.</p>\n                    <ul>\n                        <li>Have sound knowledge of commercial activities.</li>\n                        <li>Build next-generation web applications with a focus on the client side</li>\n                        <li>Work on multiple projects at once, and consistently meet draft deadlines</li>\n                        <li>have already graduated or are currently in any year of study</li>\n                        <li>Revise the work of previous designers to create a unified aesthetic for our brand materials</li>\n                    </ul>\n                </div>\n                <h5>Qualification </h5>\n                <div>\n                    <ul>\n                        <li>B.C.A / M.C.A under National University course complete.</li>\n                        <li>3 or more years of professional design experience</li>\n                        <li>have already graduated or are currently in any year of study</li>\n                        <li>Advanced degree or equivalent experience in graphic and web design</li>\n                    </ul>\n                </div>',NULL,10,NULL,3,3,3,0,3,700.00,2000.00,'weekly',0,4,3,4,10,0,9,'2023-03-17',1,'Botble\\JobBoard\\Models\\Account',0,0,0,'10.823','106.633',0,0,0,0,'published','approved','2022-12-26 08:09:48','2023-02-20 00:01:49',NULL,NULL,NULL),(35,'Senior Engineering Manager, Product Security Engineering - Paved Paths','Dolorem numquam sed eaque expedita itaque. Dolorem et qui possimus eaque dicta amet porro. Eligendi aperiam hic est assumenda recusandae et. Labore recusandae praesentium animi odio cum ex.','<h5>Responsibilities</h5>\n                <div>\n                    <p>As a Product Designer, you will work within a Product Delivery Team fused with UX, engineering, product and data talent.</p>\n                    <ul>\n                        <li>Have sound knowledge of commercial activities.</li>\n                        <li>Build next-generation web applications with a focus on the client side</li>\n                        <li>Work on multiple projects at once, and consistently meet draft deadlines</li>\n                        <li>have already graduated or are currently in any year of study</li>\n                        <li>Revise the work of previous designers to create a unified aesthetic for our brand materials</li>\n                    </ul>\n                </div>\n                <h5>Qualification </h5>\n                <div>\n                    <ul>\n                        <li>B.C.A / M.C.A under National University course complete.</li>\n                        <li>3 or more years of professional design experience</li>\n                        <li>have already graduated or are currently in any year of study</li>\n                        <li>Advanced degree or equivalent experience in graphic and web design</li>\n                    </ul>\n                </div>',NULL,20,NULL,3,3,3,0,2,1400.00,2600.00,'hourly',0,1,2,2,145,0,6,'2023-04-16',1,'Botble\\JobBoard\\Models\\Account',0,0,0,'10.823','106.633',0,0,1,0,'published','approved','2023-01-18 12:54:52','2023-02-20 00:01:49',NULL,NULL,NULL),(36,'Customer Reliability Engineer III','Iure autem repellat molestiae nemo. Reprehenderit voluptas nihil in voluptatibus dolor repellendus. Velit sit perferendis non. Suscipit architecto eum beatae et ea.','<h5>Responsibilities</h5>\n                <div>\n                    <p>As a Product Designer, you will work within a Product Delivery Team fused with UX, engineering, product and data talent.</p>\n                    <ul>\n                        <li>Have sound knowledge of commercial activities.</li>\n                        <li>Build next-generation web applications with a focus on the client side</li>\n                        <li>Work on multiple projects at once, and consistently meet draft deadlines</li>\n                        <li>have already graduated or are currently in any year of study</li>\n                        <li>Revise the work of previous designers to create a unified aesthetic for our brand materials</li>\n                    </ul>\n                </div>\n                <h5>Qualification </h5>\n                <div>\n                    <ul>\n                        <li>B.C.A / M.C.A under National University course complete.</li>\n                        <li>3 or more years of professional design experience</li>\n                        <li>have already graduated or are currently in any year of study</li>\n                        <li>Advanced degree or equivalent experience in graphic and web design</li>\n                    </ul>\n                </div>',NULL,14,NULL,4,4,4,0,4,1100.00,2900.00,'weekly',0,1,4,1,105,0,9,'2023-04-07',1,'Botble\\JobBoard\\Models\\Account',0,0,0,'10.823','106.633',0,0,1,0,'published','approved','2023-02-05 08:05:44','2023-02-20 00:01:49',NULL,NULL,NULL),(37,'Support Engineer (Enterprise Support Japanese)','Quibusdam sit voluptas minus asperiores ut. Consequatur ut earum laboriosam odit reiciendis. Eos qui consequatur magnam eum ipsum pariatur debitis non.','<h5>Responsibilities</h5>\n                <div>\n                    <p>As a Product Designer, you will work within a Product Delivery Team fused with UX, engineering, product and data talent.</p>\n                    <ul>\n                        <li>Have sound knowledge of commercial activities.</li>\n                        <li>Build next-generation web applications with a focus on the client side</li>\n                        <li>Work on multiple projects at once, and consistently meet draft deadlines</li>\n                        <li>have already graduated or are currently in any year of study</li>\n                        <li>Revise the work of previous designers to create a unified aesthetic for our brand materials</li>\n                    </ul>\n                </div>\n                <h5>Qualification </h5>\n                <div>\n                    <ul>\n                        <li>B.C.A / M.C.A under National University course complete.</li>\n                        <li>3 or more years of professional design experience</li>\n                        <li>have already graduated or are currently in any year of study</li>\n                        <li>Advanced degree or equivalent experience in graphic and web design</li>\n                    </ul>\n                </div>',NULL,8,NULL,5,5,5,0,4,1200.00,2500.00,'monthly',1,4,1,5,95,0,10,'2023-03-16',1,'Botble\\JobBoard\\Models\\Account',0,0,0,'10.823','106.633',0,0,0,1,'published','approved','2023-02-11 17:02:39','2023-02-20 00:01:49',NULL,NULL,NULL),(38,'Technical Partner Manager','Laborum qui explicabo et et. Est blanditiis suscipit quisquam consequuntur. Qui numquam corrupti modi quia. Consequatur saepe quos consectetur voluptatem expedita omnis pariatur sapiente.','<h5>Responsibilities</h5>\n                <div>\n                    <p>As a Product Designer, you will work within a Product Delivery Team fused with UX, engineering, product and data talent.</p>\n                    <ul>\n                        <li>Have sound knowledge of commercial activities.</li>\n                        <li>Build next-generation web applications with a focus on the client side</li>\n                        <li>Work on multiple projects at once, and consistently meet draft deadlines</li>\n                        <li>have already graduated or are currently in any year of study</li>\n                        <li>Revise the work of previous designers to create a unified aesthetic for our brand materials</li>\n                    </ul>\n                </div>\n                <h5>Qualification </h5>\n                <div>\n                    <ul>\n                        <li>B.C.A / M.C.A under National University course complete.</li>\n                        <li>3 or more years of professional design experience</li>\n                        <li>have already graduated or are currently in any year of study</li>\n                        <li>Advanced degree or equivalent experience in graphic and web design</li>\n                    </ul>\n                </div>',NULL,13,NULL,5,5,5,0,5,1000.00,2600.00,'yearly',0,10,2,1,96,0,8,'2023-03-23',1,'Botble\\JobBoard\\Models\\Account',0,0,0,'10.823','106.633',0,0,0,1,'published','approved','2023-01-01 22:28:25','2023-02-20 00:01:49',NULL,NULL,NULL),(39,'Sr Manager, Inside Account Management','Est aperiam eos ut sint ea qui sit quam. Vel et esse ex accusamus enim veritatis. Doloremque sit totam non repellat tenetur deleniti qui.','<h5>Responsibilities</h5>\n                <div>\n                    <p>As a Product Designer, you will work within a Product Delivery Team fused with UX, engineering, product and data talent.</p>\n                    <ul>\n                        <li>Have sound knowledge of commercial activities.</li>\n                        <li>Build next-generation web applications with a focus on the client side</li>\n                        <li>Work on multiple projects at once, and consistently meet draft deadlines</li>\n                        <li>have already graduated or are currently in any year of study</li>\n                        <li>Revise the work of previous designers to create a unified aesthetic for our brand materials</li>\n                    </ul>\n                </div>\n                <h5>Qualification </h5>\n                <div>\n                    <ul>\n                        <li>B.C.A / M.C.A under National University course complete.</li>\n                        <li>3 or more years of professional design experience</li>\n                        <li>have already graduated or are currently in any year of study</li>\n                        <li>Advanced degree or equivalent experience in graphic and web design</li>\n                    </ul>\n                </div>',NULL,7,NULL,5,5,5,0,3,600.00,2300.00,'hourly',1,1,4,5,37,0,7,'2023-03-16',1,'Botble\\JobBoard\\Models\\Account',0,0,0,'37.3317','-122.0312',0,0,1,1,'published','approved','2023-01-23 06:07:44','2023-02-20 00:01:49',NULL,NULL,NULL),(40,'Services Sales Representative','Expedita accusamus est est eveniet sint. Vitae in quia quos veritatis. Id sed et et et consequatur nostrum. Voluptate voluptatem sequi molestiae qui hic dolor eos et.','<h5>Responsibilities</h5>\n                <div>\n                    <p>As a Product Designer, you will work within a Product Delivery Team fused with UX, engineering, product and data talent.</p>\n                    <ul>\n                        <li>Have sound knowledge of commercial activities.</li>\n                        <li>Build next-generation web applications with a focus on the client side</li>\n                        <li>Work on multiple projects at once, and consistently meet draft deadlines</li>\n                        <li>have already graduated or are currently in any year of study</li>\n                        <li>Revise the work of previous designers to create a unified aesthetic for our brand materials</li>\n                    </ul>\n                </div>\n                <h5>Qualification </h5>\n                <div>\n                    <ul>\n                        <li>B.C.A / M.C.A under National University course complete.</li>\n                        <li>3 or more years of professional design experience</li>\n                        <li>have already graduated or are currently in any year of study</li>\n                        <li>Advanced degree or equivalent experience in graphic and web design</li>\n                    </ul>\n                </div>',NULL,9,NULL,2,2,2,0,1,900.00,2300.00,'hourly',0,9,3,3,52,0,6,'2023-03-26',1,'Botble\\JobBoard\\Models\\Account',0,0,0,'10.823','106.633',0,0,0,0,'published','approved','2023-01-01 14:58:57','2023-02-20 00:01:49',NULL,NULL,NULL),(41,'Services Delivery Manager','Sunt sit quisquam officia consectetur illo. Dolorum unde rerum tempora. Facere et cumque iste recusandae voluptas dolor sed. Magni mollitia provident saepe praesentium animi qui.','<h5>Responsibilities</h5>\n                <div>\n                    <p>As a Product Designer, you will work within a Product Delivery Team fused with UX, engineering, product and data talent.</p>\n                    <ul>\n                        <li>Have sound knowledge of commercial activities.</li>\n                        <li>Build next-generation web applications with a focus on the client side</li>\n                        <li>Work on multiple projects at once, and consistently meet draft deadlines</li>\n                        <li>have already graduated or are currently in any year of study</li>\n                        <li>Revise the work of previous designers to create a unified aesthetic for our brand materials</li>\n                    </ul>\n                </div>\n                <h5>Qualification </h5>\n                <div>\n                    <ul>\n                        <li>B.C.A / M.C.A under National University course complete.</li>\n                        <li>3 or more years of professional design experience</li>\n                        <li>have already graduated or are currently in any year of study</li>\n                        <li>Advanced degree or equivalent experience in graphic and web design</li>\n                    </ul>\n                </div>',NULL,8,NULL,5,5,5,0,1,700.00,2300.00,'yearly',0,5,2,3,54,0,10,'2023-03-31',1,'Botble\\JobBoard\\Models\\Account',0,0,0,'10.823','106.633',0,0,0,1,'published','approved','2023-02-07 16:01:46','2023-02-20 00:01:49',NULL,NULL,NULL),(42,'Senior Solutions Engineer','Quo ullam sunt soluta est corporis. Iusto iusto illum architecto. Magnam qui perferendis itaque sequi amet. Provident possimus est esse doloribus atque pariatur nisi.','<h5>Responsibilities</h5>\n                <div>\n                    <p>As a Product Designer, you will work within a Product Delivery Team fused with UX, engineering, product and data talent.</p>\n                    <ul>\n                        <li>Have sound knowledge of commercial activities.</li>\n                        <li>Build next-generation web applications with a focus on the client side</li>\n                        <li>Work on multiple projects at once, and consistently meet draft deadlines</li>\n                        <li>have already graduated or are currently in any year of study</li>\n                        <li>Revise the work of previous designers to create a unified aesthetic for our brand materials</li>\n                    </ul>\n                </div>\n                <h5>Qualification </h5>\n                <div>\n                    <ul>\n                        <li>B.C.A / M.C.A under National University course complete.</li>\n                        <li>3 or more years of professional design experience</li>\n                        <li>have already graduated or are currently in any year of study</li>\n                        <li>Advanced degree or equivalent experience in graphic and web design</li>\n                    </ul>\n                </div>',NULL,11,NULL,3,3,3,0,2,600.00,2400.00,'yearly',1,6,1,4,22,0,3,'2023-03-18',1,'Botble\\JobBoard\\Models\\Account',0,0,0,'10.823','106.633',0,0,0,1,'published','approved','2023-01-05 22:24:55','2023-02-20 00:01:49',NULL,NULL,NULL),(43,'Senior Service Delivery Engineer','Nihil ut voluptas ut asperiores magnam. Provident qui rem vitae. Laboriosam veritatis perspiciatis quis harum quo quasi.','<h5>Responsibilities</h5>\n                <div>\n                    <p>As a Product Designer, you will work within a Product Delivery Team fused with UX, engineering, product and data talent.</p>\n                    <ul>\n                        <li>Have sound knowledge of commercial activities.</li>\n                        <li>Build next-generation web applications with a focus on the client side</li>\n                        <li>Work on multiple projects at once, and consistently meet draft deadlines</li>\n                        <li>have already graduated or are currently in any year of study</li>\n                        <li>Revise the work of previous designers to create a unified aesthetic for our brand materials</li>\n                    </ul>\n                </div>\n                <h5>Qualification </h5>\n                <div>\n                    <ul>\n                        <li>B.C.A / M.C.A under National University course complete.</li>\n                        <li>3 or more years of professional design experience</li>\n                        <li>have already graduated or are currently in any year of study</li>\n                        <li>Advanced degree or equivalent experience in graphic and web design</li>\n                    </ul>\n                </div>',NULL,1,NULL,3,3,3,0,1,900.00,2100.00,'hourly',1,7,3,1,102,0,8,'2023-03-02',1,'Botble\\JobBoard\\Models\\Account',0,0,0,'-37.81411','144.96328',0,0,1,1,'published','approved','2023-02-09 19:44:20','2023-02-20 00:01:49',NULL,NULL,NULL),(44,'Senior Director, Global Sales Development','Iste illum nobis ut non excepturi saepe repellendus. Quasi distinctio ipsum officia non. Non magnam et voluptatem illo voluptatem unde.','<h5>Responsibilities</h5>\n                <div>\n                    <p>As a Product Designer, you will work within a Product Delivery Team fused with UX, engineering, product and data talent.</p>\n                    <ul>\n                        <li>Have sound knowledge of commercial activities.</li>\n                        <li>Build next-generation web applications with a focus on the client side</li>\n                        <li>Work on multiple projects at once, and consistently meet draft deadlines</li>\n                        <li>have already graduated or are currently in any year of study</li>\n                        <li>Revise the work of previous designers to create a unified aesthetic for our brand materials</li>\n                    </ul>\n                </div>\n                <h5>Qualification </h5>\n                <div>\n                    <ul>\n                        <li>B.C.A / M.C.A under National University course complete.</li>\n                        <li>3 or more years of professional design experience</li>\n                        <li>have already graduated or are currently in any year of study</li>\n                        <li>Advanced degree or equivalent experience in graphic and web design</li>\n                    </ul>\n                </div>',NULL,18,NULL,3,3,3,0,4,800.00,2400.00,'hourly',0,1,2,2,65,0,10,'2023-04-15',1,'Botble\\JobBoard\\Models\\Account',0,0,0,'10.823','106.633',0,0,1,1,'published','approved','2023-01-21 07:02:59','2023-02-20 00:01:49',NULL,NULL,NULL),(45,'Partner Program Manager','Eos et rerum aut dolorem dolores sequi magni. Dolorem veritatis ullam in. Velit quibusdam nostrum nulla ad. Unde officiis quia id in cumque.','<h5>Responsibilities</h5>\n                <div>\n                    <p>As a Product Designer, you will work within a Product Delivery Team fused with UX, engineering, product and data talent.</p>\n                    <ul>\n                        <li>Have sound knowledge of commercial activities.</li>\n                        <li>Build next-generation web applications with a focus on the client side</li>\n                        <li>Work on multiple projects at once, and consistently meet draft deadlines</li>\n                        <li>have already graduated or are currently in any year of study</li>\n                        <li>Revise the work of previous designers to create a unified aesthetic for our brand materials</li>\n                    </ul>\n                </div>\n                <h5>Qualification </h5>\n                <div>\n                    <ul>\n                        <li>B.C.A / M.C.A under National University course complete.</li>\n                        <li>3 or more years of professional design experience</li>\n                        <li>have already graduated or are currently in any year of study</li>\n                        <li>Advanced degree or equivalent experience in graphic and web design</li>\n                    </ul>\n                </div>',NULL,9,NULL,2,2,2,0,2,1200.00,2900.00,'yearly',1,1,4,1,112,0,8,'2023-03-27',1,'Botble\\JobBoard\\Models\\Account',0,0,0,'10.823','106.633',0,0,0,1,'published','approved','2023-01-31 20:45:35','2023-02-20 00:01:49',NULL,NULL,NULL),(46,'Principal Cloud Solutions Engineer','Consequatur ex in vitae nobis enim laborum. Unde sed sapiente autem distinctio ea repellat. In nam minima alias. Quia voluptatem quo eos pariatur nesciunt explicabo.','<h5>Responsibilities</h5>\n                <div>\n                    <p>As a Product Designer, you will work within a Product Delivery Team fused with UX, engineering, product and data talent.</p>\n                    <ul>\n                        <li>Have sound knowledge of commercial activities.</li>\n                        <li>Build next-generation web applications with a focus on the client side</li>\n                        <li>Work on multiple projects at once, and consistently meet draft deadlines</li>\n                        <li>have already graduated or are currently in any year of study</li>\n                        <li>Revise the work of previous designers to create a unified aesthetic for our brand materials</li>\n                    </ul>\n                </div>\n                <h5>Qualification </h5>\n                <div>\n                    <ul>\n                        <li>B.C.A / M.C.A under National University course complete.</li>\n                        <li>3 or more years of professional design experience</li>\n                        <li>have already graduated or are currently in any year of study</li>\n                        <li>Advanced degree or equivalent experience in graphic and web design</li>\n                    </ul>\n                </div>',NULL,2,NULL,4,4,4,0,4,1000.00,2500.00,'hourly',0,8,1,3,98,0,10,'2023-04-18',1,'Botble\\JobBoard\\Models\\Account',0,0,0,'40.7128','-74.0060',0,0,0,0,'published','approved','2023-01-18 01:59:56','2023-02-20 00:01:49',NULL,NULL,NULL),(47,'Senior Cloud Solutions Engineer','Minima provident iure et sequi. Molestiae saepe qui et et eos iusto. Officia explicabo aut minima nobis et velit voluptatibus. Quia aut blanditiis omnis.','<h5>Responsibilities</h5>\n                <div>\n                    <p>As a Product Designer, you will work within a Product Delivery Team fused with UX, engineering, product and data talent.</p>\n                    <ul>\n                        <li>Have sound knowledge of commercial activities.</li>\n                        <li>Build next-generation web applications with a focus on the client side</li>\n                        <li>Work on multiple projects at once, and consistently meet draft deadlines</li>\n                        <li>have already graduated or are currently in any year of study</li>\n                        <li>Revise the work of previous designers to create a unified aesthetic for our brand materials</li>\n                    </ul>\n                </div>\n                <h5>Qualification </h5>\n                <div>\n                    <ul>\n                        <li>B.C.A / M.C.A under National University course complete.</li>\n                        <li>3 or more years of professional design experience</li>\n                        <li>have already graduated or are currently in any year of study</li>\n                        <li>Advanced degree or equivalent experience in graphic and web design</li>\n                    </ul>\n                </div>',NULL,15,NULL,5,5,5,0,4,700.00,2400.00,'monthly',1,7,4,2,83,0,3,'2023-04-09',1,'Botble\\JobBoard\\Models\\Account',0,0,0,'10.823','106.633',0,0,0,1,'published','approved','2023-02-09 17:25:08','2023-02-20 00:01:49',NULL,NULL,NULL),(48,'Senior Customer Success Manager','Et est dolorum dolores et. Repudiandae sint facere veritatis voluptatum sit laboriosam. Labore molestiae temporibus suscipit eaque qui debitis deserunt. Id sit enim laboriosam.','<h5>Responsibilities</h5>\n                <div>\n                    <p>As a Product Designer, you will work within a Product Delivery Team fused with UX, engineering, product and data talent.</p>\n                    <ul>\n                        <li>Have sound knowledge of commercial activities.</li>\n                        <li>Build next-generation web applications with a focus on the client side</li>\n                        <li>Work on multiple projects at once, and consistently meet draft deadlines</li>\n                        <li>have already graduated or are currently in any year of study</li>\n                        <li>Revise the work of previous designers to create a unified aesthetic for our brand materials</li>\n                    </ul>\n                </div>\n                <h5>Qualification </h5>\n                <div>\n                    <ul>\n                        <li>B.C.A / M.C.A under National University course complete.</li>\n                        <li>3 or more years of professional design experience</li>\n                        <li>have already graduated or are currently in any year of study</li>\n                        <li>Advanced degree or equivalent experience in graphic and web design</li>\n                    </ul>\n                </div>',NULL,5,NULL,2,2,2,0,4,500.00,2500.00,'weekly',0,1,2,2,94,0,9,'2023-03-05',1,'Botble\\JobBoard\\Models\\Account',0,0,0,'10.848','106.638',0,0,0,1,'published','approved','2023-02-09 08:22:04','2023-02-20 00:01:49',NULL,NULL,NULL),(49,'Inside Account Manager','Ullam dolores fuga et enim dolores et possimus. In impedit id tempore voluptatum. Dolorem impedit commodi nulla vitae doloremque et. Consequatur atque expedita modi ab atque expedita et perferendis.','<h5>Responsibilities</h5>\n                <div>\n                    <p>As a Product Designer, you will work within a Product Delivery Team fused with UX, engineering, product and data talent.</p>\n                    <ul>\n                        <li>Have sound knowledge of commercial activities.</li>\n                        <li>Build next-generation web applications with a focus on the client side</li>\n                        <li>Work on multiple projects at once, and consistently meet draft deadlines</li>\n                        <li>have already graduated or are currently in any year of study</li>\n                        <li>Revise the work of previous designers to create a unified aesthetic for our brand materials</li>\n                    </ul>\n                </div>\n                <h5>Qualification </h5>\n                <div>\n                    <ul>\n                        <li>B.C.A / M.C.A under National University course complete.</li>\n                        <li>3 or more years of professional design experience</li>\n                        <li>have already graduated or are currently in any year of study</li>\n                        <li>Advanced degree or equivalent experience in graphic and web design</li>\n                    </ul>\n                </div>',NULL,19,NULL,2,2,2,0,1,900.00,3000.00,'weekly',1,4,3,4,42,0,6,'2023-03-23',1,'Botble\\JobBoard\\Models\\Account',0,0,0,'10.823','106.633',0,0,0,0,'published','approved','2023-01-11 08:55:36','2023-02-20 00:01:49',NULL,NULL,NULL),(50,'UX Jobs Board','Nisi sunt quis labore enim. Rerum est dolores et temporibus esse. Quo voluptatem quo quia minima nisi. Omnis aliquam iste id impedit error. Illum molestias esse nihil autem.','<h5>Responsibilities</h5>\n                <div>\n                    <p>As a Product Designer, you will work within a Product Delivery Team fused with UX, engineering, product and data talent.</p>\n                    <ul>\n                        <li>Have sound knowledge of commercial activities.</li>\n                        <li>Build next-generation web applications with a focus on the client side</li>\n                        <li>Work on multiple projects at once, and consistently meet draft deadlines</li>\n                        <li>have already graduated or are currently in any year of study</li>\n                        <li>Revise the work of previous designers to create a unified aesthetic for our brand materials</li>\n                    </ul>\n                </div>\n                <h5>Qualification </h5>\n                <div>\n                    <ul>\n                        <li>B.C.A / M.C.A under National University course complete.</li>\n                        <li>3 or more years of professional design experience</li>\n                        <li>have already graduated or are currently in any year of study</li>\n                        <li>Advanced degree or equivalent experience in graphic and web design</li>\n                    </ul>\n                </div>',NULL,17,NULL,1,1,1,0,3,1100.00,2400.00,'weekly',0,10,4,4,104,0,10,'2023-02-25',1,'Botble\\JobBoard\\Models\\Account',0,0,0,'10.823','106.633',0,0,1,1,'published','approved','2023-02-17 02:15:50','2023-02-20 00:01:49',NULL,NULL,NULL),(51,'Senior Laravel Developer (TALL Stack)','Doloribus qui quia consequatur quia. Dolore esse quae assumenda quis qui. Unde at at voluptatibus officia in. Repellat aut eligendi animi illum officia.','<h5>Responsibilities</h5>\n                <div>\n                    <p>As a Product Designer, you will work within a Product Delivery Team fused with UX, engineering, product and data talent.</p>\n                    <ul>\n                        <li>Have sound knowledge of commercial activities.</li>\n                        <li>Build next-generation web applications with a focus on the client side</li>\n                        <li>Work on multiple projects at once, and consistently meet draft deadlines</li>\n                        <li>have already graduated or are currently in any year of study</li>\n                        <li>Revise the work of previous designers to create a unified aesthetic for our brand materials</li>\n                    </ul>\n                </div>\n                <h5>Qualification </h5>\n                <div>\n                    <ul>\n                        <li>B.C.A / M.C.A under National University course complete.</li>\n                        <li>3 or more years of professional design experience</li>\n                        <li>have already graduated or are currently in any year of study</li>\n                        <li>Advanced degree or equivalent experience in graphic and web design</li>\n                    </ul>\n                </div>',NULL,16,NULL,3,3,3,0,2,1500.00,2900.00,'hourly',1,4,1,4,33,0,4,'2023-04-15',1,'Botble\\JobBoard\\Models\\Account',0,0,0,'10.823','106.633',0,0,0,1,'published','approved','2022-12-22 11:40:23','2023-02-20 00:01:49',NULL,NULL,NULL);

--
